{"id":32699,"date":"2024-06-10T09:22:50","date_gmt":"2024-06-10T07:22:50","guid":{"rendered":"https:\/\/www.formentera.es\/a-ilha\/webcams\/"},"modified":"2025-03-10T17:58:36","modified_gmt":"2025-03-10T16:58:36","slug":"webcams","status":"publish","type":"page","link":"https:\/\/www.formentera.es\/pt\/a-ilha\/webcams\/","title":{"rendered":"Webcams"},"content":{"rendered":"<div class=\"wpb-content-wrapper\"><p>[vc_row][vc_column][vc_custom_heading source=&#8221;post_title&#8221; font_container=&#8221;tag:h1|text_align:center|color:%232e3a6e&#8221; use_theme_fonts=&#8221;yes&#8221; css=&#8221;.vc_custom_1650438688747{padding-top: 40px !important;padding-bottom: 40px !important;}&#8221;][\/vc_column][\/vc_row][vc_row css=&#8221;.vc_custom_1718005420545{padding-top: 30px !important;padding-bottom: 30px !important;}&#8221;][vc_column width=&#8221;1\/4&#8243;][vc_column_text]<\/p>\n<h2>Es Cal\u00f3<\/h2>\n<p>Vista das cabanas dos pescadores na aldeia de Es Cal\u00f3. Daqui avistam-se as \u00e1guas azul-turquesa da ilha de Formentera.[\/vc_column_text][\/vc_column][vc_column width=&#8221;3\/4&#8243;][vc_raw_html]JTNDaWZyYW1lJTIwd2lkdGglM0QlMjI2NDAlMjIlMjBoZWlnaHQlM0QlMjI0ODAlMjIlMjBzcmMlM0QlMjJodHRwcyUzQSUyRiUyRnJ0c3AubWUlMkZlbWJlZCUyRjNpckZLZDJoJTJGJTIyJTIwZnJhbWVib3JkZXIlM0QlMjIwJTIyJTIwdGl0bGUlM0QlMjJFcyUyMENhbCVDMyVCMyUyMiUyMGFsbG93ZnVsbHNjcmVlbiUzRSUzQyUyRmlmcmFtZSUzRQ==[\/vc_raw_html][\/vc_column][\/vc_row][vc_row css=&#8221;.vc_custom_1718005420545{padding-top: 30px !important;padding-bottom: 30px !important;}&#8221;][vc_column width=&#8221;1\/4&#8243;][vc_column_text]<\/p>\n<h2>Sant Francesc<\/h2>\n<p>Vista de Sant Francesc Xavier, capital de Formentera e principal cidade da ilha. Aqui podemos ver a pra\u00e7a e a igreja paroquial.[\/vc_column_text][\/vc_column][vc_column width=&#8221;3\/4&#8243;][vc_raw_html]JTNDaWZyYW1lJTIwd2lkdGglM0QlMjI2NDAlMjIlMjBoZWlnaHQlM0QlMjI0ODAlMjIlMjBzcmMlM0QlMjJodHRwcyUzQSUyRiUyRnJ0c3AubWUlMkZlbWJlZCUyRmlTWlFCUlRyJTJGJTIyJTIwZnJhbWVib3JkZXIlM0QlMjIwJTIyJTIwdGl0bGUlM0QlMjJTYW50JTIwRnJhbmNlc2MlMjIlMjBhbGxvd2Z1bGxzY3JlZW4lM0UlM0MlMkZpZnJhbWUlM0UlMjA=[\/vc_raw_html][\/vc_column][\/vc_row][vc_row css=&#8221;.vc_custom_1718005420545{padding-top: 30px !important;padding-bottom: 30px !important;}&#8221;][vc_column width=&#8221;1\/4&#8243;][vc_column_text]<\/p>\n<h2>Estany des Peix<\/h2>\n<p>Vista da escola de vela em dire\u00e7\u00e3o \u00e0 Estany des Peix, uma pequena lagoa situada a oeste do porto de La Savina.[\/vc_column_text][\/vc_column][vc_column width=&#8221;3\/4&#8243;][vc_raw_html]JTNDaWZyYW1lJTIwd2lkdGglM0QlMjI2NDAlMjIlMjBoZWlnaHQlM0QlMjI0ODAlMjIlMjBzcmMlM0QlMjJodHRwcyUzQSUyRiUyRnJ0c3AubWUlMkZlbWJlZCUyRnlSc3M0NTM3JTJGJTIyJTIwZnJhbWVib3JkZXIlM0QlMjIwJTIyJTIwdGl0bGUlM0QlMjJFc3RhbnklMjIlMjBhbGxvd2Z1bGxzY3JlZW4lM0UlM0MlMkZpZnJhbWUlM0U=[\/vc_raw_html][\/vc_column][\/vc_row][vc_row disable_element=&#8221;yes&#8221; css=&#8221;.vc_custom_1729597824296{padding-top: 30px !important;padding-bottom: 30px !important;}&#8221;][vc_column width=&#8221;1\/4&#8243;][vc_column_text]<\/p>\n<h2>Faro de La Mola<\/h2>\n<p>Vista do farol de La Mola, situado \u00e0 beira de uma fal\u00e9sia a 120 metros acima do n\u00edvel do mar. A partir daqui, podem-se apreciar as vistas do farol e os amanheceres, que s\u00e3o muito recomend\u00e1veis.[\/vc_column_text][\/vc_column][vc_column width=&#8221;3\/4&#8243;][vc_raw_html]JTNDaWZyYW1lJTIwc3JjJTNEJTIyaHR0cHMlM0ElMkYlMkZ2LmFuZ2VsY2FtLmNvbSUyRmlmcmFtZSUzRnYlM0Qxbmw4NW9lbmwwJTI2YW1wJTNCYXV0b3BsYXklM0QwJTIyJTIwZnJhbWVib3JkZXIlM0QlMjIwJTIyJTIwd2Via2l0YWxsb3dmdWxsc2NyZWVuJTNEJTIydHJ1ZSUyMiUyMG1vemFsbG93ZnVsbHNjcmVlbiUzRCUyMnRydWUlMjIlMjBhbGxvd2Z1bGxzY3JlZW4lM0QlMjJ0cnVlJTIyJTNFJTNDJTJGaWZyYW1lJTNF[\/vc_raw_html][\/vc_column][\/vc_row]<\/p>\n<\/div>","protected":false},"excerpt":{"rendered":"<p>[vc_row][vc_column][vc_custom_heading source=&#8221;post_title&#8221; font_container=&#8221;tag:h1|text_align:center|color:%232e3a6e&#8221; use_theme_fonts=&#8221;yes&#8221; css=&#8221;.vc_custom_1650438688747{padding-top: 40px !important;padding-bottom: 40px !important;}&#8221;][\/vc_column][\/vc_row][vc_row css=&#8221;.vc_custom_1718005420545{padding-top: 30px !important;padding-bottom: 30px !important;}&#8221;][vc_column width=&#8221;1\/4&#8243;][vc_column_text] [&hellip;]<\/p>\n","protected":false},"author":1,"featured_media":0,"parent":31345,"menu_order":0,"comment_status":"closed","ping_status":"closed","template":"page-gen.php","meta":{"_acf_changed":false,"footnotes":""},"categories":[],"class_list":["post-32699","page","type-page","status-publish","hentry"],"acf":[],"yoast_head":"<!-- This site is optimized with the Yoast SEO plugin v25.5 - https:\/\/yoast.com\/wordpress\/plugins\/seo\/ -->\n<title>Webcams | Turismo de Formentera<\/title>\n<meta name=\"robots\" content=\"index, follow, max-snippet:-1, max-image-preview:large, max-video-preview:-1\" \/>\n<link rel=\"canonical\" href=\"https:\/\/www.formentera.es\/a-ilha\/webcams\/\" \/>\n<meta property=\"og:locale\" content=\"pt_PT\" \/>\n<meta property=\"og:type\" content=\"article\" \/>\n<meta property=\"og:title\" content=\"Webcams | Turismo de Formentera\" \/>\n<meta property=\"og:description\" content=\"[vc_row][vc_column][vc_custom_heading source=&#8221;post_title&#8221; font_container=&#8221;tag:h1|text_align:center|color:%232e3a6e&#8221; use_theme_fonts=&#8221;yes&#8221; css=&#8221;.vc_custom_1650438688747{padding-top: 40px !important;padding-bottom: 40px !important;}&#8221;][\/vc_column][\/vc_row][vc_row css=&#8221;.vc_custom_1718005420545{padding-top: 30px !important;padding-bottom: 30px !important;}&#8221;][vc_column width=&#8221;1\/4&#8243;][vc_column_text] [&hellip;]\" \/>\n<meta property=\"og:url\" content=\"https:\/\/www.formentera.es\/a-ilha\/webcams\/\" \/>\n<meta property=\"og:site_name\" content=\"Turismo de Formentera\" \/>\n<meta property=\"article:publisher\" content=\"https:\/\/www.facebook.com\/turismoformentera\/\" \/>\n<meta property=\"article:modified_time\" content=\"2025-03-10T16:58:36+00:00\" \/>\n<meta name=\"twitter:card\" content=\"summary_large_image\" \/>\n<meta name=\"twitter:site\" content=\"@visitformentera\" \/>\n<meta name=\"twitter:label1\" content=\"Tempo estimado de leitura\" \/>\n\t<meta name=\"twitter:data1\" content=\"2 minutos\" \/>\n<script type=\"application\/ld+json\" class=\"yoast-schema-graph\">{\"@context\":\"https:\/\/schema.org\",\"@graph\":[{\"@type\":\"WebPage\",\"@id\":\"https:\/\/www.formentera.es\/a-ilha\/webcams\/\",\"url\":\"https:\/\/www.formentera.es\/a-ilha\/webcams\/\",\"name\":\"Webcams | Turismo de Formentera\",\"isPartOf\":{\"@id\":\"https:\/\/www.formentera.es\/#website\"},\"datePublished\":\"2024-06-10T07:22:50+00:00\",\"dateModified\":\"2025-03-10T16:58:36+00:00\",\"breadcrumb\":{\"@id\":\"https:\/\/www.formentera.es\/a-ilha\/webcams\/#breadcrumb\"},\"inLanguage\":\"pt-PT\",\"potentialAction\":[{\"@type\":\"ReadAction\",\"target\":[\"https:\/\/www.formentera.es\/a-ilha\/webcams\/\"]}]},{\"@type\":\"BreadcrumbList\",\"@id\":\"https:\/\/www.formentera.es\/a-ilha\/webcams\/#breadcrumb\",\"itemListElement\":[{\"@type\":\"ListItem\",\"position\":1,\"name\":\"Portada\",\"item\":\"https:\/\/www.formentera.es\/pt\/\"},{\"@type\":\"ListItem\",\"position\":2,\"name\":\"A ilha\",\"item\":\"https:\/\/www.formentera.es\/a-ilha\/\"},{\"@type\":\"ListItem\",\"position\":3,\"name\":\"Webcams\"}]},{\"@type\":\"WebSite\",\"@id\":\"https:\/\/www.formentera.es\/#website\",\"url\":\"https:\/\/www.formentera.es\/\",\"name\":\"Turismo de Formentera\",\"description\":\"Web oficial de Turismo de Formentera\",\"potentialAction\":[{\"@type\":\"SearchAction\",\"target\":{\"@type\":\"EntryPoint\",\"urlTemplate\":\"https:\/\/www.formentera.es\/?s={search_term_string}\"},\"query-input\":{\"@type\":\"PropertyValueSpecification\",\"valueRequired\":true,\"valueName\":\"search_term_string\"}}],\"inLanguage\":\"pt-PT\"}]}<\/script>\n<!-- \/ Yoast SEO plugin. -->","yoast_head_json":{"title":"Webcams | Turismo de Formentera","robots":{"index":"index","follow":"follow","max-snippet":"max-snippet:-1","max-image-preview":"max-image-preview:large","max-video-preview":"max-video-preview:-1"},"canonical":"https:\/\/www.formentera.es\/a-ilha\/webcams\/","og_locale":"pt_PT","og_type":"article","og_title":"Webcams | Turismo de Formentera","og_description":"[vc_row][vc_column][vc_custom_heading source=&#8221;post_title&#8221; font_container=&#8221;tag:h1|text_align:center|color:%232e3a6e&#8221; use_theme_fonts=&#8221;yes&#8221; css=&#8221;.vc_custom_1650438688747{padding-top: 40px !important;padding-bottom: 40px !important;}&#8221;][\/vc_column][\/vc_row][vc_row css=&#8221;.vc_custom_1718005420545{padding-top: 30px !important;padding-bottom: 30px !important;}&#8221;][vc_column width=&#8221;1\/4&#8243;][vc_column_text] [&hellip;]","og_url":"https:\/\/www.formentera.es\/a-ilha\/webcams\/","og_site_name":"Turismo de Formentera","article_publisher":"https:\/\/www.facebook.com\/turismoformentera\/","article_modified_time":"2025-03-10T16:58:36+00:00","twitter_card":"summary_large_image","twitter_site":"@visitformentera","twitter_misc":{"Tempo estimado de leitura":"2 minutos"},"schema":{"@context":"https:\/\/schema.org","@graph":[{"@type":"WebPage","@id":"https:\/\/www.formentera.es\/a-ilha\/webcams\/","url":"https:\/\/www.formentera.es\/a-ilha\/webcams\/","name":"Webcams | Turismo de Formentera","isPartOf":{"@id":"https:\/\/www.formentera.es\/#website"},"datePublished":"2024-06-10T07:22:50+00:00","dateModified":"2025-03-10T16:58:36+00:00","breadcrumb":{"@id":"https:\/\/www.formentera.es\/a-ilha\/webcams\/#breadcrumb"},"inLanguage":"pt-PT","potentialAction":[{"@type":"ReadAction","target":["https:\/\/www.formentera.es\/a-ilha\/webcams\/"]}]},{"@type":"BreadcrumbList","@id":"https:\/\/www.formentera.es\/a-ilha\/webcams\/#breadcrumb","itemListElement":[{"@type":"ListItem","position":1,"name":"Portada","item":"https:\/\/www.formentera.es\/pt\/"},{"@type":"ListItem","position":2,"name":"A ilha","item":"https:\/\/www.formentera.es\/a-ilha\/"},{"@type":"ListItem","position":3,"name":"Webcams"}]},{"@type":"WebSite","@id":"https:\/\/www.formentera.es\/#website","url":"https:\/\/www.formentera.es\/","name":"Turismo de Formentera","description":"Web oficial de Turismo de Formentera","potentialAction":[{"@type":"SearchAction","target":{"@type":"EntryPoint","urlTemplate":"https:\/\/www.formentera.es\/?s={search_term_string}"},"query-input":{"@type":"PropertyValueSpecification","valueRequired":true,"valueName":"search_term_string"}}],"inLanguage":"pt-PT"}]}},"_links":{"self":[{"href":"https:\/\/www.formentera.es\/pt\/wp-json\/wp\/v2\/pages\/32699","targetHints":{"allow":["GET"]}}],"collection":[{"href":"https:\/\/www.formentera.es\/pt\/wp-json\/wp\/v2\/pages"}],"about":[{"href":"https:\/\/www.formentera.es\/pt\/wp-json\/wp\/v2\/types\/page"}],"author":[{"embeddable":true,"href":"https:\/\/www.formentera.es\/pt\/wp-json\/wp\/v2\/users\/1"}],"replies":[{"embeddable":true,"href":"https:\/\/www.formentera.es\/pt\/wp-json\/wp\/v2\/comments?post=32699"}],"version-history":[{"count":0,"href":"https:\/\/www.formentera.es\/pt\/wp-json\/wp\/v2\/pages\/32699\/revisions"}],"up":[{"embeddable":true,"href":"https:\/\/www.formentera.es\/pt\/wp-json\/wp\/v2\/pages\/31345"}],"wp:attachment":[{"href":"https:\/\/www.formentera.es\/pt\/wp-json\/wp\/v2\/media?parent=32699"}],"wp:term":[{"taxonomy":"category","embeddable":true,"href":"https:\/\/www.formentera.es\/pt\/wp-json\/wp\/v2\/categories?post=32699"}],"curies":[{"name":"wp","href":"https:\/\/api.w.org\/{rel}","templated":true}]}}

<div class="wpb-content-wrapper"><p>[vc_row][vc_column][vc_custom_heading source=&#8221;post_title&#8221; font_container=&#8221;tag:h1|text_align:center|color:%232e3a6e&#8221; use_theme_fonts=&#8221;yes&#8221; css=&#8221;.vc_custom_1650438688747{padding-top: 40px !important;padding-bottom: 40px !important;}&#8221;][/vc_column][/vc_row][vc_row css=&#8221;.vc_custom_1718005420545{padding-top: 30px !important;padding-bottom: 30px !important;}&#8221;][vc_column width=&#8221;1/4&#8243;][vc_column_text]</p>
<h2>Es Caló</h2>
<p>Vista das cabanas dos pescadores na aldeia de Es Caló. Daqui avistam-se as águas azul-turquesa da ilha de Formentera.[/vc_column_text][/vc_column][vc_column width=&#8221;3/4&#8243;][vc_raw_html]JTNDaWZyYW1lJTIwd2lkdGglM0QlMjI2NDAlMjIlMjBoZWlnaHQlM0QlMjI0ODAlMjIlMjBzcmMlM0QlMjJodHRwcyUzQSUyRiUyRnJ0c3AubWUlMkZlbWJlZCUyRjNpckZLZDJoJTJGJTIyJTIwZnJhbWVib3JkZXIlM0QlMjIwJTIyJTIwdGl0bGUlM0QlMjJFcyUyMENhbCVDMyVCMyUyMiUyMGFsbG93ZnVsbHNjcmVlbiUzRSUzQyUyRmlmcmFtZSUzRQ==[/vc_raw_html][/vc_column][/vc_row][vc_row css=&#8221;.vc_custom_1718005420545{padding-top: 30px !important;padding-bottom: 30px !important;}&#8221;][vc_column width=&#8221;1/4&#8243;][vc_column_text]</p>
<h2>Sant Francesc</h2>
<p>Vista de Sant Francesc Xavier, capital de Formentera e principal cidade da ilha. Aqui podemos ver a praça e a igreja paroquial.[/vc_column_text][/vc_column][vc_column width=&#8221;3/4&#8243;][vc_raw_html]JTNDaWZyYW1lJTIwd2lkdGglM0QlMjI2NDAlMjIlMjBoZWlnaHQlM0QlMjI0ODAlMjIlMjBzcmMlM0QlMjJodHRwcyUzQSUyRiUyRnJ0c3AubWUlMkZlbWJlZCUyRmlTWlFCUlRyJTJGJTIyJTIwZnJhbWVib3JkZXIlM0QlMjIwJTIyJTIwdGl0bGUlM0QlMjJTYW50JTIwRnJhbmNlc2MlMjIlMjBhbGxvd2Z1bGxzY3JlZW4lM0UlM0MlMkZpZnJhbWUlM0UlMjA=[/vc_raw_html][/vc_column][/vc_row][vc_row css=&#8221;.vc_custom_1718005420545{padding-top: 30px !important;padding-bottom: 30px !important;}&#8221;][vc_column width=&#8221;1/4&#8243;][vc_column_text]</p>
<h2>Estany des Peix</h2>
<p>Vista da escola de vela em direção à Estany des Peix, uma pequena lagoa situada a oeste do porto de La Savina.[/vc_column_text][/vc_column][vc_column width=&#8221;3/4&#8243;][vc_raw_html]JTNDaWZyYW1lJTIwd2lkdGglM0QlMjI2NDAlMjIlMjBoZWlnaHQlM0QlMjI0ODAlMjIlMjBzcmMlM0QlMjJodHRwcyUzQSUyRiUyRnJ0c3AubWUlMkZlbWJlZCUyRnlSc3M0NTM3JTJGJTIyJTIwZnJhbWVib3JkZXIlM0QlMjIwJTIyJTIwdGl0bGUlM0QlMjJFc3RhbnklMjIlMjBhbGxvd2Z1bGxzY3JlZW4lM0UlM0MlMkZpZnJhbWUlM0U=[/vc_raw_html][/vc_column][/vc_row][vc_row disable_element=&#8221;yes&#8221; css=&#8221;.vc_custom_1729597824296{padding-top: 30px !important;padding-bottom: 30px !important;}&#8221;][vc_column width=&#8221;1/4&#8243;][vc_column_text]</p>
<h2>Faro de La Mola</h2>
<p>Vista do farol de La Mola, situado à beira de uma falésia a 120 metros acima do nível do mar. A partir daqui, podem-se apreciar as vistas do farol e os amanheceres, que são muito recomendáveis.[/vc_column_text][/vc_column][vc_column width=&#8221;3/4&#8243;][vc_raw_html]JTNDaWZyYW1lJTIwc3JjJTNEJTIyaHR0cHMlM0ElMkYlMkZ2LmFuZ2VsY2FtLmNvbSUyRmlmcmFtZSUzRnYlM0Qxbmw4NW9lbmwwJTI2YW1wJTNCYXV0b3BsYXklM0QwJTIyJTIwZnJhbWVib3JkZXIlM0QlMjIwJTIyJTIwd2Via2l0YWxsb3dmdWxsc2NyZWVuJTNEJTIydHJ1ZSUyMiUyMG1vemFsbG93ZnVsbHNjcmVlbiUzRCUyMnRydWUlMjIlMjBhbGxvd2Z1bGxzY3JlZW4lM0QlMjJ0cnVlJTIyJTNFJTNDJTJGaWZyYW1lJTNF[/vc_raw_html][/vc_column][/vc_row]</p>
</div>
