{"id":32163,"date":"2019-01-15T07:45:52","date_gmt":"2019-01-15T09:45:52","guid":{"rendered":"https:\/\/www.formentera.es\/eventos\/"},"modified":"2025-01-13T09:33:47","modified_gmt":"2025-01-13T08:33:47","slug":"eventos","status":"publish","type":"page","link":"https:\/\/www.formentera.es\/pt\/eventos\/","title":{"rendered":"Eventos"},"content":{"rendered":"<div class=\"wpb-content-wrapper\"><p>[vc_row full_width=&#8221;stretch_row_content_no_spaces&#8221; content_placement=&#8221;bottom&#8221; css=&#8221;.vc_custom_1548064335467{background-image: url(https:\/\/www.formentera.es\/wp-content\/uploads\/2019\/01\/32253793_951361058379432_1466042161131683840_o.jpg?id=1856) !important;background-position: center !important;background-repeat: no-repeat !important;background-size: cover !important;}&#8221; el_id=&#8221;top_categoria&#8221;][vc_column][vc_column_text]<\/p>\n<h1>Eventos em Formentera<\/h1>\n<p>Desporto, cinema, arte, m\u00fasica e muitos outros eventos re\u00fanem-se ao longo do ano no enclave perfeito que \u00e9 Formentera, gra\u00e7as ao seu bom clima e fisionomia. Nesta sec\u00e7\u00e3o pode encontrar alguns dos mais destacados, mas pode visitar o separador \u00abAgenda\u00bb para ficar a saber mais sobre todos eles.[\/vc_column_text][\/vc_column][\/vc_row][vc_row full_width=&#8221;stretch_row_content&#8221; equal_height=&#8221;yes&#8221; el_class=&#8221;filamap&#8221;][vc_column width=&#8221;1\/2&#8243;][vc_column_text el_class=&#8221;h1&#8243;]<\/p>\n<h2>Eventos<\/h2>\n<p>[\/vc_column_text][\/vc_column][vc_column width=&#8221;1\/2&#8243; css=&#8221;.vc_custom_1683537359552{padding-top: 25px !important;}&#8221; offset=&#8221;vc_hidden-lg vc_hidden-md vc_hidden-sm vc_hidden-xs&#8221;][vc_btn title=&#8221;Descarga todos los eventos 2022&#8243; style=&#8221;flat&#8221; shape=&#8221;square&#8221; color=&#8221;white&#8221; size=&#8221;lg&#8221; align=&#8221;right&#8221; i_align=&#8221;right&#8221; i_icon_fontawesome=&#8221;fa fa-file-pdf-o&#8221; add_icon=&#8221;true&#8221; link=&#8221;url:https%3A%2F%2Fwww.formentera.es%2Fwp-content%2Fuploads%2F2022%2F03%2Fcalendari2022_esp.pdf||target:%20_blank|&#8221; el_class=&#8221;btn_mapa btn_descarga&#8221;][\/vc_column][\/vc_row][vc_row full_width=&#8221;stretch_row_content&#8221;][vc_column][vc_basic_grid post_type=&#8221;post&#8221; max_items=&#8221;-1&#8243; order=&#8221;ASC&#8221; item=&#8221;1524&#8243; grid_id=&#8221;vc_gid:1736757203446-79b00839-b898-8&#8243; taxonomies=&#8221;17&#8243;][\/vc_column][\/vc_row]<\/p>\n<\/div>","protected":false},"excerpt":{"rendered":"<p>[vc_row full_width=&#8221;stretch_row_content_no_spaces&#8221; content_placement=&#8221;bottom&#8221; css=&#8221;.vc_custom_1548064335467{background-image: url(https:\/\/www.formentera.es\/wp-content\/uploads\/2019\/01\/32253793_951361058379432_1466042161131683840_o.jpg?id=1856) !important;background-position: center !important;background-repeat: no-repeat !important;background-size: cover !important;}&#8221; el_id=&#8221;top_categoria&#8221;][vc_column][vc_column_text] Eventos em [&hellip;]<\/p>\n","protected":false},"author":1,"featured_media":0,"parent":0,"menu_order":0,"comment_status":"closed","ping_status":"closed","template":"","meta":{"_acf_changed":false,"footnotes":""},"categories":[],"class_list":["post-32163","page","type-page","status-publish","hentry"],"acf":[],"yoast_head":"<!-- This site is optimized with the Yoast SEO plugin v25.5 - https:\/\/yoast.com\/wordpress\/plugins\/seo\/ -->\n<title>Eventos que se celebran en Formentera | Turismo de Formentera<\/title>\n<meta name=\"description\" content=\"Deportes, cine, arte, m\u00fasica y muchos m\u00e1s eventos se dan cita a lo largo del a\u00f1o en el enclave perfecto que supone Formentera\" \/>\n<meta name=\"robots\" content=\"index, follow, max-snippet:-1, max-image-preview:large, max-video-preview:-1\" \/>\n<link rel=\"canonical\" href=\"https:\/\/www.formentera.es\/pt\/eventos\/\" \/>\n<meta property=\"og:locale\" content=\"pt_PT\" \/>\n<meta property=\"og:type\" content=\"article\" \/>\n<meta property=\"og:title\" content=\"Eventos que se celebran en Formentera | Turismo de Formentera\" \/>\n<meta property=\"og:description\" content=\"Deportes, cine, arte, m\u00fasica y muchos m\u00e1s eventos se dan cita a lo largo del a\u00f1o en el enclave perfecto que supone Formentera\" \/>\n<meta property=\"og:url\" content=\"https:\/\/www.formentera.es\/pt\/eventos\/\" \/>\n<meta property=\"og:site_name\" content=\"Turismo de Formentera\" \/>\n<meta property=\"article:publisher\" content=\"https:\/\/www.facebook.com\/turismoformentera\/\" \/>\n<meta property=\"article:modified_time\" content=\"2025-01-13T08:33:47+00:00\" \/>\n<meta name=\"twitter:card\" content=\"summary_large_image\" \/>\n<meta name=\"twitter:site\" content=\"@visitformentera\" \/>\n<meta name=\"twitter:label1\" content=\"Tempo estimado de leitura\" \/>\n\t<meta name=\"twitter:data1\" content=\"1 minuto\" \/>\n<script type=\"application\/ld+json\" class=\"yoast-schema-graph\">{\"@context\":\"https:\/\/schema.org\",\"@graph\":[{\"@type\":\"WebPage\",\"@id\":\"https:\/\/www.formentera.es\/pt\/eventos\/\",\"url\":\"https:\/\/www.formentera.es\/pt\/eventos\/\",\"name\":\"Eventos que se celebran en Formentera | Turismo de Formentera\",\"isPartOf\":{\"@id\":\"https:\/\/www.formentera.es\/#website\"},\"datePublished\":\"2019-01-15T09:45:52+00:00\",\"dateModified\":\"2025-01-13T08:33:47+00:00\",\"description\":\"Deportes, cine, arte, m\u00fasica y muchos m\u00e1s eventos se dan cita a lo largo del a\u00f1o en el enclave perfecto que supone Formentera\",\"breadcrumb\":{\"@id\":\"https:\/\/www.formentera.es\/pt\/eventos\/#breadcrumb\"},\"inLanguage\":\"pt-PT\",\"potentialAction\":[{\"@type\":\"ReadAction\",\"target\":[\"https:\/\/www.formentera.es\/pt\/eventos\/\"]}]},{\"@type\":\"BreadcrumbList\",\"@id\":\"https:\/\/www.formentera.es\/pt\/eventos\/#breadcrumb\",\"itemListElement\":[{\"@type\":\"ListItem\",\"position\":1,\"name\":\"Portada\",\"item\":\"https:\/\/www.formentera.es\/pt\/\"},{\"@type\":\"ListItem\",\"position\":2,\"name\":\"Eventos\"}]},{\"@type\":\"WebSite\",\"@id\":\"https:\/\/www.formentera.es\/#website\",\"url\":\"https:\/\/www.formentera.es\/\",\"name\":\"Turismo de Formentera\",\"description\":\"Web oficial de Turismo de Formentera\",\"potentialAction\":[{\"@type\":\"SearchAction\",\"target\":{\"@type\":\"EntryPoint\",\"urlTemplate\":\"https:\/\/www.formentera.es\/?s={search_term_string}\"},\"query-input\":{\"@type\":\"PropertyValueSpecification\",\"valueRequired\":true,\"valueName\":\"search_term_string\"}}],\"inLanguage\":\"pt-PT\"}]}<\/script>\n<!-- \/ Yoast SEO plugin. -->","yoast_head_json":{"title":"Eventos que se celebran en Formentera | Turismo de Formentera","description":"Deportes, cine, arte, m\u00fasica y muchos m\u00e1s eventos se dan cita a lo largo del a\u00f1o en el enclave perfecto que supone Formentera","robots":{"index":"index","follow":"follow","max-snippet":"max-snippet:-1","max-image-preview":"max-image-preview:large","max-video-preview":"max-video-preview:-1"},"canonical":"https:\/\/www.formentera.es\/pt\/eventos\/","og_locale":"pt_PT","og_type":"article","og_title":"Eventos que se celebran en Formentera | Turismo de Formentera","og_description":"Deportes, cine, arte, m\u00fasica y muchos m\u00e1s eventos se dan cita a lo largo del a\u00f1o en el enclave perfecto que supone Formentera","og_url":"https:\/\/www.formentera.es\/pt\/eventos\/","og_site_name":"Turismo de Formentera","article_publisher":"https:\/\/www.facebook.com\/turismoformentera\/","article_modified_time":"2025-01-13T08:33:47+00:00","twitter_card":"summary_large_image","twitter_site":"@visitformentera","twitter_misc":{"Tempo estimado de leitura":"1 minuto"},"schema":{"@context":"https:\/\/schema.org","@graph":[{"@type":"WebPage","@id":"https:\/\/www.formentera.es\/pt\/eventos\/","url":"https:\/\/www.formentera.es\/pt\/eventos\/","name":"Eventos que se celebran en Formentera | Turismo de Formentera","isPartOf":{"@id":"https:\/\/www.formentera.es\/#website"},"datePublished":"2019-01-15T09:45:52+00:00","dateModified":"2025-01-13T08:33:47+00:00","description":"Deportes, cine, arte, m\u00fasica y muchos m\u00e1s eventos se dan cita a lo largo del a\u00f1o en el enclave perfecto que supone Formentera","breadcrumb":{"@id":"https:\/\/www.formentera.es\/pt\/eventos\/#breadcrumb"},"inLanguage":"pt-PT","potentialAction":[{"@type":"ReadAction","target":["https:\/\/www.formentera.es\/pt\/eventos\/"]}]},{"@type":"BreadcrumbList","@id":"https:\/\/www.formentera.es\/pt\/eventos\/#breadcrumb","itemListElement":[{"@type":"ListItem","position":1,"name":"Portada","item":"https:\/\/www.formentera.es\/pt\/"},{"@type":"ListItem","position":2,"name":"Eventos"}]},{"@type":"WebSite","@id":"https:\/\/www.formentera.es\/#website","url":"https:\/\/www.formentera.es\/","name":"Turismo de Formentera","description":"Web oficial de Turismo de Formentera","potentialAction":[{"@type":"SearchAction","target":{"@type":"EntryPoint","urlTemplate":"https:\/\/www.formentera.es\/?s={search_term_string}"},"query-input":{"@type":"PropertyValueSpecification","valueRequired":true,"valueName":"search_term_string"}}],"inLanguage":"pt-PT"}]}},"_links":{"self":[{"href":"https:\/\/www.formentera.es\/pt\/wp-json\/wp\/v2\/pages\/32163","targetHints":{"allow":["GET"]}}],"collection":[{"href":"https:\/\/www.formentera.es\/pt\/wp-json\/wp\/v2\/pages"}],"about":[{"href":"https:\/\/www.formentera.es\/pt\/wp-json\/wp\/v2\/types\/page"}],"author":[{"embeddable":true,"href":"https:\/\/www.formentera.es\/pt\/wp-json\/wp\/v2\/users\/1"}],"replies":[{"embeddable":true,"href":"https:\/\/www.formentera.es\/pt\/wp-json\/wp\/v2\/comments?post=32163"}],"version-history":[{"count":0,"href":"https:\/\/www.formentera.es\/pt\/wp-json\/wp\/v2\/pages\/32163\/revisions"}],"wp:attachment":[{"href":"https:\/\/www.formentera.es\/pt\/wp-json\/wp\/v2\/media?parent=32163"}],"wp:term":[{"taxonomy":"category","embeddable":true,"href":"https:\/\/www.formentera.es\/pt\/wp-json\/wp\/v2\/categories?post=32163"}],"curies":[{"name":"wp","href":"https:\/\/api.w.org\/{rel}","templated":true}]}}

<div class="wpb-content-wrapper"><p>[vc_row full_width=&#8221;stretch_row_content_no_spaces&#8221; content_placement=&#8221;bottom&#8221; css=&#8221;.vc_custom_1548064335467{background-image: url(https://www.formentera.es/wp-content/uploads/2019/01/32253793_951361058379432_1466042161131683840_o.jpg?id=1856) !important;background-position: center !important;background-repeat: no-repeat !important;background-size: cover !important;}&#8221; el_id=&#8221;top_categoria&#8221;][vc_column][vc_column_text]</p>
<h1>Eventos em Formentera</h1>
<p>Desporto, cinema, arte, música e muitos outros eventos reúnem-se ao longo do ano no enclave perfeito que é Formentera, graças ao seu bom clima e fisionomia. Nesta secção pode encontrar alguns dos mais destacados, mas pode visitar o separador «Agenda» para ficar a saber mais sobre todos eles.[/vc_column_text][/vc_column][/vc_row][vc_row full_width=&#8221;stretch_row_content&#8221; equal_height=&#8221;yes&#8221; el_class=&#8221;filamap&#8221;][vc_column width=&#8221;1/2&#8243;][vc_column_text el_class=&#8221;h1&#8243;]</p>
<h2>Eventos</h2>
<p>[/vc_column_text][/vc_column][vc_column width=&#8221;1/2&#8243; css=&#8221;.vc_custom_1683537359552{padding-top: 25px !important;}&#8221; offset=&#8221;vc_hidden-lg vc_hidden-md vc_hidden-sm vc_hidden-xs&#8221;][vc_btn title=&#8221;Descarga todos los eventos 2022&#8243; style=&#8221;flat&#8221; shape=&#8221;square&#8221; color=&#8221;white&#8221; size=&#8221;lg&#8221; align=&#8221;right&#8221; i_align=&#8221;right&#8221; i_icon_fontawesome=&#8221;fa fa-file-pdf-o&#8221; add_icon=&#8221;true&#8221; link=&#8221;url:https%3A%2F%2Fwww.formentera.es%2Fwp-content%2Fuploads%2F2022%2F03%2Fcalendari2022_esp.pdf||target:%20_blank|&#8221; el_class=&#8221;btn_mapa btn_descarga&#8221;][/vc_column][/vc_row][vc_row full_width=&#8221;stretch_row_content&#8221;][vc_column][vc_basic_grid post_type=&#8221;post&#8221; max_items=&#8221;-1&#8243; order=&#8221;ASC&#8221; item=&#8221;1524&#8243; grid_id=&#8221;vc_gid:1736757203446-79b00839-b898-8&#8243; taxonomies=&#8221;17&#8243;][/vc_column][/vc_row]</p>
</div>

<!-- This site is optimized with the Yoast SEO plugin v25.5 - https://yoast.com/wordpress/plugins/seo/ -->
<title>Eventos que se celebran en Formentera | Turismo de Formentera</title>
<meta name="description" content="Deportes, cine, arte, música y muchos más eventos se dan cita a lo largo del año en el enclave perfecto que supone Formentera" />
<meta name="robots" content="index, follow, max-snippet:-1, max-image-preview:large, max-video-preview:-1" />
<link rel="canonical" href="https://www.formentera.es/pt/eventos/" />
<meta property="og:locale" content="pt_PT" />
<meta property="og:type" content="article" />
<meta property="og:title" content="Eventos que se celebran en Formentera | Turismo de Formentera" />
<meta property="og:description" content="Deportes, cine, arte, música y muchos más eventos se dan cita a lo largo del año en el enclave perfecto que supone Formentera" />
<meta property="og:url" content="https://www.formentera.es/pt/eventos/" />
<meta property="og:site_name" content="Turismo de Formentera" />
<meta property="article:publisher" content="https://www.facebook.com/turismoformentera/" />
<meta property="article:modified_time" content="2025-01-13T08:33:47+00:00" />
<meta name="twitter:card" content="summary_large_image" />
<meta name="twitter:site" content="@visitformentera" />
<meta name="twitter:label1" content="Tempo estimado de leitura" />
	<meta name="twitter:data1" content="1 minuto" />
<script type="application/ld+json" class="yoast-schema-graph">{"@context":"https://schema.org","@graph":[{"@type":"WebPage","@id":"https://www.formentera.es/pt/eventos/","url":"https://www.formentera.es/pt/eventos/","name":"Eventos que se celebran en Formentera | Turismo de Formentera","isPartOf":{"@id":"https://www.formentera.es/#website"},"datePublished":"2019-01-15T09:45:52+00:00","dateModified":"2025-01-13T08:33:47+00:00","description":"Deportes, cine, arte, música y muchos más eventos se dan cita a lo largo del año en el enclave perfecto que supone Formentera","breadcrumb":{"@id":"https://www.formentera.es/pt/eventos/#breadcrumb"},"inLanguage":"pt-PT","potentialAction":[{"@type":"ReadAction","target":["https://www.formentera.es/pt/eventos/"]}]},{"@type":"BreadcrumbList","@id":"https://www.formentera.es/pt/eventos/#breadcrumb","itemListElement":[{"@type":"ListItem","position":1,"name":"Portada","item":"https://www.formentera.es/pt/"},{"@type":"ListItem","position":2,"name":"Eventos"}]},{"@type":"WebSite","@id":"https://www.formentera.es/#website","url":"https://www.formentera.es/","name":"Turismo de Formentera","description":"Web oficial de Turismo de Formentera","potentialAction":[{"@type":"SearchAction","target":{"@type":"EntryPoint","urlTemplate":"https://www.formentera.es/?s={search_term_string}"},"query-input":{"@type":"PropertyValueSpecification","valueRequired":true,"valueName":"search_term_string"}}],"inLanguage":"pt-PT"}]}</script>
<!-- / Yoast SEO plugin. -->

Deportes, cine, arte, música y muchos más eventos se dan cita a lo largo del año en el enclave perfecto que supone Formentera
