{"id":6272,"date":"2018-12-12T07:34:30","date_gmt":"2018-12-12T09:34:30","guid":{"rendered":"https:\/\/www.formentera.es\/lisola\/flora-y-fauna\/"},"modified":"2025-09-04T12:24:16","modified_gmt":"2025-09-04T10:24:16","slug":"flora-e-fauna","status":"publish","type":"page","link":"https:\/\/www.formentera.es\/it\/lisola\/flora-e-fauna\/","title":{"rendered":"Flora e fauna"},"content":{"rendered":"<div class=\"wpb-content-wrapper\"><p>[vc_row full_width=&#8221;stretch_row_content_no_spaces&#8221; equal_height=&#8221;yes&#8221; content_placement=&#8221;bottom&#8221; css=&#8221;.vc_custom_1546502656253{background-image: url(https:\/\/www.formentera.es\/wp-content\/uploads\/2019\/01\/florayfaunaformentera_header.jpg?id=1689) !important;background-position: center !important;background-repeat: no-repeat !important;background-size: cover !important;}&#8221; el_id=&#8221;top_categoria&#8221; el_class=&#8221;categoria2&#8243;][vc_column width=&#8221;1\/2&#8243; css=&#8221;.vc_custom_1546502335334{background-position: center !important;background-repeat: no-repeat !important;background-size: cover !important;}&#8221;][vc_column_text]<\/p>\n<h1>Flora e fauna di Formentera<\/h1>\n<p>[\/vc_column_text][\/vc_column][vc_column width=&#8221;1\/2&#8243; css=&#8221;.vc_custom_1756981455121{background-color: #30A8A2 !important;}&#8221;][vc_column_text]I numerosi visitatori della piccola isola di Formentera vengono soprattutto attratti dagli incantevoli paesaggi mediterranei che si possono ammirare, e visitare il <strong>Parc Natural de Ses Salines d\u2019Eivissa i Formentera<\/strong> \u00e8 sicuramente il modo migliore per scoprire la variegata fauna e flora tipica dell\u2019arcipelago delle Pitiuse.<\/p>\n<p>Il paesaggio forestale \u00e8 caratterizzato da pini e ginepri, mentre le spiagge e gli stagni della costa mostrano un ambiente di dune e arbusti. E sotto il mare troviamo uno dei protagonisti chiave di questo ecosistema: la <strong>Posidonia<\/strong>, una pianta marina che rende quest&#8217;isola assolutamente unica.<\/p>\n<p>Anche la fauna dell&#8217;isola \u00e8 molto varia, con oltre 210 specie di uccelli censiti che hanno trovato qui un\u2019area favorevole per nidificare, in modo permanente o come tappa dei loro lunghi viaggi migratori. Anche le coloratissime lucertole autoctone sono uno degli animali pi\u00f9 emblematici dell&#8217;isola, facilmente avvistabili prendendo il sole in qualsiasi punto dell&#8217;isola.<\/p>\n<p>Insomma, Formentera e il parco naturale, in particolare, rappresentano un\u2019occasione imperdibile per chi vuole conoscere il Mediterraneo e la sua straordinaria biodiversit\u00e0.[\/vc_column_text][\/vc_column][\/vc_row][vc_row full_width=&#8221;stretch_row_content&#8221; equal_height=&#8221;yes&#8221;][vc_column][vc_column_text el_class=&#8221;h1&#8243;]<\/p>\n<h2>Flora e fauna. Parco Naturale<\/h2>\n<p>[\/vc_column_text][\/vc_column][\/vc_row][vc_row full_width=&#8221;stretch_row_content&#8221;][vc_column][vc_basic_grid post_type=&#8221;custom&#8221; item=&#8221;60&#8243; grid_id=&#8221;vc_gid:1756981438000-3d8514f7-582f-5&#8243; custom_query=&#8221;post_type=page&amp;post_parent=1331&amp;orderby=rand&#8221;][\/vc_column][\/vc_row][vc_row full_width=&#8221;stretch_row_content&#8221; css=&#8221;.vc_custom_1548954435133{padding-top: 80px !important;}&#8221; el_class=&#8221;bloque_maseventos&#8221;][vc_column][vc_column_text el_class=&#8221;h1&#8243;]<\/p>\n<h2>Eventi a Formentera<\/h2>\n<p>[\/vc_column_text][vc_basic_grid post_type=&#8221;post&#8221; max_items=&#8221;2&#8243; element_width=&#8221;6&#8243; orderby=&#8221;rand&#8221; item=&#8221;1532&#8243; grid_id=&#8221;vc_gid:1756981438000-33b71cf3-12a8-9&#8243; taxonomies=&#8221;17&#8243;][vc_btn title=&#8221;Pi\u00f9 eventi&#8221; style=&#8221;flat&#8221; shape=&#8221;square&#8221; color=&#8221;white&#8221; size=&#8221;lg&#8221; align=&#8221;center&#8221; i_align=&#8221;right&#8221; i_type=&#8221;entypo&#8221; i_icon_entypo=&#8221;entypo-icon entypo-icon-right-open-big&#8221; add_icon=&#8221;true&#8221; el_class=&#8221;btn_more&#8221; link=&#8221;url:https%3A%2F%2Fwww.formentera.es%2Fit%2Feventi%2F|||&#8221;][\/vc_column][\/vc_row]<\/p>\n<\/div>","protected":false},"excerpt":{"rendered":"<p>[vc_row full_width=&#8221;stretch_row_content_no_spaces&#8221; equal_height=&#8221;yes&#8221; content_placement=&#8221;bottom&#8221; css=&#8221;.vc_custom_1546502656253{background-image: url(https:\/\/www.formentera.es\/wp-content\/uploads\/2019\/01\/florayfaunaformentera_header.jpg?id=1689) !important;background-position: center !important;background-repeat: no-repeat !important;background-size: cover !important;}&#8221; el_id=&#8221;top_categoria&#8221; el_class=&#8221;categoria2&#8243;][vc_column [&hellip;]<\/p>\n","protected":false},"author":1,"featured_media":6274,"parent":6106,"menu_order":0,"comment_status":"closed","ping_status":"closed","template":"","meta":{"_acf_changed":false,"footnotes":""},"categories":[],"class_list":["post-6272","page","type-page","status-publish","hentry"],"acf":[],"yoast_head":"<!-- This site is optimized with the Yoast SEO plugin v25.5 - https:\/\/yoast.com\/wordpress\/plugins\/seo\/ -->\n<title>La flora y fauna de Formentera | Turismo de Formentera<\/title>\n<meta name=\"description\" content=\"Descubre la flora y fauna aut\u00f3ctona de Formentera. Uuna visita \u00fanica para aquellos que quieran conocer el Mediterr\u00e1neo y su amplia biodiversidad.\" \/>\n<meta name=\"robots\" content=\"index, follow, max-snippet:-1, max-image-preview:large, max-video-preview:-1\" \/>\n<link rel=\"canonical\" href=\"https:\/\/www.formentera.es\/it\/lisola\/flora-e-fauna\/\" \/>\n<meta property=\"og:locale\" content=\"it_IT\" \/>\n<meta property=\"og:type\" content=\"article\" \/>\n<meta property=\"og:title\" content=\"La flora y fauna de Formentera | Turismo de Formentera\" \/>\n<meta property=\"og:description\" content=\"Descubre la flora y fauna aut\u00f3ctona de Formentera. Uuna visita \u00fanica para aquellos que quieran conocer el Mediterr\u00e1neo y su amplia biodiversidad.\" \/>\n<meta property=\"og:url\" content=\"https:\/\/www.formentera.es\/it\/lisola\/flora-e-fauna\/\" \/>\n<meta property=\"og:site_name\" content=\"Turismo de Formentera\" \/>\n<meta property=\"article:publisher\" content=\"https:\/\/www.facebook.com\/turismoformentera\/\" \/>\n<meta property=\"article:modified_time\" content=\"2025-09-04T10:24:16+00:00\" \/>\n<meta property=\"og:image\" content=\"https:\/\/www.formentera.es\/wp-content\/uploads\/2018\/11\/Flamencos-Jose-A.-Arribas-Beni2008.jpg\" \/>\n\t<meta property=\"og:image:width\" content=\"1900\" \/>\n\t<meta property=\"og:image:height\" content=\"950\" \/>\n\t<meta property=\"og:image:type\" content=\"image\/jpeg\" \/>\n<meta name=\"twitter:card\" content=\"summary_large_image\" \/>\n<meta name=\"twitter:site\" content=\"@visitformentera\" \/>\n<meta name=\"twitter:label1\" content=\"Tempo di lettura stimato\" \/>\n\t<meta name=\"twitter:data1\" content=\"2 minuti\" \/>\n<script type=\"application\/ld+json\" class=\"yoast-schema-graph\">{\"@context\":\"https:\/\/schema.org\",\"@graph\":[{\"@type\":\"WebPage\",\"@id\":\"https:\/\/www.formentera.es\/it\/lisola\/flora-e-fauna\/\",\"url\":\"https:\/\/www.formentera.es\/it\/lisola\/flora-e-fauna\/\",\"name\":\"La flora y fauna de Formentera | Turismo de Formentera\",\"isPartOf\":{\"@id\":\"https:\/\/www.formentera.es\/#website\"},\"primaryImageOfPage\":{\"@id\":\"https:\/\/www.formentera.es\/it\/lisola\/flora-e-fauna\/#primaryimage\"},\"image\":{\"@id\":\"https:\/\/www.formentera.es\/it\/lisola\/flora-e-fauna\/#primaryimage\"},\"thumbnailUrl\":\"https:\/\/www.formentera.es\/wp-content\/uploads\/2018\/11\/Flamencos-Jose-A.-Arribas-Beni2008.jpg\",\"datePublished\":\"2018-12-12T09:34:30+00:00\",\"dateModified\":\"2025-09-04T10:24:16+00:00\",\"description\":\"Descubre la flora y fauna aut\u00f3ctona de Formentera. Uuna visita \u00fanica para aquellos que quieran conocer el Mediterr\u00e1neo y su amplia biodiversidad.\",\"breadcrumb\":{\"@id\":\"https:\/\/www.formentera.es\/it\/lisola\/flora-e-fauna\/#breadcrumb\"},\"inLanguage\":\"it-IT\",\"potentialAction\":[{\"@type\":\"ReadAction\",\"target\":[\"https:\/\/www.formentera.es\/it\/lisola\/flora-e-fauna\/\"]}]},{\"@type\":\"ImageObject\",\"inLanguage\":\"it-IT\",\"@id\":\"https:\/\/www.formentera.es\/it\/lisola\/flora-e-fauna\/#primaryimage\",\"url\":\"https:\/\/www.formentera.es\/wp-content\/uploads\/2018\/11\/Flamencos-Jose-A.-Arribas-Beni2008.jpg\",\"contentUrl\":\"https:\/\/www.formentera.es\/wp-content\/uploads\/2018\/11\/Flamencos-Jose-A.-Arribas-Beni2008.jpg\",\"width\":1900,\"height\":950},{\"@type\":\"BreadcrumbList\",\"@id\":\"https:\/\/www.formentera.es\/it\/lisola\/flora-e-fauna\/#breadcrumb\",\"itemListElement\":[{\"@type\":\"ListItem\",\"position\":1,\"name\":\"Portada\",\"item\":\"https:\/\/www.formentera.es\/it\/\"},{\"@type\":\"ListItem\",\"position\":2,\"name\":\"L\u2019Isola\",\"item\":\"https:\/\/www.formentera.es\/it\/lisola\/\"},{\"@type\":\"ListItem\",\"position\":3,\"name\":\"Flora e fauna\"}]},{\"@type\":\"WebSite\",\"@id\":\"https:\/\/www.formentera.es\/#website\",\"url\":\"https:\/\/www.formentera.es\/\",\"name\":\"Turismo de Formentera\",\"description\":\"Web oficial de Turismo de Formentera\",\"potentialAction\":[{\"@type\":\"SearchAction\",\"target\":{\"@type\":\"EntryPoint\",\"urlTemplate\":\"https:\/\/www.formentera.es\/?s={search_term_string}\"},\"query-input\":{\"@type\":\"PropertyValueSpecification\",\"valueRequired\":true,\"valueName\":\"search_term_string\"}}],\"inLanguage\":\"it-IT\"}]}<\/script>\n<!-- \/ Yoast SEO plugin. -->","yoast_head_json":{"title":"La flora y fauna de Formentera | Turismo de Formentera","description":"Descubre la flora y fauna aut\u00f3ctona de Formentera. Uuna visita \u00fanica para aquellos que quieran conocer el Mediterr\u00e1neo y su amplia biodiversidad.","robots":{"index":"index","follow":"follow","max-snippet":"max-snippet:-1","max-image-preview":"max-image-preview:large","max-video-preview":"max-video-preview:-1"},"canonical":"https:\/\/www.formentera.es\/it\/lisola\/flora-e-fauna\/","og_locale":"it_IT","og_type":"article","og_title":"La flora y fauna de Formentera | Turismo de Formentera","og_description":"Descubre la flora y fauna aut\u00f3ctona de Formentera. Uuna visita \u00fanica para aquellos que quieran conocer el Mediterr\u00e1neo y su amplia biodiversidad.","og_url":"https:\/\/www.formentera.es\/it\/lisola\/flora-e-fauna\/","og_site_name":"Turismo de Formentera","article_publisher":"https:\/\/www.facebook.com\/turismoformentera\/","article_modified_time":"2025-09-04T10:24:16+00:00","og_image":[{"width":1900,"height":950,"url":"https:\/\/www.formentera.es\/wp-content\/uploads\/2018\/11\/Flamencos-Jose-A.-Arribas-Beni2008.jpg","type":"image\/jpeg"}],"twitter_card":"summary_large_image","twitter_site":"@visitformentera","twitter_misc":{"Tempo di lettura stimato":"2 minuti"},"schema":{"@context":"https:\/\/schema.org","@graph":[{"@type":"WebPage","@id":"https:\/\/www.formentera.es\/it\/lisola\/flora-e-fauna\/","url":"https:\/\/www.formentera.es\/it\/lisola\/flora-e-fauna\/","name":"La flora y fauna de Formentera | Turismo de Formentera","isPartOf":{"@id":"https:\/\/www.formentera.es\/#website"},"primaryImageOfPage":{"@id":"https:\/\/www.formentera.es\/it\/lisola\/flora-e-fauna\/#primaryimage"},"image":{"@id":"https:\/\/www.formentera.es\/it\/lisola\/flora-e-fauna\/#primaryimage"},"thumbnailUrl":"https:\/\/www.formentera.es\/wp-content\/uploads\/2018\/11\/Flamencos-Jose-A.-Arribas-Beni2008.jpg","datePublished":"2018-12-12T09:34:30+00:00","dateModified":"2025-09-04T10:24:16+00:00","description":"Descubre la flora y fauna aut\u00f3ctona de Formentera. Uuna visita \u00fanica para aquellos que quieran conocer el Mediterr\u00e1neo y su amplia biodiversidad.","breadcrumb":{"@id":"https:\/\/www.formentera.es\/it\/lisola\/flora-e-fauna\/#breadcrumb"},"inLanguage":"it-IT","potentialAction":[{"@type":"ReadAction","target":["https:\/\/www.formentera.es\/it\/lisola\/flora-e-fauna\/"]}]},{"@type":"ImageObject","inLanguage":"it-IT","@id":"https:\/\/www.formentera.es\/it\/lisola\/flora-e-fauna\/#primaryimage","url":"https:\/\/www.formentera.es\/wp-content\/uploads\/2018\/11\/Flamencos-Jose-A.-Arribas-Beni2008.jpg","contentUrl":"https:\/\/www.formentera.es\/wp-content\/uploads\/2018\/11\/Flamencos-Jose-A.-Arribas-Beni2008.jpg","width":1900,"height":950},{"@type":"BreadcrumbList","@id":"https:\/\/www.formentera.es\/it\/lisola\/flora-e-fauna\/#breadcrumb","itemListElement":[{"@type":"ListItem","position":1,"name":"Portada","item":"https:\/\/www.formentera.es\/it\/"},{"@type":"ListItem","position":2,"name":"L\u2019Isola","item":"https:\/\/www.formentera.es\/it\/lisola\/"},{"@type":"ListItem","position":3,"name":"Flora e fauna"}]},{"@type":"WebSite","@id":"https:\/\/www.formentera.es\/#website","url":"https:\/\/www.formentera.es\/","name":"Turismo de Formentera","description":"Web oficial de Turismo de Formentera","potentialAction":[{"@type":"SearchAction","target":{"@type":"EntryPoint","urlTemplate":"https:\/\/www.formentera.es\/?s={search_term_string}"},"query-input":{"@type":"PropertyValueSpecification","valueRequired":true,"valueName":"search_term_string"}}],"inLanguage":"it-IT"}]}},"_links":{"self":[{"href":"https:\/\/www.formentera.es\/it\/wp-json\/wp\/v2\/pages\/6272","targetHints":{"allow":["GET"]}}],"collection":[{"href":"https:\/\/www.formentera.es\/it\/wp-json\/wp\/v2\/pages"}],"about":[{"href":"https:\/\/www.formentera.es\/it\/wp-json\/wp\/v2\/types\/page"}],"author":[{"embeddable":true,"href":"https:\/\/www.formentera.es\/it\/wp-json\/wp\/v2\/users\/1"}],"replies":[{"embeddable":true,"href":"https:\/\/www.formentera.es\/it\/wp-json\/wp\/v2\/comments?post=6272"}],"version-history":[{"count":1,"href":"https:\/\/www.formentera.es\/it\/wp-json\/wp\/v2\/pages\/6272\/revisions"}],"predecessor-version":[{"id":45197,"href":"https:\/\/www.formentera.es\/it\/wp-json\/wp\/v2\/pages\/6272\/revisions\/45197"}],"up":[{"embeddable":true,"href":"https:\/\/www.formentera.es\/it\/wp-json\/wp\/v2\/pages\/6106"}],"wp:featuredmedia":[{"embeddable":true,"href":"https:\/\/www.formentera.es\/it\/wp-json\/wp\/v2\/media\/6274"}],"wp:attachment":[{"href":"https:\/\/www.formentera.es\/it\/wp-json\/wp\/v2\/media?parent=6272"}],"wp:term":[{"taxonomy":"category","embeddable":true,"href":"https:\/\/www.formentera.es\/it\/wp-json\/wp\/v2\/categories?post=6272"}],"curies":[{"name":"wp","href":"https:\/\/api.w.org\/{rel}","templated":true}]}}

<div class="wpb-content-wrapper"><p>[vc_row full_width=&#8221;stretch_row_content_no_spaces&#8221; equal_height=&#8221;yes&#8221; content_placement=&#8221;bottom&#8221; css=&#8221;.vc_custom_1546502656253{background-image: url(https://www.formentera.es/wp-content/uploads/2019/01/florayfaunaformentera_header.jpg?id=1689) !important;background-position: center !important;background-repeat: no-repeat !important;background-size: cover !important;}&#8221; el_id=&#8221;top_categoria&#8221; el_class=&#8221;categoria2&#8243;][vc_column width=&#8221;1/2&#8243; css=&#8221;.vc_custom_1546502335334{background-position: center !important;background-repeat: no-repeat !important;background-size: cover !important;}&#8221;][vc_column_text]</p>
<h1>Flora e fauna di Formentera</h1>
<p>[/vc_column_text][/vc_column][vc_column width=&#8221;1/2&#8243; css=&#8221;.vc_custom_1756981455121{background-color: #30A8A2 !important;}&#8221;][vc_column_text]I numerosi visitatori della piccola isola di Formentera vengono soprattutto attratti dagli incantevoli paesaggi mediterranei che si possono ammirare, e visitare il <strong>Parc Natural de Ses Salines d’Eivissa i Formentera</strong> è sicuramente il modo migliore per scoprire la variegata fauna e flora tipica dell’arcipelago delle Pitiuse.</p>
<p>Il paesaggio forestale è caratterizzato da pini e ginepri, mentre le spiagge e gli stagni della costa mostrano un ambiente di dune e arbusti. E sotto il mare troviamo uno dei protagonisti chiave di questo ecosistema: la <strong>Posidonia</strong>, una pianta marina che rende quest&#8217;isola assolutamente unica.</p>
<p>Anche la fauna dell&#8217;isola è molto varia, con oltre 210 specie di uccelli censiti che hanno trovato qui un’area favorevole per nidificare, in modo permanente o come tappa dei loro lunghi viaggi migratori. Anche le coloratissime lucertole autoctone sono uno degli animali più emblematici dell&#8217;isola, facilmente avvistabili prendendo il sole in qualsiasi punto dell&#8217;isola.</p>
<p>Insomma, Formentera e il parco naturale, in particolare, rappresentano un’occasione imperdibile per chi vuole conoscere il Mediterraneo e la sua straordinaria biodiversità.[/vc_column_text][/vc_column][/vc_row][vc_row full_width=&#8221;stretch_row_content&#8221; equal_height=&#8221;yes&#8221;][vc_column][vc_column_text el_class=&#8221;h1&#8243;]</p>
<h2>Flora e fauna. Parco Naturale</h2>
<p>[/vc_column_text][/vc_column][/vc_row][vc_row full_width=&#8221;stretch_row_content&#8221;][vc_column][vc_basic_grid post_type=&#8221;custom&#8221; item=&#8221;60&#8243; grid_id=&#8221;vc_gid:1756981438000-3d8514f7-582f-5&#8243; custom_query=&#8221;post_type=page&amp;post_parent=1331&amp;orderby=rand&#8221;][/vc_column][/vc_row][vc_row full_width=&#8221;stretch_row_content&#8221; css=&#8221;.vc_custom_1548954435133{padding-top: 80px !important;}&#8221; el_class=&#8221;bloque_maseventos&#8221;][vc_column][vc_column_text el_class=&#8221;h1&#8243;]</p>
<h2>Eventi a Formentera</h2>
<p>[/vc_column_text][vc_basic_grid post_type=&#8221;post&#8221; max_items=&#8221;2&#8243; element_width=&#8221;6&#8243; orderby=&#8221;rand&#8221; item=&#8221;1532&#8243; grid_id=&#8221;vc_gid:1756981438000-33b71cf3-12a8-9&#8243; taxonomies=&#8221;17&#8243;][vc_btn title=&#8221;Più eventi&#8221; style=&#8221;flat&#8221; shape=&#8221;square&#8221; color=&#8221;white&#8221; size=&#8221;lg&#8221; align=&#8221;center&#8221; i_align=&#8221;right&#8221; i_type=&#8221;entypo&#8221; i_icon_entypo=&#8221;entypo-icon entypo-icon-right-open-big&#8221; add_icon=&#8221;true&#8221; el_class=&#8221;btn_more&#8221; link=&#8221;url:https%3A%2F%2Fwww.formentera.es%2Fit%2Feventi%2F|||&#8221;][/vc_column][/vc_row]</p>
</div>

<!-- This site is optimized with the Yoast SEO plugin v25.5 - https://yoast.com/wordpress/plugins/seo/ -->
<title>La flora y fauna de Formentera | Turismo de Formentera</title>
<meta name="description" content="Descubre la flora y fauna autóctona de Formentera. Uuna visita única para aquellos que quieran conocer el Mediterráneo y su amplia biodiversidad." />
<meta name="robots" content="index, follow, max-snippet:-1, max-image-preview:large, max-video-preview:-1" />
<link rel="canonical" href="https://www.formentera.es/it/lisola/flora-e-fauna/" />
<meta property="og:locale" content="it_IT" />
<meta property="og:type" content="article" />
<meta property="og:title" content="La flora y fauna de Formentera | Turismo de Formentera" />
<meta property="og:description" content="Descubre la flora y fauna autóctona de Formentera. Uuna visita única para aquellos que quieran conocer el Mediterráneo y su amplia biodiversidad." />
<meta property="og:url" content="https://www.formentera.es/it/lisola/flora-e-fauna/" />
<meta property="og:site_name" content="Turismo de Formentera" />
<meta property="article:publisher" content="https://www.facebook.com/turismoformentera/" />
<meta property="article:modified_time" content="2025-09-04T10:24:16+00:00" />
<meta property="og:image" content="https://www.formentera.es/wp-content/uploads/2018/11/Flamencos-Jose-A.-Arribas-Beni2008.jpg" />
	<meta property="og:image:width" content="1900" />
	<meta property="og:image:height" content="950" />
	<meta property="og:image:type" content="image/jpeg" />
<meta name="twitter:card" content="summary_large_image" />
<meta name="twitter:site" content="@visitformentera" />
<meta name="twitter:label1" content="Tempo di lettura stimato" />
	<meta name="twitter:data1" content="2 minuti" />
<script type="application/ld+json" class="yoast-schema-graph">{"@context":"https://schema.org","@graph":[{"@type":"WebPage","@id":"https://www.formentera.es/it/lisola/flora-e-fauna/","url":"https://www.formentera.es/it/lisola/flora-e-fauna/","name":"La flora y fauna de Formentera | Turismo de Formentera","isPartOf":{"@id":"https://www.formentera.es/#website"},"primaryImageOfPage":{"@id":"https://www.formentera.es/it/lisola/flora-e-fauna/#primaryimage"},"image":{"@id":"https://www.formentera.es/it/lisola/flora-e-fauna/#primaryimage"},"thumbnailUrl":"https://www.formentera.es/wp-content/uploads/2018/11/Flamencos-Jose-A.-Arribas-Beni2008.jpg","datePublished":"2018-12-12T09:34:30+00:00","dateModified":"2025-09-04T10:24:16+00:00","description":"Descubre la flora y fauna autóctona de Formentera. Uuna visita única para aquellos que quieran conocer el Mediterráneo y su amplia biodiversidad.","breadcrumb":{"@id":"https://www.formentera.es/it/lisola/flora-e-fauna/#breadcrumb"},"inLanguage":"it-IT","potentialAction":[{"@type":"ReadAction","target":["https://www.formentera.es/it/lisola/flora-e-fauna/"]}]},{"@type":"ImageObject","inLanguage":"it-IT","@id":"https://www.formentera.es/it/lisola/flora-e-fauna/#primaryimage","url":"https://www.formentera.es/wp-content/uploads/2018/11/Flamencos-Jose-A.-Arribas-Beni2008.jpg","contentUrl":"https://www.formentera.es/wp-content/uploads/2018/11/Flamencos-Jose-A.-Arribas-Beni2008.jpg","width":1900,"height":950},{"@type":"BreadcrumbList","@id":"https://www.formentera.es/it/lisola/flora-e-fauna/#breadcrumb","itemListElement":[{"@type":"ListItem","position":1,"name":"Portada","item":"https://www.formentera.es/it/"},{"@type":"ListItem","position":2,"name":"L’Isola","item":"https://www.formentera.es/it/lisola/"},{"@type":"ListItem","position":3,"name":"Flora e fauna"}]},{"@type":"WebSite","@id":"https://www.formentera.es/#website","url":"https://www.formentera.es/","name":"Turismo de Formentera","description":"Web oficial de Turismo de Formentera","potentialAction":[{"@type":"SearchAction","target":{"@type":"EntryPoint","urlTemplate":"https://www.formentera.es/?s={search_term_string}"},"query-input":{"@type":"PropertyValueSpecification","valueRequired":true,"valueName":"search_term_string"}}],"inLanguage":"it-IT"}]}</script>
<!-- / Yoast SEO plugin. -->

Descubre la flora y fauna autóctona de Formentera. Uuna visita única para aquellos que quieran conocer el Mediterráneo y su amplia biodiversidad.
