{"id":6010,"date":"2019-03-21T08:25:05","date_gmt":"2019-03-21T10:25:05","guid":{"rendered":"https:\/\/www.formentera.es\/regulation-the-entrance-of-vehicles-to-formentera\/"},"modified":"2022-05-23T12:47:19","modified_gmt":"2022-05-23T10:47:19","slug":"reglement-de-lentree-des-vehicules-a-formentera","status":"publish","type":"page","link":"https:\/\/www.formentera.es\/fr\/reglement-de-lentree-des-vehicules-a-formentera\/","title":{"rendered":"R\u00e8glement de l&rsquo;entr\u00e9e des v\u00e9hicules \u00e0 Formentera"},"content":{"rendered":"<div class=\"wpb-content-wrapper\"><p>[vc_row full_width=\u00a0\u00bbstretch_row_content_no_spaces\u00a0\u00bb content_placement=\u00a0\u00bbmiddle\u00a0\u00bb css=\u00a0\u00bb.vc_custom_1553165750025{background-image: url(https:\/\/www.formentera.es\/wp-content\/uploads\/2019\/03\/regulacio-vehicles-shutterstock_107516234.jpg?id=5074) !important;background-position: center !important;background-repeat: no-repeat !important;background-size: cover !important;}\u00a0\u00bb el_id=\u00a0\u00bbtop_categoria\u00a0\u00bb][vc_column][vc_column_text]<\/p>\n<h1>R\u00e8glement de l&rsquo;entr\u00e9e des v\u00e9hicules \u00e0 Formentera<\/h1>\n<p>[\/vc_column_text][\/vc_column][\/vc_row][vc_row el_class=\u00a0\u00bbbgen\u00a0\u00bb][vc_column width=\u00a0\u00bb2\/3&Prime;][vc_column_text el_class=\u00a0\u00bbh1&Prime;]In 2019 was applied for the first time the proposal to regulate the entrance, circulation and parking of vehicles on the island in high season. With this pioneering measure, we want to safeguard the environment and reduce the pressure on the island. It is a measure of general interest, designed so that Formentera remains the quiet island that visitors and residents expect to find.<\/p>\n<p>The website <a href=\"http:\/\/www.formentera.eco\" target=\"_blank\" rel=\"noopener noreferrer\">www.formentera.eco<\/a> is open where all those interested in circulating, in the months of application, will have to provide their information to obtain the authorization to circulate.[\/vc_column_text][\/vc_column][vc_column width=\u00a0\u00bb1\/3&Prime;][vc_wp_custommenu nav_menu=\u00a0\u00bb1329&Prime; title=\u00a0\u00bbPlanifiez votre voyage\u00a0\u00bb][vc_column_text]<div id=\"sidebar_ficha\"><a class=\"sidebar_breadcrumbs\" href=\"https:\/\/www.formentera.es\/fr\/reglement-de-lentree-des-vehicules-a-formentera\/\"><i class=\"fa fa-angle-left\"><\/i>Retourner \u00e0 R\u00e8glement de l&rsquo;entr\u00e9e des v\u00e9hicules \u00e0 Formentera<\/a><div class=\"content_sidebar\"><div class=\"bloc_share\"><div class=\"blocs1\"><div class=\"tit_medium\">Partager<\/div><div class=\"redes_ficha\"><div class=\"fa fa-brands fa-x-twitter st-custom-button\" data-network=\"twitter\"><\/div><div class=\"fa fa-facebook st-custom-button\" data-network=\"facebook\"><\/div><div class=\"fa fa-pinterest-p st-custom-button\" data-network=\"pinterest\"><\/div><\/div><\/div><div class=\"blocs2\"><div class=\"tit_medium\">Envoyer \u00e0 un ami<\/div><div class=\"redes_ficha\"><div class=\"fa fa-envelope st-custom-button\" data-network=\"email\"><\/div><div class=\"fa fa-whatsapp st-custom-button\" data-network=\"whatsapp\"><\/div><\/div><\/div><\/div><\/div><\/div>[\/vc_column_text][\/vc_column][\/vc_row][vc_row][vc_column][vc_column_text]<div id=\"siguexpl\" class=\"container sc\"><h2>Continuez \u00e0 explorer<\/h2><div class=\"row\"><a href=\"https:\/\/www.formentera.es\/fr\/lile\/\" class=\"col-md-4\">\n\t\t\t\t\t\t<div class=\"row\">\n\t\t\t\t\t\t\t<div class=\"col-sm-4\" style=\"background-image: url(https:\/\/www.formentera.es\/wp-content\/uploads\/2019\/01\/AdobeStock_68411178-300x179.jpg)\"><\/div>\n\t\t\t\t\t\t\t<div class=\"col-sm-8\">\n\t\t\t\t\t\t\t\tL\u2019\u00eele\n\t\t\t\t\t\t\t\t<i class=\"fa fa-angle-right\"><\/i>\n\t\t\t\t\t\t\t<\/div>\n\t\t\t\t\t\t\t<div class=\"bhover\"><\/div>\n\t\t\t\t\t\t<\/div>\n\t\t\t\t\t\t\n\t\t\t\t\t<\/a><a href=\"https:\/\/www.formentera.es\/fr\/explorer\/villages\/\" class=\"col-md-4\">\n\t\t\t\t\t\t<div class=\"row\">\n\t\t\t\t\t\t\t<div class=\"col-sm-4\" style=\"background-image: url(https:\/\/www.formentera.es\/wp-content\/uploads\/2018\/11\/1_Esglesia-St.-Francesc-panoramica-300x190.jpg)\"><\/div>\n\t\t\t\t\t\t\t<div class=\"col-sm-8\">\n\t\t\t\t\t\t\t\tVillages\n\t\t\t\t\t\t\t\t<i class=\"fa fa-angle-right\"><\/i>\n\t\t\t\t\t\t\t<\/div>\n\t\t\t\t\t\t\t<div class=\"bhover\"><\/div>\n\t\t\t\t\t\t<\/div>\n\t\t\t\t\t\t\n\t\t\t\t\t<\/a><a href=\"https:\/\/www.formentera.es\/fr\/explorer\/culture-et-patrimoine\/\" class=\"col-md-4\">\n\t\t\t\t\t\t<div class=\"row\">\n\t\t\t\t\t\t\t<div class=\"col-sm-4\" style=\"background-image: url(https:\/\/www.formentera.es\/wp-content\/uploads\/2019\/01\/Torre-de-Sa-Gavina_Moonkoala-300x200.jpg)\"><\/div>\n\t\t\t\t\t\t\t<div class=\"col-sm-8\">\n\t\t\t\t\t\t\t\tCulture et patrimoine\n\t\t\t\t\t\t\t\t<i class=\"fa fa-angle-right\"><\/i>\n\t\t\t\t\t\t\t<\/div>\n\t\t\t\t\t\t\t<div class=\"bhover\"><\/div>\n\t\t\t\t\t\t<\/div>\n\t\t\t\t\t\t\n\t\t\t\t\t<\/a><\/div><\/div>[\/vc_column_text][\/vc_column][\/vc_row]<\/p>\n<\/div>","protected":false},"excerpt":{"rendered":"<p>[vc_row full_width=\u00a0\u00bbstretch_row_content_no_spaces\u00a0\u00bb content_placement=\u00a0\u00bbmiddle\u00a0\u00bb css=\u00a0\u00bb.vc_custom_1553165750025{background-image: url(https:\/\/www.formentera.es\/wp-content\/uploads\/2019\/03\/regulacio-vehicles-shutterstock_107516234.jpg?id=5074) !important;background-position: center !important;background-repeat: no-repeat !important;background-size: cover !important;}\u00a0\u00bb el_id=\u00a0\u00bbtop_categoria\u00a0\u00bb][vc_column][vc_column_text] R\u00e8glement de [&hellip;]<\/p>\n","protected":false},"author":1,"featured_media":0,"parent":0,"menu_order":0,"comment_status":"closed","ping_status":"closed","template":"page-gen.php","meta":{"_acf_changed":false,"footnotes":""},"categories":[],"class_list":["post-6010","page","type-page","status-publish","hentry"],"acf":[],"yoast_head":"<!-- This site is optimized with the Yoast SEO plugin v25.5 - https:\/\/yoast.com\/wordpress\/plugins\/seo\/ -->\n<title>R\u00e8glement de l&#039;entr\u00e9e des v\u00e9hicules \u00e0 Formentera | Turismo de Formentera<\/title>\n<meta name=\"robots\" content=\"index, follow, max-snippet:-1, max-image-preview:large, max-video-preview:-1\" \/>\n<link rel=\"canonical\" href=\"https:\/\/www.formentera.es\/regulacion-de-entrada-de-coches-a-formentera\/\" \/>\n<meta property=\"og:locale\" content=\"fr_FR\" \/>\n<meta property=\"og:type\" content=\"article\" \/>\n<meta property=\"og:title\" content=\"R\u00e8glement de l&#039;entr\u00e9e des v\u00e9hicules \u00e0 Formentera | Turismo de Formentera\" \/>\n<meta property=\"og:description\" content=\"[vc_row full_width=\u00a0\u00bbstretch_row_content_no_spaces\u00a0\u00bb content_placement=\u00a0\u00bbmiddle\u00a0\u00bb css=\u00a0\u00bb.vc_custom_1553165750025{background-image: url(https:\/\/www.formentera.es\/wp-content\/uploads\/2019\/03\/regulacio-vehicles-shutterstock_107516234.jpg?id=5074) !important;background-position: center !important;background-repeat: no-repeat !important;background-size: cover !important;}\u00a0\u00bb el_id=\u00a0\u00bbtop_categoria\u00a0\u00bb][vc_column][vc_column_text] R\u00e8glement de [&hellip;]\" \/>\n<meta property=\"og:url\" content=\"https:\/\/www.formentera.es\/regulacion-de-entrada-de-coches-a-formentera\/\" \/>\n<meta property=\"og:site_name\" content=\"Turismo de Formentera\" \/>\n<meta property=\"article:publisher\" content=\"https:\/\/www.facebook.com\/turismoformentera\/\" \/>\n<meta property=\"article:modified_time\" content=\"2022-05-23T10:47:19+00:00\" \/>\n<meta name=\"twitter:card\" content=\"summary_large_image\" \/>\n<meta name=\"twitter:site\" content=\"@visitformentera\" \/>\n<meta name=\"twitter:label1\" content=\"Dur\u00e9e de lecture estim\u00e9e\" \/>\n\t<meta name=\"twitter:data1\" content=\"1 minute\" \/>\n<script type=\"application\/ld+json\" class=\"yoast-schema-graph\">{\"@context\":\"https:\/\/schema.org\",\"@graph\":[{\"@type\":\"WebPage\",\"@id\":\"https:\/\/www.formentera.es\/regulacion-de-entrada-de-coches-a-formentera\/\",\"url\":\"https:\/\/www.formentera.es\/regulacion-de-entrada-de-coches-a-formentera\/\",\"name\":\"R\u00e8glement de l'entr\u00e9e des v\u00e9hicules \u00e0 Formentera | Turismo de Formentera\",\"isPartOf\":{\"@id\":\"https:\/\/www.formentera.es\/#website\"},\"datePublished\":\"2019-03-21T10:25:05+00:00\",\"dateModified\":\"2022-05-23T10:47:19+00:00\",\"breadcrumb\":{\"@id\":\"https:\/\/www.formentera.es\/regulacion-de-entrada-de-coches-a-formentera\/#breadcrumb\"},\"inLanguage\":\"fr-FR\",\"potentialAction\":[{\"@type\":\"ReadAction\",\"target\":[\"https:\/\/www.formentera.es\/regulacion-de-entrada-de-coches-a-formentera\/\"]}]},{\"@type\":\"BreadcrumbList\",\"@id\":\"https:\/\/www.formentera.es\/regulacion-de-entrada-de-coches-a-formentera\/#breadcrumb\",\"itemListElement\":[{\"@type\":\"ListItem\",\"position\":1,\"name\":\"Portada\",\"item\":\"https:\/\/www.formentera.es\/fr\/\"},{\"@type\":\"ListItem\",\"position\":2,\"name\":\"R\u00e8glement de l&#8217;entr\u00e9e des v\u00e9hicules \u00e0 Formentera\"}]},{\"@type\":\"WebSite\",\"@id\":\"https:\/\/www.formentera.es\/#website\",\"url\":\"https:\/\/www.formentera.es\/\",\"name\":\"Turismo de Formentera\",\"description\":\"Web oficial de Turismo de Formentera\",\"potentialAction\":[{\"@type\":\"SearchAction\",\"target\":{\"@type\":\"EntryPoint\",\"urlTemplate\":\"https:\/\/www.formentera.es\/?s={search_term_string}\"},\"query-input\":{\"@type\":\"PropertyValueSpecification\",\"valueRequired\":true,\"valueName\":\"search_term_string\"}}],\"inLanguage\":\"fr-FR\"}]}<\/script>\n<!-- \/ Yoast SEO plugin. -->","yoast_head_json":{"title":"R\u00e8glement de l'entr\u00e9e des v\u00e9hicules \u00e0 Formentera | Turismo de Formentera","robots":{"index":"index","follow":"follow","max-snippet":"max-snippet:-1","max-image-preview":"max-image-preview:large","max-video-preview":"max-video-preview:-1"},"canonical":"https:\/\/www.formentera.es\/regulacion-de-entrada-de-coches-a-formentera\/","og_locale":"fr_FR","og_type":"article","og_title":"R\u00e8glement de l'entr\u00e9e des v\u00e9hicules \u00e0 Formentera | Turismo de Formentera","og_description":"[vc_row full_width=\u00a0\u00bbstretch_row_content_no_spaces\u00a0\u00bb content_placement=\u00a0\u00bbmiddle\u00a0\u00bb css=\u00a0\u00bb.vc_custom_1553165750025{background-image: url(https:\/\/www.formentera.es\/wp-content\/uploads\/2019\/03\/regulacio-vehicles-shutterstock_107516234.jpg?id=5074) !important;background-position: center !important;background-repeat: no-repeat !important;background-size: cover !important;}\u00a0\u00bb el_id=\u00a0\u00bbtop_categoria\u00a0\u00bb][vc_column][vc_column_text] R\u00e8glement de [&hellip;]","og_url":"https:\/\/www.formentera.es\/regulacion-de-entrada-de-coches-a-formentera\/","og_site_name":"Turismo de Formentera","article_publisher":"https:\/\/www.facebook.com\/turismoformentera\/","article_modified_time":"2022-05-23T10:47:19+00:00","twitter_card":"summary_large_image","twitter_site":"@visitformentera","twitter_misc":{"Dur\u00e9e de lecture estim\u00e9e":"1 minute"},"schema":{"@context":"https:\/\/schema.org","@graph":[{"@type":"WebPage","@id":"https:\/\/www.formentera.es\/regulacion-de-entrada-de-coches-a-formentera\/","url":"https:\/\/www.formentera.es\/regulacion-de-entrada-de-coches-a-formentera\/","name":"R\u00e8glement de l'entr\u00e9e des v\u00e9hicules \u00e0 Formentera | Turismo de Formentera","isPartOf":{"@id":"https:\/\/www.formentera.es\/#website"},"datePublished":"2019-03-21T10:25:05+00:00","dateModified":"2022-05-23T10:47:19+00:00","breadcrumb":{"@id":"https:\/\/www.formentera.es\/regulacion-de-entrada-de-coches-a-formentera\/#breadcrumb"},"inLanguage":"fr-FR","potentialAction":[{"@type":"ReadAction","target":["https:\/\/www.formentera.es\/regulacion-de-entrada-de-coches-a-formentera\/"]}]},{"@type":"BreadcrumbList","@id":"https:\/\/www.formentera.es\/regulacion-de-entrada-de-coches-a-formentera\/#breadcrumb","itemListElement":[{"@type":"ListItem","position":1,"name":"Portada","item":"https:\/\/www.formentera.es\/fr\/"},{"@type":"ListItem","position":2,"name":"R\u00e8glement de l&#8217;entr\u00e9e des v\u00e9hicules \u00e0 Formentera"}]},{"@type":"WebSite","@id":"https:\/\/www.formentera.es\/#website","url":"https:\/\/www.formentera.es\/","name":"Turismo de Formentera","description":"Web oficial de Turismo de Formentera","potentialAction":[{"@type":"SearchAction","target":{"@type":"EntryPoint","urlTemplate":"https:\/\/www.formentera.es\/?s={search_term_string}"},"query-input":{"@type":"PropertyValueSpecification","valueRequired":true,"valueName":"search_term_string"}}],"inLanguage":"fr-FR"}]}},"_links":{"self":[{"href":"https:\/\/www.formentera.es\/fr\/wp-json\/wp\/v2\/pages\/6010","targetHints":{"allow":["GET"]}}],"collection":[{"href":"https:\/\/www.formentera.es\/fr\/wp-json\/wp\/v2\/pages"}],"about":[{"href":"https:\/\/www.formentera.es\/fr\/wp-json\/wp\/v2\/types\/page"}],"author":[{"embeddable":true,"href":"https:\/\/www.formentera.es\/fr\/wp-json\/wp\/v2\/users\/1"}],"replies":[{"embeddable":true,"href":"https:\/\/www.formentera.es\/fr\/wp-json\/wp\/v2\/comments?post=6010"}],"version-history":[{"count":0,"href":"https:\/\/www.formentera.es\/fr\/wp-json\/wp\/v2\/pages\/6010\/revisions"}],"wp:attachment":[{"href":"https:\/\/www.formentera.es\/fr\/wp-json\/wp\/v2\/media?parent=6010"}],"wp:term":[{"taxonomy":"category","embeddable":true,"href":"https:\/\/www.formentera.es\/fr\/wp-json\/wp\/v2\/categories?post=6010"}],"curies":[{"name":"wp","href":"https:\/\/api.w.org\/{rel}","templated":true}]}}

Règlement de l&rsquo;entrée des véhicules à Formentera

<div class="wpb-content-wrapper"><p>[vc_row full_width= »stretch_row_content_no_spaces » content_placement= »middle » css= ».vc_custom_1553165750025{background-image: url(https://www.formentera.es/wp-content/uploads/2019/03/regulacio-vehicles-shutterstock_107516234.jpg?id=5074) !important;background-position: center !important;background-repeat: no-repeat !important;background-size: cover !important;} » el_id= »top_categoria »][vc_column][vc_column_text]</p>
<h1>Règlement de l&rsquo;entrée des véhicules à Formentera</h1>
<p>[/vc_column_text][/vc_column][/vc_row][vc_row el_class= »bgen »][vc_column width= »2/3&Prime;][vc_column_text el_class= »h1&Prime;]In 2019 was applied for the first time the proposal to regulate the entrance, circulation and parking of vehicles on the island in high season. With this pioneering measure, we want to safeguard the environment and reduce the pressure on the island. It is a measure of general interest, designed so that Formentera remains the quiet island that visitors and residents expect to find.</p>
<p>The website <a href="http://www.formentera.eco" target="_blank" rel="noopener noreferrer">www.formentera.eco</a> is open where all those interested in circulating, in the months of application, will have to provide their information to obtain the authorization to circulate.[/vc_column_text][/vc_column][vc_column width= »1/3&Prime;][vc_wp_custommenu nav_menu= »1329&Prime; title= »Planifiez votre voyage »][vc_column_text]<div id="sidebar_ficha"><a class="sidebar_breadcrumbs" href="https://www.formentera.es/fr/reglement-de-lentree-des-vehicules-a-formentera/"><i class="fa fa-angle-left"></i>Retourner à Règlement de l&rsquo;entrée des véhicules à Formentera</a><div class="content_sidebar"><div class="bloc_share"><div class="blocs1"><div class="tit_medium">Partager</div><div class="redes_ficha"><div class="fa fa-brands fa-x-twitter st-custom-button" data-network="twitter"></div><div class="fa fa-facebook st-custom-button" data-network="facebook"></div><div class="fa fa-pinterest-p st-custom-button" data-network="pinterest"></div></div></div><div class="blocs2"><div class="tit_medium">Envoyer à un ami</div><div class="redes_ficha"><div class="fa fa-envelope st-custom-button" data-network="email"></div><div class="fa fa-whatsapp st-custom-button" data-network="whatsapp"></div></div></div></div></div></div>[/vc_column_text][/vc_column][/vc_row][vc_row][vc_column][vc_column_text]<div id="siguexpl" class="container sc"><h2>Continuez à explorer</h2><div class="row"><a href="https://www.formentera.es/fr/lile/" class="col-md-4">
						<div class="row">
							<div class="col-sm-4" style="background-image: url(https://www.formentera.es/wp-content/uploads/2019/01/AdobeStock_68411178-300x179.jpg)"></div>
							<div class="col-sm-8">
								L’île
								<i class="fa fa-angle-right"></i>
							</div>
							<div class="bhover"></div>
						</div>
						
					</a><a href="https://www.formentera.es/fr/explorer/villages/" class="col-md-4">
						<div class="row">
							<div class="col-sm-4" style="background-image: url(https://www.formentera.es/wp-content/uploads/2018/11/1_Esglesia-St.-Francesc-panoramica-300x190.jpg)"></div>
							<div class="col-sm-8">
								Villages
								<i class="fa fa-angle-right"></i>
							</div>
							<div class="bhover"></div>
						</div>
						
					</a><a href="https://www.formentera.es/fr/explorer/culture-et-patrimoine/" class="col-md-4">
						<div class="row">
							<div class="col-sm-4" style="background-image: url(https://www.formentera.es/wp-content/uploads/2019/01/Torre-de-Sa-Gavina_Moonkoala-300x200.jpg)"></div>
							<div class="col-sm-8">
								Culture et patrimoine
								<i class="fa fa-angle-right"></i>
							</div>
							<div class="bhover"></div>
						</div>
						
					</a></div></div>[/vc_column_text][/vc_column][/vc_row]</p>
</div>

<p>[vc_row full_width= »stretch_row_content_no_spaces » content_placement= »middle » css= ».vc_custom_1553165750025{background-image: url(https://www.formentera.es/wp-content/uploads/2019/03/regulacio-vehicles-shutterstock_107516234.jpg?id=5074) !important;background-position: center !important;background-repeat: no-repeat !important;background-size: cover !important;} » el_id= »top_categoria »][vc_column][vc_column_text] Règlement de [&hellip;]</p>

<!-- This site is optimized with the Yoast SEO plugin v25.5 - https://yoast.com/wordpress/plugins/seo/ -->
<title>Règlement de l&#039;entrée des véhicules à Formentera | Turismo de Formentera</title>
<meta name="robots" content="index, follow, max-snippet:-1, max-image-preview:large, max-video-preview:-1" />
<link rel="canonical" href="https://www.formentera.es/regulacion-de-entrada-de-coches-a-formentera/" />
<meta property="og:locale" content="fr_FR" />
<meta property="og:type" content="article" />
<meta property="og:title" content="Règlement de l&#039;entrée des véhicules à Formentera | Turismo de Formentera" />
<meta property="og:description" content="[vc_row full_width= »stretch_row_content_no_spaces » content_placement= »middle » css= ».vc_custom_1553165750025{background-image: url(https://www.formentera.es/wp-content/uploads/2019/03/regulacio-vehicles-shutterstock_107516234.jpg?id=5074) !important;background-position: center !important;background-repeat: no-repeat !important;background-size: cover !important;} » el_id= »top_categoria »][vc_column][vc_column_text] Règlement de [&hellip;]" />
<meta property="og:url" content="https://www.formentera.es/regulacion-de-entrada-de-coches-a-formentera/" />
<meta property="og:site_name" content="Turismo de Formentera" />
<meta property="article:publisher" content="https://www.facebook.com/turismoformentera/" />
<meta property="article:modified_time" content="2022-05-23T10:47:19+00:00" />
<meta name="twitter:card" content="summary_large_image" />
<meta name="twitter:site" content="@visitformentera" />
<meta name="twitter:label1" content="Durée de lecture estimée" />
	<meta name="twitter:data1" content="1 minute" />
<script type="application/ld+json" class="yoast-schema-graph">{"@context":"https://schema.org","@graph":[{"@type":"WebPage","@id":"https://www.formentera.es/regulacion-de-entrada-de-coches-a-formentera/","url":"https://www.formentera.es/regulacion-de-entrada-de-coches-a-formentera/","name":"Règlement de l'entrée des véhicules à Formentera | Turismo de Formentera","isPartOf":{"@id":"https://www.formentera.es/#website"},"datePublished":"2019-03-21T10:25:05+00:00","dateModified":"2022-05-23T10:47:19+00:00","breadcrumb":{"@id":"https://www.formentera.es/regulacion-de-entrada-de-coches-a-formentera/#breadcrumb"},"inLanguage":"fr-FR","potentialAction":[{"@type":"ReadAction","target":["https://www.formentera.es/regulacion-de-entrada-de-coches-a-formentera/"]}]},{"@type":"BreadcrumbList","@id":"https://www.formentera.es/regulacion-de-entrada-de-coches-a-formentera/#breadcrumb","itemListElement":[{"@type":"ListItem","position":1,"name":"Portada","item":"https://www.formentera.es/fr/"},{"@type":"ListItem","position":2,"name":"Règlement de l&#8217;entrée des véhicules à Formentera"}]},{"@type":"WebSite","@id":"https://www.formentera.es/#website","url":"https://www.formentera.es/","name":"Turismo de Formentera","description":"Web oficial de Turismo de Formentera","potentialAction":[{"@type":"SearchAction","target":{"@type":"EntryPoint","urlTemplate":"https://www.formentera.es/?s={search_term_string}"},"query-input":{"@type":"PropertyValueSpecification","valueRequired":true,"valueName":"search_term_string"}}],"inLanguage":"fr-FR"}]}</script>
<!-- / Yoast SEO plugin. -->

Règlement de l'entrée des véhicules à Formentera | Turismo de Formentera

[vc_row full_width= »stretch_row_content_no_spaces » content_placement= »middle » css= ».vc_custom_1553165750025{background-image: url(https://www.formentera.es/wp-content/uploads/2019/03/regulacio-vehicles-shutterstock_107516234.jpg?id=5074) !important;background-position: center !important;background-repeat: no-repeat !important;background-size: cover !important;} » el_id= »top_categoria »][vc_column][vc_column_text] Règlement de [&hellip;]

Règlement de l&#8217;entrée des véhicules à Formentera
