{"id":5096,"date":"2018-06-28T06:47:49","date_gmt":"2018-06-28T08:47:49","guid":{"rendered":"https:\/\/www.formentera.es\/la-isla\/"},"modified":"2019-03-21T09:41:16","modified_gmt":"2019-03-21T11:41:16","slug":"lile","status":"publish","type":"page","link":"https:\/\/www.formentera.es\/fr\/lile\/","title":{"rendered":"L\u2019\u00eele"},"content":{"rendered":"<div class=\"wpb-content-wrapper\"><p>[vc_row full_width=\u00a0\u00bbstretch_row_content_no_spaces\u00a0\u00bb content_placement=\u00a0\u00bbbottom\u00a0\u00bb css=\u00a0\u00bb.vc_custom_1548236712706{background-image: url(https:\/\/www.formentera.es\/wp-content\/uploads\/2019\/01\/AdobeStock_68411178-1.jpg?id=2723) !important;background-position: center !important;background-repeat: no-repeat !important;background-size: cover !important;}\u00a0\u00bb el_id=\u00a0\u00bbtop_categoria\u00a0\u00bb][vc_column][vc_column_text]<\/p>\n<h1><b>L\u2019\u00eele<\/b><b>: <\/b>Formentera<\/h1>\n<p>On respire \u00e0 Formentera une ambiance calme, ses habitants nous captivent, son atmosph\u00e8re est in\u00e9galable et ses eaux uniques pour leur transparence et leur couleur turquoise nous \u00e9voquent des latitudes tropicales. Souhaitez-vous la d\u00e9couvrir?[\/vc_column_text][\/vc_column][\/vc_row][vc_row full_width=\u00a0\u00bbstretch_row_content\u00a0\u00bb equal_height=\u00a0\u00bbyes\u00a0\u00bb][vc_column][vc_column_text el_class=\u00a0\u00bbh1&Prime;]<\/p>\n<h2><b>L\u2019\u00eele<\/b><\/h2>\n<p>[\/vc_column_text][\/vc_column][\/vc_row][vc_row full_width=\u00a0\u00bbstretch_row_content\u00a0\u00bb][vc_column][vc_basic_grid post_type=\u00a0\u00bbids\u00a0\u00bb item=\u00a0\u00bb60&Prime; grid_id=\u00a0\u00bbvc_gid:1553168349897-ff84468e-a69d-5&Prime; include=\u00a0\u00bb1046, 1048, 113, 23, 1331, 1369&Prime;][\/vc_column][\/vc_row][vc_row full_width=\u00a0\u00bbstretch_row_content\u00a0\u00bb css=\u00a0\u00bb.vc_custom_1548953430557{padding-top: 80px !important;}\u00a0\u00bb el_class=\u00a0\u00bbbloque_maseventos\u00a0\u00bb][vc_column][vc_column_text el_class=\u00a0\u00bbh1&Prime;]<\/p>\n<h2>\u00c9v\u00e9nements \u00e0 Formentera<\/h2>\n<p>[\/vc_column_text][vc_basic_grid post_type=\u00a0\u00bbpost\u00a0\u00bb max_items=\u00a0\u00bb2&Prime; element_width=\u00a0\u00bb6&Prime; orderby=\u00a0\u00bbrand\u00a0\u00bb item=\u00a0\u00bb1532&Prime; grid_id=\u00a0\u00bbvc_gid:1553168349901-90379219-78b4-5&Prime; taxonomies=\u00a0\u00bb17&Prime;][vc_btn title=\u00a0\u00bbPlus d&rsquo;\u00e9v\u00e9nements\u00a0\u00bb style=\u00a0\u00bbflat\u00a0\u00bb shape=\u00a0\u00bbsquare\u00a0\u00bb color=\u00a0\u00bbwhite\u00a0\u00bb size=\u00a0\u00bblg\u00a0\u00bb align=\u00a0\u00bbcenter\u00a0\u00bb i_align=\u00a0\u00bbright\u00a0\u00bb i_type=\u00a0\u00bbentypo\u00a0\u00bb i_icon_entypo=\u00a0\u00bbentypo-icon entypo-icon-right-open-big\u00a0\u00bb add_icon=\u00a0\u00bbtrue\u00a0\u00bb el_class=\u00a0\u00bbbtn_more\u00a0\u00bb link=\u00a0\u00bburl:https%3A%2F%2Fwww.formentera.es%2Ffr%2Fevenements|||\u00a0\u00bb][\/vc_column][\/vc_row]<\/p>\n<\/div>","protected":false},"excerpt":{"rendered":"<p>[vc_row full_width=\u00a0\u00bbstretch_row_content_no_spaces\u00a0\u00bb content_placement=\u00a0\u00bbbottom\u00a0\u00bb css=\u00a0\u00bb.vc_custom_1548236712706{background-image: url(https:\/\/www.formentera.es\/wp-content\/uploads\/2019\/01\/AdobeStock_68411178-1.jpg?id=2723) !important;background-position: center !important;background-repeat: no-repeat !important;background-size: cover !important;}\u00a0\u00bb el_id=\u00a0\u00bbtop_categoria\u00a0\u00bb][vc_column][vc_column_text] L\u2019\u00eele: Formentera [&hellip;]<\/p>\n","protected":false},"author":1,"featured_media":5097,"parent":0,"menu_order":0,"comment_status":"closed","ping_status":"closed","template":"","meta":{"_acf_changed":false,"footnotes":""},"categories":[],"class_list":["post-5096","page","type-page","status-publish","hentry"],"acf":[],"yoast_head":"<!-- This site is optimized with the Yoast SEO plugin v25.5 - https:\/\/yoast.com\/wordpress\/plugins\/seo\/ -->\n<title>Conoce la isla de Formentera | Turismo de Formentera<\/title>\n<meta name=\"description\" content=\"Conoce la isla de Formentera. \u00bfD\u00f3nde esta?, el clima, sus pueblos y playas, su historia y la fauna y flora.\" \/>\n<meta name=\"robots\" content=\"index, follow, max-snippet:-1, max-image-preview:large, max-video-preview:-1\" \/>\n<link rel=\"canonical\" href=\"https:\/\/www.formentera.es\/fr\/lile\/\" \/>\n<meta property=\"og:locale\" content=\"fr_FR\" \/>\n<meta property=\"og:type\" content=\"article\" \/>\n<meta property=\"og:title\" content=\"Conoce la isla de Formentera | Turismo de Formentera\" \/>\n<meta property=\"og:description\" content=\"Conoce la isla de Formentera. \u00bfD\u00f3nde esta?, el clima, sus pueblos y playas, su historia y la fauna y flora.\" \/>\n<meta property=\"og:url\" content=\"https:\/\/www.formentera.es\/fr\/lile\/\" \/>\n<meta property=\"og:site_name\" content=\"Turismo de Formentera\" \/>\n<meta property=\"article:publisher\" content=\"https:\/\/www.facebook.com\/turismoformentera\/\" \/>\n<meta property=\"article:modified_time\" content=\"2019-03-21T11:41:16+00:00\" \/>\n<meta property=\"og:image\" content=\"https:\/\/www.formentera.es\/wp-content\/uploads\/2019\/01\/AdobeStock_68411178.jpg\" \/>\n\t<meta property=\"og:image:width\" content=\"2200\" \/>\n\t<meta property=\"og:image:height\" content=\"1315\" \/>\n\t<meta property=\"og:image:type\" content=\"image\/jpeg\" \/>\n<meta name=\"twitter:card\" content=\"summary_large_image\" \/>\n<meta name=\"twitter:site\" content=\"@visitformentera\" \/>\n<meta name=\"twitter:label1\" content=\"Dur\u00e9e de lecture estim\u00e9e\" \/>\n\t<meta name=\"twitter:data1\" content=\"1 minute\" \/>\n<script type=\"application\/ld+json\" class=\"yoast-schema-graph\">{\"@context\":\"https:\/\/schema.org\",\"@graph\":[{\"@type\":\"WebPage\",\"@id\":\"https:\/\/www.formentera.es\/fr\/lile\/\",\"url\":\"https:\/\/www.formentera.es\/fr\/lile\/\",\"name\":\"Conoce la isla de Formentera | Turismo de Formentera\",\"isPartOf\":{\"@id\":\"https:\/\/www.formentera.es\/#website\"},\"primaryImageOfPage\":{\"@id\":\"https:\/\/www.formentera.es\/fr\/lile\/#primaryimage\"},\"image\":{\"@id\":\"https:\/\/www.formentera.es\/fr\/lile\/#primaryimage\"},\"thumbnailUrl\":\"https:\/\/www.formentera.es\/wp-content\/uploads\/2019\/01\/AdobeStock_68411178.jpg\",\"datePublished\":\"2018-06-28T08:47:49+00:00\",\"dateModified\":\"2019-03-21T11:41:16+00:00\",\"description\":\"Conoce la isla de Formentera. \u00bfD\u00f3nde esta?, el clima, sus pueblos y playas, su historia y la fauna y flora.\",\"breadcrumb\":{\"@id\":\"https:\/\/www.formentera.es\/fr\/lile\/#breadcrumb\"},\"inLanguage\":\"fr-FR\",\"potentialAction\":[{\"@type\":\"ReadAction\",\"target\":[\"https:\/\/www.formentera.es\/fr\/lile\/\"]}]},{\"@type\":\"ImageObject\",\"inLanguage\":\"fr-FR\",\"@id\":\"https:\/\/www.formentera.es\/fr\/lile\/#primaryimage\",\"url\":\"https:\/\/www.formentera.es\/wp-content\/uploads\/2019\/01\/AdobeStock_68411178.jpg\",\"contentUrl\":\"https:\/\/www.formentera.es\/wp-content\/uploads\/2019\/01\/AdobeStock_68411178.jpg\",\"width\":2200,\"height\":1315},{\"@type\":\"BreadcrumbList\",\"@id\":\"https:\/\/www.formentera.es\/fr\/lile\/#breadcrumb\",\"itemListElement\":[{\"@type\":\"ListItem\",\"position\":1,\"name\":\"Portada\",\"item\":\"https:\/\/www.formentera.es\/fr\/\"},{\"@type\":\"ListItem\",\"position\":2,\"name\":\"L\u2019\u00eele\"}]},{\"@type\":\"WebSite\",\"@id\":\"https:\/\/www.formentera.es\/#website\",\"url\":\"https:\/\/www.formentera.es\/\",\"name\":\"Turismo de Formentera\",\"description\":\"Web oficial de Turismo de Formentera\",\"potentialAction\":[{\"@type\":\"SearchAction\",\"target\":{\"@type\":\"EntryPoint\",\"urlTemplate\":\"https:\/\/www.formentera.es\/?s={search_term_string}\"},\"query-input\":{\"@type\":\"PropertyValueSpecification\",\"valueRequired\":true,\"valueName\":\"search_term_string\"}}],\"inLanguage\":\"fr-FR\"}]}<\/script>\n<!-- \/ Yoast SEO plugin. -->","yoast_head_json":{"title":"Conoce la isla de Formentera | Turismo de Formentera","description":"Conoce la isla de Formentera. \u00bfD\u00f3nde esta?, el clima, sus pueblos y playas, su historia y la fauna y flora.","robots":{"index":"index","follow":"follow","max-snippet":"max-snippet:-1","max-image-preview":"max-image-preview:large","max-video-preview":"max-video-preview:-1"},"canonical":"https:\/\/www.formentera.es\/fr\/lile\/","og_locale":"fr_FR","og_type":"article","og_title":"Conoce la isla de Formentera | Turismo de Formentera","og_description":"Conoce la isla de Formentera. \u00bfD\u00f3nde esta?, el clima, sus pueblos y playas, su historia y la fauna y flora.","og_url":"https:\/\/www.formentera.es\/fr\/lile\/","og_site_name":"Turismo de Formentera","article_publisher":"https:\/\/www.facebook.com\/turismoformentera\/","article_modified_time":"2019-03-21T11:41:16+00:00","og_image":[{"width":2200,"height":1315,"url":"https:\/\/www.formentera.es\/wp-content\/uploads\/2019\/01\/AdobeStock_68411178.jpg","type":"image\/jpeg"}],"twitter_card":"summary_large_image","twitter_site":"@visitformentera","twitter_misc":{"Dur\u00e9e de lecture estim\u00e9e":"1 minute"},"schema":{"@context":"https:\/\/schema.org","@graph":[{"@type":"WebPage","@id":"https:\/\/www.formentera.es\/fr\/lile\/","url":"https:\/\/www.formentera.es\/fr\/lile\/","name":"Conoce la isla de Formentera | Turismo de Formentera","isPartOf":{"@id":"https:\/\/www.formentera.es\/#website"},"primaryImageOfPage":{"@id":"https:\/\/www.formentera.es\/fr\/lile\/#primaryimage"},"image":{"@id":"https:\/\/www.formentera.es\/fr\/lile\/#primaryimage"},"thumbnailUrl":"https:\/\/www.formentera.es\/wp-content\/uploads\/2019\/01\/AdobeStock_68411178.jpg","datePublished":"2018-06-28T08:47:49+00:00","dateModified":"2019-03-21T11:41:16+00:00","description":"Conoce la isla de Formentera. \u00bfD\u00f3nde esta?, el clima, sus pueblos y playas, su historia y la fauna y flora.","breadcrumb":{"@id":"https:\/\/www.formentera.es\/fr\/lile\/#breadcrumb"},"inLanguage":"fr-FR","potentialAction":[{"@type":"ReadAction","target":["https:\/\/www.formentera.es\/fr\/lile\/"]}]},{"@type":"ImageObject","inLanguage":"fr-FR","@id":"https:\/\/www.formentera.es\/fr\/lile\/#primaryimage","url":"https:\/\/www.formentera.es\/wp-content\/uploads\/2019\/01\/AdobeStock_68411178.jpg","contentUrl":"https:\/\/www.formentera.es\/wp-content\/uploads\/2019\/01\/AdobeStock_68411178.jpg","width":2200,"height":1315},{"@type":"BreadcrumbList","@id":"https:\/\/www.formentera.es\/fr\/lile\/#breadcrumb","itemListElement":[{"@type":"ListItem","position":1,"name":"Portada","item":"https:\/\/www.formentera.es\/fr\/"},{"@type":"ListItem","position":2,"name":"L\u2019\u00eele"}]},{"@type":"WebSite","@id":"https:\/\/www.formentera.es\/#website","url":"https:\/\/www.formentera.es\/","name":"Turismo de Formentera","description":"Web oficial de Turismo de Formentera","potentialAction":[{"@type":"SearchAction","target":{"@type":"EntryPoint","urlTemplate":"https:\/\/www.formentera.es\/?s={search_term_string}"},"query-input":{"@type":"PropertyValueSpecification","valueRequired":true,"valueName":"search_term_string"}}],"inLanguage":"fr-FR"}]}},"_links":{"self":[{"href":"https:\/\/www.formentera.es\/fr\/wp-json\/wp\/v2\/pages\/5096","targetHints":{"allow":["GET"]}}],"collection":[{"href":"https:\/\/www.formentera.es\/fr\/wp-json\/wp\/v2\/pages"}],"about":[{"href":"https:\/\/www.formentera.es\/fr\/wp-json\/wp\/v2\/types\/page"}],"author":[{"embeddable":true,"href":"https:\/\/www.formentera.es\/fr\/wp-json\/wp\/v2\/users\/1"}],"replies":[{"embeddable":true,"href":"https:\/\/www.formentera.es\/fr\/wp-json\/wp\/v2\/comments?post=5096"}],"version-history":[{"count":0,"href":"https:\/\/www.formentera.es\/fr\/wp-json\/wp\/v2\/pages\/5096\/revisions"}],"wp:featuredmedia":[{"embeddable":true,"href":"https:\/\/www.formentera.es\/fr\/wp-json\/wp\/v2\/media\/5097"}],"wp:attachment":[{"href":"https:\/\/www.formentera.es\/fr\/wp-json\/wp\/v2\/media?parent=5096"}],"wp:term":[{"taxonomy":"category","embeddable":true,"href":"https:\/\/www.formentera.es\/fr\/wp-json\/wp\/v2\/categories?post=5096"}],"curies":[{"name":"wp","href":"https:\/\/api.w.org\/{rel}","templated":true}]}}

L’île

<div class="wpb-content-wrapper"><p>[vc_row full_width= »stretch_row_content_no_spaces » content_placement= »bottom » css= ».vc_custom_1548236712706{background-image: url(https://www.formentera.es/wp-content/uploads/2019/01/AdobeStock_68411178-1.jpg?id=2723) !important;background-position: center !important;background-repeat: no-repeat !important;background-size: cover !important;} » el_id= »top_categoria »][vc_column][vc_column_text]</p>
<h1><b>L’île</b><b>: </b>Formentera</h1>
<p>On respire à Formentera une ambiance calme, ses habitants nous captivent, son atmosphère est inégalable et ses eaux uniques pour leur transparence et leur couleur turquoise nous évoquent des latitudes tropicales. Souhaitez-vous la découvrir?[/vc_column_text][/vc_column][/vc_row][vc_row full_width= »stretch_row_content » equal_height= »yes »][vc_column][vc_column_text el_class= »h1&Prime;]</p>
<h2><b>L’île</b></h2>
<p>[/vc_column_text][/vc_column][/vc_row][vc_row full_width= »stretch_row_content »][vc_column][vc_basic_grid post_type= »ids » item= »60&Prime; grid_id= »vc_gid:1553168349897-ff84468e-a69d-5&Prime; include= »1046, 1048, 113, 23, 1331, 1369&Prime;][/vc_column][/vc_row][vc_row full_width= »stretch_row_content » css= ».vc_custom_1548953430557{padding-top: 80px !important;} » el_class= »bloque_maseventos »][vc_column][vc_column_text el_class= »h1&Prime;]</p>
<h2>Événements à Formentera</h2>
<p>[/vc_column_text][vc_basic_grid post_type= »post » max_items= »2&Prime; element_width= »6&Prime; orderby= »rand » item= »1532&Prime; grid_id= »vc_gid:1553168349901-90379219-78b4-5&Prime; taxonomies= »17&Prime;][vc_btn title= »Plus d&rsquo;événements » style= »flat » shape= »square » color= »white » size= »lg » align= »center » i_align= »right » i_type= »entypo » i_icon_entypo= »entypo-icon entypo-icon-right-open-big » add_icon= »true » el_class= »btn_more » link= »url:https%3A%2F%2Fwww.formentera.es%2Ffr%2Fevenements||| »][/vc_column][/vc_row]</p>
</div>

<p>[vc_row full_width= »stretch_row_content_no_spaces » content_placement= »bottom » css= ».vc_custom_1548236712706{background-image: url(https://www.formentera.es/wp-content/uploads/2019/01/AdobeStock_68411178-1.jpg?id=2723) !important;background-position: center !important;background-repeat: no-repeat !important;background-size: cover !important;} » el_id= »top_categoria »][vc_column][vc_column_text] L’île: Formentera [&hellip;]</p>

<!-- This site is optimized with the Yoast SEO plugin v25.5 - https://yoast.com/wordpress/plugins/seo/ -->
<title>Conoce la isla de Formentera | Turismo de Formentera</title>
<meta name="description" content="Conoce la isla de Formentera. ¿Dónde esta?, el clima, sus pueblos y playas, su historia y la fauna y flora." />
<meta name="robots" content="index, follow, max-snippet:-1, max-image-preview:large, max-video-preview:-1" />
<link rel="canonical" href="https://www.formentera.es/fr/lile/" />
<meta property="og:locale" content="fr_FR" />
<meta property="og:type" content="article" />
<meta property="og:title" content="Conoce la isla de Formentera | Turismo de Formentera" />
<meta property="og:description" content="Conoce la isla de Formentera. ¿Dónde esta?, el clima, sus pueblos y playas, su historia y la fauna y flora." />
<meta property="og:url" content="https://www.formentera.es/fr/lile/" />
<meta property="og:site_name" content="Turismo de Formentera" />
<meta property="article:publisher" content="https://www.facebook.com/turismoformentera/" />
<meta property="article:modified_time" content="2019-03-21T11:41:16+00:00" />
<meta property="og:image" content="https://www.formentera.es/wp-content/uploads/2019/01/AdobeStock_68411178.jpg" />
	<meta property="og:image:width" content="2200" />
	<meta property="og:image:height" content="1315" />
	<meta property="og:image:type" content="image/jpeg" />
<meta name="twitter:card" content="summary_large_image" />
<meta name="twitter:site" content="@visitformentera" />
<meta name="twitter:label1" content="Durée de lecture estimée" />
	<meta name="twitter:data1" content="1 minute" />
<script type="application/ld+json" class="yoast-schema-graph">{"@context":"https://schema.org","@graph":[{"@type":"WebPage","@id":"https://www.formentera.es/fr/lile/","url":"https://www.formentera.es/fr/lile/","name":"Conoce la isla de Formentera | Turismo de Formentera","isPartOf":{"@id":"https://www.formentera.es/#website"},"primaryImageOfPage":{"@id":"https://www.formentera.es/fr/lile/#primaryimage"},"image":{"@id":"https://www.formentera.es/fr/lile/#primaryimage"},"thumbnailUrl":"https://www.formentera.es/wp-content/uploads/2019/01/AdobeStock_68411178.jpg","datePublished":"2018-06-28T08:47:49+00:00","dateModified":"2019-03-21T11:41:16+00:00","description":"Conoce la isla de Formentera. ¿Dónde esta?, el clima, sus pueblos y playas, su historia y la fauna y flora.","breadcrumb":{"@id":"https://www.formentera.es/fr/lile/#breadcrumb"},"inLanguage":"fr-FR","potentialAction":[{"@type":"ReadAction","target":["https://www.formentera.es/fr/lile/"]}]},{"@type":"ImageObject","inLanguage":"fr-FR","@id":"https://www.formentera.es/fr/lile/#primaryimage","url":"https://www.formentera.es/wp-content/uploads/2019/01/AdobeStock_68411178.jpg","contentUrl":"https://www.formentera.es/wp-content/uploads/2019/01/AdobeStock_68411178.jpg","width":2200,"height":1315},{"@type":"BreadcrumbList","@id":"https://www.formentera.es/fr/lile/#breadcrumb","itemListElement":[{"@type":"ListItem","position":1,"name":"Portada","item":"https://www.formentera.es/fr/"},{"@type":"ListItem","position":2,"name":"L’île"}]},{"@type":"WebSite","@id":"https://www.formentera.es/#website","url":"https://www.formentera.es/","name":"Turismo de Formentera","description":"Web oficial de Turismo de Formentera","potentialAction":[{"@type":"SearchAction","target":{"@type":"EntryPoint","urlTemplate":"https://www.formentera.es/?s={search_term_string}"},"query-input":{"@type":"PropertyValueSpecification","valueRequired":true,"valueName":"search_term_string"}}],"inLanguage":"fr-FR"}]}</script>
<!-- / Yoast SEO plugin. -->

Conoce la isla de Formentera. ¿Dónde esta?, el clima, sus pueblos y playas, su historia y la fauna y flora.
