{"id":3244,"date":"2018-12-12T07:34:30","date_gmt":"2018-12-12T09:34:30","guid":{"rendered":"https:\/\/www.formentera.es\/the-island\/flora-y-fauna\/"},"modified":"2025-09-04T12:22:57","modified_gmt":"2025-09-04T10:22:57","slug":"flora-and-fauna","status":"publish","type":"page","link":"https:\/\/www.formentera.es\/en\/the-island\/flora-and-fauna\/","title":{"rendered":"Flora and fauna"},"content":{"rendered":"<div class=\"wpb-content-wrapper\"><p>[vc_row full_width=&#8221;stretch_row_content_no_spaces&#8221; equal_height=&#8221;yes&#8221; content_placement=&#8221;bottom&#8221; css=&#8221;.vc_custom_1546502656253{background-image: url(https:\/\/www.formentera.es\/wp-content\/uploads\/2019\/01\/florayfaunaformentera_header.jpg?id=1689) !important;background-position: center !important;background-repeat: no-repeat !important;background-size: cover !important;}&#8221; el_id=&#8221;top_categoria&#8221; el_class=&#8221;categoria2&#8243;][vc_column width=&#8221;1\/2&#8243; css=&#8221;.vc_custom_1546502335334{background-position: center !important;background-repeat: no-repeat !important;background-size: cover !important;}&#8221;][vc_column_text]<\/p>\n<h1>Formentera flora and fauna<\/h1>\n<p>[\/vc_column_text][\/vc_column][vc_column width=&#8221;1\/2&#8243; css=&#8221;.vc_custom_1756981375591{background-color: #30A8A2 !important;}&#8221;][vc_column_text]The tiny island of Formentera has always attracted many visitors for its breathtaking Mediterranean landscapes. Visiting the Ses Salines d&#8217;Eivissa i Formentera Natural Park is undoubtedly the best way to discover the diverse fauna and flora typical of the Pityusic islands.<\/p>\n<p>The forest landscape is made up of pines and junipers, while the beaches and lagoons of the coast are bordered by dunes and shrubs. And under the sea lies one of the essential features of this ecosystem, the Posidonia, a marine plant without which this island would not be the same.<\/p>\n<p>The island&#8217;s fauna is also very varied, more than 210 species of birds having made their home here, either permanently or stopping over on their long migratory journeys. Moreover, the colourful native lizards are one of the island&#8217;s most distinctive animals and can easily be spotted basking in the sun all over the island.<\/p>\n<p>In short, Formentera in general, and the natural park in particular, are an essential visit for those who want to get to know the Mediterranean and its extensive biodiversity.[\/vc_column_text][\/vc_column][\/vc_row][vc_row full_width=&#8221;stretch_row_content&#8221; equal_height=&#8221;yes&#8221;][vc_column][vc_column_text el_class=&#8221;h1&#8243;]<\/p>\n<h2>Flora and fauna. Natural Park<\/h2>\n<p>[\/vc_column_text][\/vc_column][\/vc_row][vc_row full_width=&#8221;stretch_row_content&#8221;][vc_column][vc_basic_grid post_type=&#8221;custom&#8221; item=&#8221;60&#8243; grid_id=&#8221;vc_gid:1756981366767-ff579a64-84cf-0&#8243; custom_query=&#8221;post_type=page&amp;post_parent=1331&amp;orderby=rand&#8221;][\/vc_column][\/vc_row][vc_row full_width=&#8221;stretch_row_content&#8221; css=&#8221;.vc_custom_1548954435133{padding-top: 80px !important;}&#8221; el_class=&#8221;bloque_maseventos&#8221;][vc_column][vc_column_text el_class=&#8221;h1&#8243;]<\/p>\n<h2>Events in Formentera<\/h2>\n<p>[\/vc_column_text][vc_basic_grid post_type=&#8221;post&#8221; max_items=&#8221;2&#8243; element_width=&#8221;6&#8243; orderby=&#8221;rand&#8221; item=&#8221;1532&#8243; grid_id=&#8221;vc_gid:1756981366767-1ce7fdb5-d2dc-10&#8243; taxonomies=&#8221;17&#8243;][vc_btn title=&#8221;More events&#8221; style=&#8221;flat&#8221; shape=&#8221;square&#8221; color=&#8221;white&#8221; size=&#8221;lg&#8221; align=&#8221;center&#8221; i_align=&#8221;right&#8221; i_type=&#8221;entypo&#8221; i_icon_entypo=&#8221;entypo-icon entypo-icon-right-open-big&#8221; add_icon=&#8221;true&#8221; el_class=&#8221;btn_more&#8221; link=&#8221;url:https%3A%2F%2Fwww.formentera.es%2Feventos%2F|||&#8221;][\/vc_column][\/vc_row]<\/p>\n<\/div>","protected":false},"excerpt":{"rendered":"<p>[vc_row full_width=&#8221;stretch_row_content_no_spaces&#8221; equal_height=&#8221;yes&#8221; content_placement=&#8221;bottom&#8221; css=&#8221;.vc_custom_1546502656253{background-image: url(https:\/\/www.formentera.es\/wp-content\/uploads\/2019\/01\/florayfaunaformentera_header.jpg?id=1689) !important;background-position: center !important;background-repeat: no-repeat !important;background-size: cover !important;}&#8221; el_id=&#8221;top_categoria&#8221; el_class=&#8221;categoria2&#8243;][vc_column [&hellip;]<\/p>\n","protected":false},"author":1,"featured_media":3246,"parent":3224,"menu_order":0,"comment_status":"closed","ping_status":"closed","template":"","meta":{"_acf_changed":false,"footnotes":""},"categories":[],"class_list":["post-3244","page","type-page","status-publish","hentry"],"acf":[],"yoast_head":"<!-- This site is optimized with the Yoast SEO plugin v25.5 - https:\/\/yoast.com\/wordpress\/plugins\/seo\/ -->\n<title>La flora y fauna de Formentera | Turismo de Formentera<\/title>\n<meta name=\"description\" content=\"Descubre la flora y fauna aut\u00f3ctona de Formentera. Uuna visita \u00fanica para aquellos que quieran conocer el Mediterr\u00e1neo y su amplia biodiversidad.\" \/>\n<meta name=\"robots\" content=\"index, follow, max-snippet:-1, max-image-preview:large, max-video-preview:-1\" \/>\n<link rel=\"canonical\" href=\"https:\/\/www.formentera.es\/en\/the-island\/flora-and-fauna\/\" \/>\n<meta property=\"og:locale\" content=\"en_US\" \/>\n<meta property=\"og:type\" content=\"article\" \/>\n<meta property=\"og:title\" content=\"La flora y fauna de Formentera | Turismo de Formentera\" \/>\n<meta property=\"og:description\" content=\"Descubre la flora y fauna aut\u00f3ctona de Formentera. Uuna visita \u00fanica para aquellos que quieran conocer el Mediterr\u00e1neo y su amplia biodiversidad.\" \/>\n<meta property=\"og:url\" content=\"https:\/\/www.formentera.es\/en\/the-island\/flora-and-fauna\/\" \/>\n<meta property=\"og:site_name\" content=\"Turismo de Formentera\" \/>\n<meta property=\"article:publisher\" content=\"https:\/\/www.facebook.com\/turismoformentera\/\" \/>\n<meta property=\"article:modified_time\" content=\"2025-09-04T10:22:57+00:00\" \/>\n<meta property=\"og:image\" content=\"https:\/\/www.formentera.es\/wp-content\/uploads\/2018\/11\/Flamencos-Jose-A.-Arribas-Beni2008.jpg\" \/>\n\t<meta property=\"og:image:width\" content=\"1900\" \/>\n\t<meta property=\"og:image:height\" content=\"950\" \/>\n\t<meta property=\"og:image:type\" content=\"image\/jpeg\" \/>\n<meta name=\"twitter:card\" content=\"summary_large_image\" \/>\n<meta name=\"twitter:site\" content=\"@visitformentera\" \/>\n<meta name=\"twitter:label1\" content=\"Est. reading time\" \/>\n\t<meta name=\"twitter:data1\" content=\"2 minutes\" \/>\n<script type=\"application\/ld+json\" class=\"yoast-schema-graph\">{\"@context\":\"https:\/\/schema.org\",\"@graph\":[{\"@type\":\"WebPage\",\"@id\":\"https:\/\/www.formentera.es\/en\/the-island\/flora-and-fauna\/\",\"url\":\"https:\/\/www.formentera.es\/en\/the-island\/flora-and-fauna\/\",\"name\":\"La flora y fauna de Formentera | Turismo de Formentera\",\"isPartOf\":{\"@id\":\"https:\/\/www.formentera.es\/#website\"},\"primaryImageOfPage\":{\"@id\":\"https:\/\/www.formentera.es\/en\/the-island\/flora-and-fauna\/#primaryimage\"},\"image\":{\"@id\":\"https:\/\/www.formentera.es\/en\/the-island\/flora-and-fauna\/#primaryimage\"},\"thumbnailUrl\":\"https:\/\/www.formentera.es\/wp-content\/uploads\/2018\/11\/Flamencos-Jose-A.-Arribas-Beni2008.jpg\",\"datePublished\":\"2018-12-12T09:34:30+00:00\",\"dateModified\":\"2025-09-04T10:22:57+00:00\",\"description\":\"Descubre la flora y fauna aut\u00f3ctona de Formentera. Uuna visita \u00fanica para aquellos que quieran conocer el Mediterr\u00e1neo y su amplia biodiversidad.\",\"breadcrumb\":{\"@id\":\"https:\/\/www.formentera.es\/en\/the-island\/flora-and-fauna\/#breadcrumb\"},\"inLanguage\":\"en-US\",\"potentialAction\":[{\"@type\":\"ReadAction\",\"target\":[\"https:\/\/www.formentera.es\/en\/the-island\/flora-and-fauna\/\"]}]},{\"@type\":\"ImageObject\",\"inLanguage\":\"en-US\",\"@id\":\"https:\/\/www.formentera.es\/en\/the-island\/flora-and-fauna\/#primaryimage\",\"url\":\"https:\/\/www.formentera.es\/wp-content\/uploads\/2018\/11\/Flamencos-Jose-A.-Arribas-Beni2008.jpg\",\"contentUrl\":\"https:\/\/www.formentera.es\/wp-content\/uploads\/2018\/11\/Flamencos-Jose-A.-Arribas-Beni2008.jpg\",\"width\":1900,\"height\":950},{\"@type\":\"BreadcrumbList\",\"@id\":\"https:\/\/www.formentera.es\/en\/the-island\/flora-and-fauna\/#breadcrumb\",\"itemListElement\":[{\"@type\":\"ListItem\",\"position\":1,\"name\":\"Portada\",\"item\":\"https:\/\/www.formentera.es\/en\/\"},{\"@type\":\"ListItem\",\"position\":2,\"name\":\"The Island\",\"item\":\"https:\/\/www.formentera.es\/en\/the-island\/\"},{\"@type\":\"ListItem\",\"position\":3,\"name\":\"Flora and fauna\"}]},{\"@type\":\"WebSite\",\"@id\":\"https:\/\/www.formentera.es\/#website\",\"url\":\"https:\/\/www.formentera.es\/\",\"name\":\"Turismo de Formentera\",\"description\":\"Web oficial de Turismo de Formentera\",\"potentialAction\":[{\"@type\":\"SearchAction\",\"target\":{\"@type\":\"EntryPoint\",\"urlTemplate\":\"https:\/\/www.formentera.es\/?s={search_term_string}\"},\"query-input\":{\"@type\":\"PropertyValueSpecification\",\"valueRequired\":true,\"valueName\":\"search_term_string\"}}],\"inLanguage\":\"en-US\"}]}<\/script>\n<!-- \/ Yoast SEO plugin. -->","yoast_head_json":{"title":"La flora y fauna de Formentera | Turismo de Formentera","description":"Descubre la flora y fauna aut\u00f3ctona de Formentera. Uuna visita \u00fanica para aquellos que quieran conocer el Mediterr\u00e1neo y su amplia biodiversidad.","robots":{"index":"index","follow":"follow","max-snippet":"max-snippet:-1","max-image-preview":"max-image-preview:large","max-video-preview":"max-video-preview:-1"},"canonical":"https:\/\/www.formentera.es\/en\/the-island\/flora-and-fauna\/","og_locale":"en_US","og_type":"article","og_title":"La flora y fauna de Formentera | Turismo de Formentera","og_description":"Descubre la flora y fauna aut\u00f3ctona de Formentera. Uuna visita \u00fanica para aquellos que quieran conocer el Mediterr\u00e1neo y su amplia biodiversidad.","og_url":"https:\/\/www.formentera.es\/en\/the-island\/flora-and-fauna\/","og_site_name":"Turismo de Formentera","article_publisher":"https:\/\/www.facebook.com\/turismoformentera\/","article_modified_time":"2025-09-04T10:22:57+00:00","og_image":[{"width":1900,"height":950,"url":"https:\/\/www.formentera.es\/wp-content\/uploads\/2018\/11\/Flamencos-Jose-A.-Arribas-Beni2008.jpg","type":"image\/jpeg"}],"twitter_card":"summary_large_image","twitter_site":"@visitformentera","twitter_misc":{"Est. reading time":"2 minutes"},"schema":{"@context":"https:\/\/schema.org","@graph":[{"@type":"WebPage","@id":"https:\/\/www.formentera.es\/en\/the-island\/flora-and-fauna\/","url":"https:\/\/www.formentera.es\/en\/the-island\/flora-and-fauna\/","name":"La flora y fauna de Formentera | Turismo de Formentera","isPartOf":{"@id":"https:\/\/www.formentera.es\/#website"},"primaryImageOfPage":{"@id":"https:\/\/www.formentera.es\/en\/the-island\/flora-and-fauna\/#primaryimage"},"image":{"@id":"https:\/\/www.formentera.es\/en\/the-island\/flora-and-fauna\/#primaryimage"},"thumbnailUrl":"https:\/\/www.formentera.es\/wp-content\/uploads\/2018\/11\/Flamencos-Jose-A.-Arribas-Beni2008.jpg","datePublished":"2018-12-12T09:34:30+00:00","dateModified":"2025-09-04T10:22:57+00:00","description":"Descubre la flora y fauna aut\u00f3ctona de Formentera. Uuna visita \u00fanica para aquellos que quieran conocer el Mediterr\u00e1neo y su amplia biodiversidad.","breadcrumb":{"@id":"https:\/\/www.formentera.es\/en\/the-island\/flora-and-fauna\/#breadcrumb"},"inLanguage":"en-US","potentialAction":[{"@type":"ReadAction","target":["https:\/\/www.formentera.es\/en\/the-island\/flora-and-fauna\/"]}]},{"@type":"ImageObject","inLanguage":"en-US","@id":"https:\/\/www.formentera.es\/en\/the-island\/flora-and-fauna\/#primaryimage","url":"https:\/\/www.formentera.es\/wp-content\/uploads\/2018\/11\/Flamencos-Jose-A.-Arribas-Beni2008.jpg","contentUrl":"https:\/\/www.formentera.es\/wp-content\/uploads\/2018\/11\/Flamencos-Jose-A.-Arribas-Beni2008.jpg","width":1900,"height":950},{"@type":"BreadcrumbList","@id":"https:\/\/www.formentera.es\/en\/the-island\/flora-and-fauna\/#breadcrumb","itemListElement":[{"@type":"ListItem","position":1,"name":"Portada","item":"https:\/\/www.formentera.es\/en\/"},{"@type":"ListItem","position":2,"name":"The Island","item":"https:\/\/www.formentera.es\/en\/the-island\/"},{"@type":"ListItem","position":3,"name":"Flora and fauna"}]},{"@type":"WebSite","@id":"https:\/\/www.formentera.es\/#website","url":"https:\/\/www.formentera.es\/","name":"Turismo de Formentera","description":"Web oficial de Turismo de Formentera","potentialAction":[{"@type":"SearchAction","target":{"@type":"EntryPoint","urlTemplate":"https:\/\/www.formentera.es\/?s={search_term_string}"},"query-input":{"@type":"PropertyValueSpecification","valueRequired":true,"valueName":"search_term_string"}}],"inLanguage":"en-US"}]}},"_links":{"self":[{"href":"https:\/\/www.formentera.es\/en\/wp-json\/wp\/v2\/pages\/3244","targetHints":{"allow":["GET"]}}],"collection":[{"href":"https:\/\/www.formentera.es\/en\/wp-json\/wp\/v2\/pages"}],"about":[{"href":"https:\/\/www.formentera.es\/en\/wp-json\/wp\/v2\/types\/page"}],"author":[{"embeddable":true,"href":"https:\/\/www.formentera.es\/en\/wp-json\/wp\/v2\/users\/1"}],"replies":[{"embeddable":true,"href":"https:\/\/www.formentera.es\/en\/wp-json\/wp\/v2\/comments?post=3244"}],"version-history":[{"count":2,"href":"https:\/\/www.formentera.es\/en\/wp-json\/wp\/v2\/pages\/3244\/revisions"}],"predecessor-version":[{"id":45193,"href":"https:\/\/www.formentera.es\/en\/wp-json\/wp\/v2\/pages\/3244\/revisions\/45193"}],"up":[{"embeddable":true,"href":"https:\/\/www.formentera.es\/en\/wp-json\/wp\/v2\/pages\/3224"}],"wp:featuredmedia":[{"embeddable":true,"href":"https:\/\/www.formentera.es\/en\/wp-json\/wp\/v2\/media\/3246"}],"wp:attachment":[{"href":"https:\/\/www.formentera.es\/en\/wp-json\/wp\/v2\/media?parent=3244"}],"wp:term":[{"taxonomy":"category","embeddable":true,"href":"https:\/\/www.formentera.es\/en\/wp-json\/wp\/v2\/categories?post=3244"}],"curies":[{"name":"wp","href":"https:\/\/api.w.org\/{rel}","templated":true}]}}

<!-- This site is optimized with the Yoast SEO plugin v25.5 - https://yoast.com/wordpress/plugins/seo/ -->
<title>La flora y fauna de Formentera | Turismo de Formentera</title>
<meta name="description" content="Descubre la flora y fauna autóctona de Formentera. Uuna visita única para aquellos que quieran conocer el Mediterráneo y su amplia biodiversidad." />
<meta name="robots" content="index, follow, max-snippet:-1, max-image-preview:large, max-video-preview:-1" />
<link rel="canonical" href="https://www.formentera.es/en/the-island/flora-and-fauna/" />
<meta property="og:locale" content="en_US" />
<meta property="og:type" content="article" />
<meta property="og:title" content="La flora y fauna de Formentera | Turismo de Formentera" />
<meta property="og:description" content="Descubre la flora y fauna autóctona de Formentera. Uuna visita única para aquellos que quieran conocer el Mediterráneo y su amplia biodiversidad." />
<meta property="og:url" content="https://www.formentera.es/en/the-island/flora-and-fauna/" />
<meta property="og:site_name" content="Turismo de Formentera" />
<meta property="article:publisher" content="https://www.facebook.com/turismoformentera/" />
<meta property="article:modified_time" content="2025-09-04T10:22:57+00:00" />
<meta property="og:image" content="https://www.formentera.es/wp-content/uploads/2018/11/Flamencos-Jose-A.-Arribas-Beni2008.jpg" />
	<meta property="og:image:width" content="1900" />
	<meta property="og:image:height" content="950" />
	<meta property="og:image:type" content="image/jpeg" />
<meta name="twitter:card" content="summary_large_image" />
<meta name="twitter:site" content="@visitformentera" />
<meta name="twitter:label1" content="Est. reading time" />
	<meta name="twitter:data1" content="2 minutes" />
<script type="application/ld+json" class="yoast-schema-graph">{"@context":"https://schema.org","@graph":[{"@type":"WebPage","@id":"https://www.formentera.es/en/the-island/flora-and-fauna/","url":"https://www.formentera.es/en/the-island/flora-and-fauna/","name":"La flora y fauna de Formentera | Turismo de Formentera","isPartOf":{"@id":"https://www.formentera.es/#website"},"primaryImageOfPage":{"@id":"https://www.formentera.es/en/the-island/flora-and-fauna/#primaryimage"},"image":{"@id":"https://www.formentera.es/en/the-island/flora-and-fauna/#primaryimage"},"thumbnailUrl":"https://www.formentera.es/wp-content/uploads/2018/11/Flamencos-Jose-A.-Arribas-Beni2008.jpg","datePublished":"2018-12-12T09:34:30+00:00","dateModified":"2025-09-04T10:22:57+00:00","description":"Descubre la flora y fauna autóctona de Formentera. Uuna visita única para aquellos que quieran conocer el Mediterráneo y su amplia biodiversidad.","breadcrumb":{"@id":"https://www.formentera.es/en/the-island/flora-and-fauna/#breadcrumb"},"inLanguage":"en-US","potentialAction":[{"@type":"ReadAction","target":["https://www.formentera.es/en/the-island/flora-and-fauna/"]}]},{"@type":"ImageObject","inLanguage":"en-US","@id":"https://www.formentera.es/en/the-island/flora-and-fauna/#primaryimage","url":"https://www.formentera.es/wp-content/uploads/2018/11/Flamencos-Jose-A.-Arribas-Beni2008.jpg","contentUrl":"https://www.formentera.es/wp-content/uploads/2018/11/Flamencos-Jose-A.-Arribas-Beni2008.jpg","width":1900,"height":950},{"@type":"BreadcrumbList","@id":"https://www.formentera.es/en/the-island/flora-and-fauna/#breadcrumb","itemListElement":[{"@type":"ListItem","position":1,"name":"Portada","item":"https://www.formentera.es/en/"},{"@type":"ListItem","position":2,"name":"The Island","item":"https://www.formentera.es/en/the-island/"},{"@type":"ListItem","position":3,"name":"Flora and fauna"}]},{"@type":"WebSite","@id":"https://www.formentera.es/#website","url":"https://www.formentera.es/","name":"Turismo de Formentera","description":"Web oficial de Turismo de Formentera","potentialAction":[{"@type":"SearchAction","target":{"@type":"EntryPoint","urlTemplate":"https://www.formentera.es/?s={search_term_string}"},"query-input":{"@type":"PropertyValueSpecification","valueRequired":true,"valueName":"search_term_string"}}],"inLanguage":"en-US"}]}</script>
<!-- / Yoast SEO plugin. -->

Descubre la flora y fauna autóctona de Formentera. Uuna visita única para aquellos que quieran conocer el Mediterráneo y su amplia biodiversidad.
