{"id":7650,"date":"2018-12-12T07:42:58","date_gmt":"2018-12-12T09:42:58","guid":{"rendered":"https:\/\/www.formentera.es\/planen\/amarres-puertos\/"},"modified":"2023-07-03T09:59:45","modified_gmt":"2023-07-03T07:59:45","slug":"anlegestellen","status":"publish","type":"page","link":"https:\/\/www.formentera.es\/de\/planen\/anlegestellen\/","title":{"rendered":"Anlegestellen"},"content":{"rendered":"<div class=\"wpb-content-wrapper\"><p>[vc_row full_width=&#8220;stretch_row_content_no_spaces&#8220; content_placement=&#8220;middle&#8220; css=&#8220;.vc_custom_1549362793100{background-image: url(https:\/\/www.formentera.es\/wp-content\/uploads\/2019\/01\/amarres_formentera-1.jpg?id=2044) !important;background-position: center !important;background-repeat: no-repeat !important;background-size: cover !important;}&#8220; el_id=&#8220;top_categoria&#8220; el_class=&#8220;planifica&#8220;][vc_column][vc_column_text]<\/p>\n<h1>Anlegestellen<\/h1>\n<p>[\/vc_column_text][\/vc_column][\/vc_row][vc_row el_class=&#8220;bgen&#8220;][vc_column width=&#8220;2\/3&#8243;][vc_column_text]La Savina ist der Hafen von Formentera und er befindet sich im n\u00f6rdlichen Teil der Insel. Er verf\u00fcgt \u00fcber einen Yachthafen mit entsprechenden Dienstleistungen f\u00fcr Segler und Motorboote.<\/p>\n<p>Es gibt zwei <b>Unternehmen<\/b>, die die mehr als 150 Anlegestellen im Hafen La Savina verwalten.<\/p>\n<p><strong>MARINA LA SAVINA<\/strong><\/p>\n<p>Auf dem westlichen Steg gelegen<\/p>\n<p>Breitengrad: 38\u00ba 44\u2019 1&#8243; N L\u00e4ngengrad: 01\u00ba 24\u2019 9&#8243; E<\/p>\n<p><a href=\"https:\/\/marinalasavina.com\/\">www.marinalasavina.com<\/a><\/p>\n<p>Telefon +34 971 105 533 | info@marinalasavina.com<\/p>\n<p><strong>PORT FORMENTERA MARINA<\/strong><\/p>\n<p>Auf dem \u00f6stlichen Steg gelegen<\/p>\n<p>Breitengrad: 38\u00ba 44\u2019 00&#8243; N L\u00e4ngengrad: 01\u00ba 25\u2019 01&#8243; O<\/p>\n<p><a href=\"https:\/\/www.portformentera.com\/\">www.portformentera.com<\/a><\/p>\n<p>Telefon +34 971 370 053 | Email: capitania@portformentera.com<\/p>\n<p><strong><b>AUF POSIDONIA-SEEGRAS ANKERN<\/b><\/strong><\/p>\n<p>Angesichts des Weltnaturerbes, welches die Posidonia-Seegraswiesen darstellen, sowie der Notwendigkeit, diese zu erhalten, wurde das Ankern von Schiffen auf Posidonia-Seegraswiesen geregelt. F\u00fcr n\u00e4here Informationen besuchen Sie die Website :<a href=\"http:\/\/www.portsib.es\">www.portsib.es<\/a><\/p>\n<p><strong><b>REGATTEN AUF FORMENTERA<\/b><\/strong><\/p>\n<p>Derzeit nehmen mehrere Regatten Kurs auf Formentera, die von verschiedenen Ausgangspunkten aus starten, wie Torrevieja (Regata Estrella Levante), Sitges (Regata Ophiusa), Calpe (Regata Pe\u00f1\u00f3n de Ifach) und Mallorca (Regata Palma-Formentera-Palma Memorial Pepe Bellver).[\/vc_column_text][\/vc_column][vc_column width=&#8220;1\/3&#8243;][vc_wp_custommenu nav_menu=&#8220;20&#8243; title=&#8220;Planifica tu viaje&#8220;][vc_column_text]<div id=\"sidebar_ficha\"><a class=\"sidebar_breadcrumbs\" href=\"https:\/\/www.formentera.es\/de\/planen\/\"><i class=\"fa fa-angle-left\"><\/i>Zur\u00fcck zu Planen<\/a><div class=\"content_sidebar\"><div class=\"bloc_share\"><div class=\"blocs1\"><div class=\"tit_medium\">Teilen\r\n\u00fcbersetzungen<\/div><div class=\"redes_ficha\"><div class=\"fa fa-brands fa-x-twitter st-custom-button\" data-network=\"twitter\"><\/div><div class=\"fa fa-facebook st-custom-button\" data-network=\"facebook\"><\/div><div class=\"fa fa-pinterest-p st-custom-button\" data-network=\"pinterest\"><\/div><\/div><\/div><div class=\"blocs2\"><div class=\"tit_medium\">An einen Freund senden<\/div><div class=\"redes_ficha\"><div class=\"fa fa-envelope st-custom-button\" data-network=\"email\"><\/div><div class=\"fa fa-whatsapp st-custom-button\" data-network=\"whatsapp\"><\/div><\/div><\/div><\/div><\/div><\/div>[\/vc_column_text][\/vc_column][\/vc_row][vc_row][vc_column][vc_column_text]<div id=\"siguexpl\" class=\"container sc\"><h2>Erforschen Sie weiter<\/h2><div class=\"row\"><a href=\"https:\/\/www.formentera.es\/de\/erkunden\/straende\/\" class=\"col-md-4\">\n\t\t\t\t\t\t<div class=\"row\">\n\t\t\t\t\t\t\t<div class=\"col-sm-4\" style=\"background-image: url(https:\/\/www.formentera.es\/wp-content\/uploads\/2025\/07\/illetas2025-300x225.webp)\"><\/div>\n\t\t\t\t\t\t\t<div class=\"col-sm-8\">\n\t\t\t\t\t\t\t\tStr\u00e4nde\n\t\t\t\t\t\t\t\t<i class=\"fa fa-angle-right\"><\/i>\n\t\t\t\t\t\t\t<\/div>\n\t\t\t\t\t\t\t<div class=\"bhover\"><\/div>\n\t\t\t\t\t\t<\/div>\n\t\t\t\t\t\t\n\t\t\t\t\t<\/a><a href=\"https:\/\/www.formentera.es\/de\/die-insel\/\" class=\"col-md-4\">\n\t\t\t\t\t\t<div class=\"row\">\n\t\t\t\t\t\t\t<div class=\"col-sm-4\" style=\"background-image: url(https:\/\/www.formentera.es\/wp-content\/uploads\/2019\/01\/AdobeStock_68411178-300x179.jpg)\"><\/div>\n\t\t\t\t\t\t\t<div class=\"col-sm-8\">\n\t\t\t\t\t\t\t\tDie Insel\n\t\t\t\t\t\t\t\t<i class=\"fa fa-angle-right\"><\/i>\n\t\t\t\t\t\t\t<\/div>\n\t\t\t\t\t\t\t<div class=\"bhover\"><\/div>\n\t\t\t\t\t\t<\/div>\n\t\t\t\t\t\t\n\t\t\t\t\t<\/a><a href=\"https:\/\/www.formentera.es\/de\/erkunden\/sehenswerte-orte\/\" class=\"col-md-4\">\n\t\t\t\t\t\t<div class=\"row\">\n\t\t\t\t\t\t\t<div class=\"col-sm-4\" style=\"background-image: url(https:\/\/www.formentera.es\/wp-content\/uploads\/2018\/12\/audio_16-mp3-image-300x297.png)\"><\/div>\n\t\t\t\t\t\t\t<div class=\"col-sm-8\">\n\t\t\t\t\t\t\t\tSehenswerte Orte\n\t\t\t\t\t\t\t\t<i class=\"fa fa-angle-right\"><\/i>\n\t\t\t\t\t\t\t<\/div>\n\t\t\t\t\t\t\t<div class=\"bhover\"><\/div>\n\t\t\t\t\t\t<\/div>\n\t\t\t\t\t\t\n\t\t\t\t\t<\/a><\/div><\/div>[\/vc_column_text][\/vc_column][\/vc_row]<\/p>\n<\/div>","protected":false},"excerpt":{"rendered":"<p>[vc_row full_width=&#8220;stretch_row_content_no_spaces&#8220; content_placement=&#8220;middle&#8220; css=&#8220;.vc_custom_1549362793100{background-image: url(https:\/\/www.formentera.es\/wp-content\/uploads\/2019\/01\/amarres_formentera-1.jpg?id=2044) !important;background-position: center !important;background-repeat: no-repeat !important;background-size: cover !important;}&#8220; el_id=&#8220;top_categoria&#8220; el_class=&#8220;planifica&#8220;][vc_column][vc_column_text] Anlegestellen [&hellip;]<\/p>\n","protected":false},"author":1,"featured_media":0,"parent":7263,"menu_order":0,"comment_status":"closed","ping_status":"closed","template":"page-gen.php","meta":{"_acf_changed":false,"footnotes":""},"categories":[],"class_list":["post-7650","page","type-page","status-publish","hentry"],"acf":[],"yoast_head":"<!-- This site is optimized with the Yoast SEO plugin v25.5 - https:\/\/yoast.com\/wordpress\/plugins\/seo\/ -->\n<title>Informaci\u00f3n de amarres y puertos de Formentera | Turismo de Formentera<\/title>\n<meta name=\"description\" content=\"Conoce el puerto de Formentera, La Savina. Todos los servicios con los que cuenta, adem\u00e1s de los amarres disponibles y normas de uso.\" \/>\n<meta name=\"robots\" content=\"index, follow, max-snippet:-1, max-image-preview:large, max-video-preview:-1\" \/>\n<link rel=\"canonical\" href=\"https:\/\/www.formentera.es\/planifica\/amarres-puertos\/\" \/>\n<meta property=\"og:locale\" content=\"de_DE\" \/>\n<meta property=\"og:type\" content=\"article\" \/>\n<meta property=\"og:title\" content=\"Informaci\u00f3n de amarres y puertos de Formentera | Turismo de Formentera\" \/>\n<meta property=\"og:description\" content=\"Conoce el puerto de Formentera, La Savina. Todos los servicios con los que cuenta, adem\u00e1s de los amarres disponibles y normas de uso.\" \/>\n<meta property=\"og:url\" content=\"https:\/\/www.formentera.es\/planifica\/amarres-puertos\/\" \/>\n<meta property=\"og:site_name\" content=\"Turismo de Formentera\" \/>\n<meta property=\"article:publisher\" content=\"https:\/\/www.facebook.com\/turismoformentera\/\" \/>\n<meta property=\"article:modified_time\" content=\"2023-07-03T07:59:45+00:00\" \/>\n<meta name=\"twitter:card\" content=\"summary_large_image\" \/>\n<meta name=\"twitter:site\" content=\"@visitformentera\" \/>\n<meta name=\"twitter:label1\" content=\"Gesch\u00e4tzte Lesezeit\" \/>\n\t<meta name=\"twitter:data1\" content=\"1\u00a0Minute\" \/>\n<script type=\"application\/ld+json\" class=\"yoast-schema-graph\">{\"@context\":\"https:\/\/schema.org\",\"@graph\":[{\"@type\":\"WebPage\",\"@id\":\"https:\/\/www.formentera.es\/planifica\/amarres-puertos\/\",\"url\":\"https:\/\/www.formentera.es\/planifica\/amarres-puertos\/\",\"name\":\"Informaci\u00f3n de amarres y puertos de Formentera | Turismo de Formentera\",\"isPartOf\":{\"@id\":\"https:\/\/www.formentera.es\/#website\"},\"datePublished\":\"2018-12-12T09:42:58+00:00\",\"dateModified\":\"2023-07-03T07:59:45+00:00\",\"description\":\"Conoce el puerto de Formentera, La Savina. Todos los servicios con los que cuenta, adem\u00e1s de los amarres disponibles y normas de uso.\",\"breadcrumb\":{\"@id\":\"https:\/\/www.formentera.es\/planifica\/amarres-puertos\/#breadcrumb\"},\"inLanguage\":\"de\",\"potentialAction\":[{\"@type\":\"ReadAction\",\"target\":[\"https:\/\/www.formentera.es\/planifica\/amarres-puertos\/\"]}]},{\"@type\":\"BreadcrumbList\",\"@id\":\"https:\/\/www.formentera.es\/planifica\/amarres-puertos\/#breadcrumb\",\"itemListElement\":[{\"@type\":\"ListItem\",\"position\":1,\"name\":\"Portada\",\"item\":\"https:\/\/www.formentera.es\/de\/\"},{\"@type\":\"ListItem\",\"position\":2,\"name\":\"Planen\",\"item\":\"https:\/\/www.formentera.es\/de\/planen\/\"},{\"@type\":\"ListItem\",\"position\":3,\"name\":\"Anlegestellen\"}]},{\"@type\":\"WebSite\",\"@id\":\"https:\/\/www.formentera.es\/#website\",\"url\":\"https:\/\/www.formentera.es\/\",\"name\":\"Turismo de Formentera\",\"description\":\"Web oficial de Turismo de Formentera\",\"potentialAction\":[{\"@type\":\"SearchAction\",\"target\":{\"@type\":\"EntryPoint\",\"urlTemplate\":\"https:\/\/www.formentera.es\/?s={search_term_string}\"},\"query-input\":{\"@type\":\"PropertyValueSpecification\",\"valueRequired\":true,\"valueName\":\"search_term_string\"}}],\"inLanguage\":\"de\"}]}<\/script>\n<!-- \/ Yoast SEO plugin. -->","yoast_head_json":{"title":"Informaci\u00f3n de amarres y puertos de Formentera | Turismo de Formentera","description":"Conoce el puerto de Formentera, La Savina. Todos los servicios con los que cuenta, adem\u00e1s de los amarres disponibles y normas de uso.","robots":{"index":"index","follow":"follow","max-snippet":"max-snippet:-1","max-image-preview":"max-image-preview:large","max-video-preview":"max-video-preview:-1"},"canonical":"https:\/\/www.formentera.es\/planifica\/amarres-puertos\/","og_locale":"de_DE","og_type":"article","og_title":"Informaci\u00f3n de amarres y puertos de Formentera | Turismo de Formentera","og_description":"Conoce el puerto de Formentera, La Savina. Todos los servicios con los que cuenta, adem\u00e1s de los amarres disponibles y normas de uso.","og_url":"https:\/\/www.formentera.es\/planifica\/amarres-puertos\/","og_site_name":"Turismo de Formentera","article_publisher":"https:\/\/www.facebook.com\/turismoformentera\/","article_modified_time":"2023-07-03T07:59:45+00:00","twitter_card":"summary_large_image","twitter_site":"@visitformentera","twitter_misc":{"Gesch\u00e4tzte Lesezeit":"1\u00a0Minute"},"schema":{"@context":"https:\/\/schema.org","@graph":[{"@type":"WebPage","@id":"https:\/\/www.formentera.es\/planifica\/amarres-puertos\/","url":"https:\/\/www.formentera.es\/planifica\/amarres-puertos\/","name":"Informaci\u00f3n de amarres y puertos de Formentera | Turismo de Formentera","isPartOf":{"@id":"https:\/\/www.formentera.es\/#website"},"datePublished":"2018-12-12T09:42:58+00:00","dateModified":"2023-07-03T07:59:45+00:00","description":"Conoce el puerto de Formentera, La Savina. Todos los servicios con los que cuenta, adem\u00e1s de los amarres disponibles y normas de uso.","breadcrumb":{"@id":"https:\/\/www.formentera.es\/planifica\/amarres-puertos\/#breadcrumb"},"inLanguage":"de","potentialAction":[{"@type":"ReadAction","target":["https:\/\/www.formentera.es\/planifica\/amarres-puertos\/"]}]},{"@type":"BreadcrumbList","@id":"https:\/\/www.formentera.es\/planifica\/amarres-puertos\/#breadcrumb","itemListElement":[{"@type":"ListItem","position":1,"name":"Portada","item":"https:\/\/www.formentera.es\/de\/"},{"@type":"ListItem","position":2,"name":"Planen","item":"https:\/\/www.formentera.es\/de\/planen\/"},{"@type":"ListItem","position":3,"name":"Anlegestellen"}]},{"@type":"WebSite","@id":"https:\/\/www.formentera.es\/#website","url":"https:\/\/www.formentera.es\/","name":"Turismo de Formentera","description":"Web oficial de Turismo de Formentera","potentialAction":[{"@type":"SearchAction","target":{"@type":"EntryPoint","urlTemplate":"https:\/\/www.formentera.es\/?s={search_term_string}"},"query-input":{"@type":"PropertyValueSpecification","valueRequired":true,"valueName":"search_term_string"}}],"inLanguage":"de"}]}},"_links":{"self":[{"href":"https:\/\/www.formentera.es\/de\/wp-json\/wp\/v2\/pages\/7650","targetHints":{"allow":["GET"]}}],"collection":[{"href":"https:\/\/www.formentera.es\/de\/wp-json\/wp\/v2\/pages"}],"about":[{"href":"https:\/\/www.formentera.es\/de\/wp-json\/wp\/v2\/types\/page"}],"author":[{"embeddable":true,"href":"https:\/\/www.formentera.es\/de\/wp-json\/wp\/v2\/users\/1"}],"replies":[{"embeddable":true,"href":"https:\/\/www.formentera.es\/de\/wp-json\/wp\/v2\/comments?post=7650"}],"version-history":[{"count":0,"href":"https:\/\/www.formentera.es\/de\/wp-json\/wp\/v2\/pages\/7650\/revisions"}],"up":[{"embeddable":true,"href":"https:\/\/www.formentera.es\/de\/wp-json\/wp\/v2\/pages\/7263"}],"wp:attachment":[{"href":"https:\/\/www.formentera.es\/de\/wp-json\/wp\/v2\/media?parent=7650"}],"wp:term":[{"taxonomy":"category","embeddable":true,"href":"https:\/\/www.formentera.es\/de\/wp-json\/wp\/v2\/categories?post=7650"}],"curies":[{"name":"wp","href":"https:\/\/api.w.org\/{rel}","templated":true}]}}

<div class="wpb-content-wrapper"><p>[vc_row full_width=&#8220;stretch_row_content_no_spaces&#8220; content_placement=&#8220;middle&#8220; css=&#8220;.vc_custom_1549362793100{background-image: url(https://www.formentera.es/wp-content/uploads/2019/01/amarres_formentera-1.jpg?id=2044) !important;background-position: center !important;background-repeat: no-repeat !important;background-size: cover !important;}&#8220; el_id=&#8220;top_categoria&#8220; el_class=&#8220;planifica&#8220;][vc_column][vc_column_text]</p>
<h1>Anlegestellen</h1>
<p>[/vc_column_text][/vc_column][/vc_row][vc_row el_class=&#8220;bgen&#8220;][vc_column width=&#8220;2/3&#8243;][vc_column_text]La Savina ist der Hafen von Formentera und er befindet sich im nördlichen Teil der Insel. Er verfügt über einen Yachthafen mit entsprechenden Dienstleistungen für Segler und Motorboote.</p>
<p>Es gibt zwei <b>Unternehmen</b>, die die mehr als 150 Anlegestellen im Hafen La Savina verwalten.</p>
<p><strong>MARINA LA SAVINA</strong></p>
<p>Auf dem westlichen Steg gelegen</p>
<p>Breitengrad: 38º 44’ 1&#8243; N Längengrad: 01º 24’ 9&#8243; E</p>
<p><a href="https://marinalasavina.com/">www.marinalasavina.com</a></p>
<p>Telefon +34 971 105 533 | info@marinalasavina.com</p>
<p><strong>PORT FORMENTERA MARINA</strong></p>
<p>Auf dem östlichen Steg gelegen</p>
<p>Breitengrad: 38º 44’ 00&#8243; N Längengrad: 01º 25’ 01&#8243; O</p>
<p><a href="https://www.portformentera.com/">www.portformentera.com</a></p>
<p>Telefon +34 971 370 053 | Email: capitania@portformentera.com</p>
<p><strong><b>AUF POSIDONIA-SEEGRAS ANKERN</b></strong></p>
<p>Angesichts des Weltnaturerbes, welches die Posidonia-Seegraswiesen darstellen, sowie der Notwendigkeit, diese zu erhalten, wurde das Ankern von Schiffen auf Posidonia-Seegraswiesen geregelt. Für nähere Informationen besuchen Sie die Website :<a href="http://www.portsib.es">www.portsib.es</a></p>
<p><strong><b>REGATTEN AUF FORMENTERA</b></strong></p>
<p>Derzeit nehmen mehrere Regatten Kurs auf Formentera, die von verschiedenen Ausgangspunkten aus starten, wie Torrevieja (Regata Estrella Levante), Sitges (Regata Ophiusa), Calpe (Regata Peñón de Ifach) und Mallorca (Regata Palma-Formentera-Palma Memorial Pepe Bellver).[/vc_column_text][/vc_column][vc_column width=&#8220;1/3&#8243;][vc_wp_custommenu nav_menu=&#8220;20&#8243; title=&#8220;Planifica tu viaje&#8220;][vc_column_text]<div id="sidebar_ficha"><a class="sidebar_breadcrumbs" href="https://www.formentera.es/de/planen/"><i class="fa fa-angle-left"></i>Zurück zu Planen</a><div class="content_sidebar"><div class="bloc_share"><div class="blocs1"><div class="tit_medium">Teilen
übersetzungen</div><div class="redes_ficha"><div class="fa fa-brands fa-x-twitter st-custom-button" data-network="twitter"></div><div class="fa fa-facebook st-custom-button" data-network="facebook"></div><div class="fa fa-pinterest-p st-custom-button" data-network="pinterest"></div></div></div><div class="blocs2"><div class="tit_medium">An einen Freund senden</div><div class="redes_ficha"><div class="fa fa-envelope st-custom-button" data-network="email"></div><div class="fa fa-whatsapp st-custom-button" data-network="whatsapp"></div></div></div></div></div></div>[/vc_column_text][/vc_column][/vc_row][vc_row][vc_column][vc_column_text]<div id="siguexpl" class="container sc"><h2>Erforschen Sie weiter</h2><div class="row"><a href="https://www.formentera.es/de/erkunden/straende/" class="col-md-4">
						<div class="row">
							<div class="col-sm-4" style="background-image: url(https://www.formentera.es/wp-content/uploads/2025/07/illetas2025-300x225.webp)"></div>
							<div class="col-sm-8">
								Strände
								<i class="fa fa-angle-right"></i>
							</div>
							<div class="bhover"></div>
						</div>
						
					</a><a href="https://www.formentera.es/de/die-insel/" class="col-md-4">
						<div class="row">
							<div class="col-sm-4" style="background-image: url(https://www.formentera.es/wp-content/uploads/2019/01/AdobeStock_68411178-300x179.jpg)"></div>
							<div class="col-sm-8">
								Die Insel
								<i class="fa fa-angle-right"></i>
							</div>
							<div class="bhover"></div>
						</div>
						
					</a><a href="https://www.formentera.es/de/erkunden/sehenswerte-orte/" class="col-md-4">
						<div class="row">
							<div class="col-sm-4" style="background-image: url(https://www.formentera.es/wp-content/uploads/2018/12/audio_16-mp3-image-300x297.png)"></div>
							<div class="col-sm-8">
								Sehenswerte Orte
								<i class="fa fa-angle-right"></i>
							</div>
							<div class="bhover"></div>
						</div>
						
					</a></div></div>[/vc_column_text][/vc_column][/vc_row]</p>
</div>

<!-- This site is optimized with the Yoast SEO plugin v25.5 - https://yoast.com/wordpress/plugins/seo/ -->
<title>Información de amarres y puertos de Formentera | Turismo de Formentera</title>
<meta name="description" content="Conoce el puerto de Formentera, La Savina. Todos los servicios con los que cuenta, además de los amarres disponibles y normas de uso." />
<meta name="robots" content="index, follow, max-snippet:-1, max-image-preview:large, max-video-preview:-1" />
<link rel="canonical" href="https://www.formentera.es/planifica/amarres-puertos/" />
<meta property="og:locale" content="de_DE" />
<meta property="og:type" content="article" />
<meta property="og:title" content="Información de amarres y puertos de Formentera | Turismo de Formentera" />
<meta property="og:description" content="Conoce el puerto de Formentera, La Savina. Todos los servicios con los que cuenta, además de los amarres disponibles y normas de uso." />
<meta property="og:url" content="https://www.formentera.es/planifica/amarres-puertos/" />
<meta property="og:site_name" content="Turismo de Formentera" />
<meta property="article:publisher" content="https://www.facebook.com/turismoformentera/" />
<meta property="article:modified_time" content="2023-07-03T07:59:45+00:00" />
<meta name="twitter:card" content="summary_large_image" />
<meta name="twitter:site" content="@visitformentera" />
<meta name="twitter:label1" content="Geschätzte Lesezeit" />
	<meta name="twitter:data1" content="1 Minute" />
<script type="application/ld+json" class="yoast-schema-graph">{"@context":"https://schema.org","@graph":[{"@type":"WebPage","@id":"https://www.formentera.es/planifica/amarres-puertos/","url":"https://www.formentera.es/planifica/amarres-puertos/","name":"Información de amarres y puertos de Formentera | Turismo de Formentera","isPartOf":{"@id":"https://www.formentera.es/#website"},"datePublished":"2018-12-12T09:42:58+00:00","dateModified":"2023-07-03T07:59:45+00:00","description":"Conoce el puerto de Formentera, La Savina. Todos los servicios con los que cuenta, además de los amarres disponibles y normas de uso.","breadcrumb":{"@id":"https://www.formentera.es/planifica/amarres-puertos/#breadcrumb"},"inLanguage":"de","potentialAction":[{"@type":"ReadAction","target":["https://www.formentera.es/planifica/amarres-puertos/"]}]},{"@type":"BreadcrumbList","@id":"https://www.formentera.es/planifica/amarres-puertos/#breadcrumb","itemListElement":[{"@type":"ListItem","position":1,"name":"Portada","item":"https://www.formentera.es/de/"},{"@type":"ListItem","position":2,"name":"Planen","item":"https://www.formentera.es/de/planen/"},{"@type":"ListItem","position":3,"name":"Anlegestellen"}]},{"@type":"WebSite","@id":"https://www.formentera.es/#website","url":"https://www.formentera.es/","name":"Turismo de Formentera","description":"Web oficial de Turismo de Formentera","potentialAction":[{"@type":"SearchAction","target":{"@type":"EntryPoint","urlTemplate":"https://www.formentera.es/?s={search_term_string}"},"query-input":{"@type":"PropertyValueSpecification","valueRequired":true,"valueName":"search_term_string"}}],"inLanguage":"de"}]}</script>
<!-- / Yoast SEO plugin. -->

Información de amarres y puertos de Formentera | Turismo de Formentera

Conoce el puerto de Formentera, La Savina. Todos los servicios con los que cuenta, además de los amarres disponibles y normas de uso.
