{"id":24179,"date":"2024-06-10T09:22:50","date_gmt":"2024-06-10T07:22:50","guid":{"rendered":"https:\/\/www.formentera.es\/die-insel\/webcams2\/"},"modified":"2025-03-10T17:57:26","modified_gmt":"2025-03-10T16:57:26","slug":"webcams","status":"publish","type":"page","link":"https:\/\/www.formentera.es\/de\/die-insel\/webcams\/","title":{"rendered":"Webcams"},"content":{"rendered":"<div class=\"wpb-content-wrapper\"><p>[vc_row][vc_column][vc_custom_heading source=&#8220;post_title&#8220; font_container=&#8220;tag:h1|text_align:center|color:%232e3a6e&#8220; use_theme_fonts=&#8220;yes&#8220; css=&#8220;.vc_custom_1650438688747{padding-top: 40px !important;padding-bottom: 40px !important;}&#8220;][\/vc_column][\/vc_row][vc_row css=&#8220;.vc_custom_1718005420545{padding-top: 30px !important;padding-bottom: 30px !important;}&#8220;][vc_column width=&#8220;1\/4&#8243;][vc_column_text]<\/p>\n<h2>Es Cal\u00f3<\/h2>\n<p>Blick von den Fischerh\u00fctten im Dorf Es Cal\u00f3. Von hier aus k\u00f6nnen Sie das t\u00fcrkisfarbene Wasser der Insel Formentera sehen.[\/vc_column_text][\/vc_column][vc_column width=&#8220;3\/4&#8243;][vc_raw_html]JTNDaWZyYW1lJTIwd2lkdGglM0QlMjI2NDAlMjIlMjBoZWlnaHQlM0QlMjI0ODAlMjIlMjBzcmMlM0QlMjJodHRwcyUzQSUyRiUyRnJ0c3AubWUlMkZlbWJlZCUyRjNpckZLZDJoJTJGJTIyJTIwZnJhbWVib3JkZXIlM0QlMjIwJTIyJTIwdGl0bGUlM0QlMjJFcyUyMENhbCVDMyVCMyUyMiUyMGFsbG93ZnVsbHNjcmVlbiUzRSUzQyUyRmlmcmFtZSUzRQ==[\/vc_raw_html][\/vc_column][\/vc_row][vc_row css=&#8220;.vc_custom_1718005420545{padding-top: 30px !important;padding-bottom: 30px !important;}&#8220;][vc_column width=&#8220;1\/4&#8243;][vc_column_text]<\/p>\n<h2>Sant Francesc<\/h2>\n<p>Blick auf Sant Francesc Xavier, die Hauptstadt von Formentera und Hauptstadt der Insel. Hier sehen wir den Platz und die Pfarrkirche.[\/vc_column_text][\/vc_column][vc_column width=&#8220;3\/4&#8243;][vc_raw_html]JTNDaWZyYW1lJTIwd2lkdGglM0QlMjI2NDAlMjIlMjBoZWlnaHQlM0QlMjI0ODAlMjIlMjBzcmMlM0QlMjJodHRwcyUzQSUyRiUyRnJ0c3AubWUlMkZlbWJlZCUyRmlTWlFCUlRyJTJGJTIyJTIwZnJhbWVib3JkZXIlM0QlMjIwJTIyJTIwdGl0bGUlM0QlMjJTYW50JTIwRnJhbmNlc2MlMjIlMjBhbGxvd2Z1bGxzY3JlZW4lM0UlM0MlMkZpZnJhbWUlM0UlMjA=[\/vc_raw_html][\/vc_column][\/vc_row][vc_row css=&#8220;.vc_custom_1718005420545{padding-top: 30px !important;padding-bottom: 30px !important;}&#8220;][vc_column width=&#8220;1\/4&#8243;][vc_column_text]<\/p>\n<h2>Estany des Peix<\/h2>\n<p>Blick von der Segelschule auf die Estany des Peix, eine kleine Lagune westlich des Hafens von La Savina[\/vc_column_text][\/vc_column][vc_column width=&#8220;3\/4&#8243;][vc_raw_html]JTNDaWZyYW1lJTIwd2lkdGglM0QlMjI2NDAlMjIlMjBoZWlnaHQlM0QlMjI0ODAlMjIlMjBzcmMlM0QlMjJodHRwcyUzQSUyRiUyRnJ0c3AubWUlMkZlbWJlZCUyRnlSc3M0NTM3JTJGJTIyJTIwZnJhbWVib3JkZXIlM0QlMjIwJTIyJTIwdGl0bGUlM0QlMjJFc3RhbnklMjIlMjBhbGxvd2Z1bGxzY3JlZW4lM0UlM0MlMkZpZnJhbWUlM0U=[\/vc_raw_html][\/vc_column][\/vc_row][vc_row disable_element=&#8220;yes&#8220; css=&#8220;.vc_custom_1729597768067{padding-top: 30px !important;padding-bottom: 30px !important;}&#8220;][vc_column width=&#8220;1\/4&#8243;][vc_column_text]<\/p>\n<h2>Leuchtturm la Mola<\/h2>\n<p>Blick vom Leuchtturm la Mola am Rande der Felsk\u00fcste, 120m \u00fcber dem Meeresspiegel, von dort aus kann man dann die Aussicht auf dem Leuchtturm und die sch\u00f6nen Sonnenaufg\u00e4nge genie\u00dfen.[\/vc_column_text][\/vc_column][vc_column width=&#8220;3\/4&#8243;][vc_raw_html]JTNDaWZyYW1lJTIwc3JjJTNEJTIyaHR0cHMlM0ElMkYlMkZ2LmFuZ2VsY2FtLmNvbSUyRmlmcmFtZSUzRnYlM0Qxbmw4NW9lbmwwJTI2YW1wJTNCYXV0b3BsYXklM0QwJTIyJTIwZnJhbWVib3JkZXIlM0QlMjIwJTIyJTIwd2Via2l0YWxsb3dmdWxsc2NyZWVuJTNEJTIydHJ1ZSUyMiUyMG1vemFsbG93ZnVsbHNjcmVlbiUzRCUyMnRydWUlMjIlMjBhbGxvd2Z1bGxzY3JlZW4lM0QlMjJ0cnVlJTIyJTNFJTNDJTJGaWZyYW1lJTNF[\/vc_raw_html][\/vc_column][\/vc_row]<\/p>\n<\/div>","protected":false},"excerpt":{"rendered":"<p>[vc_row][vc_column][vc_custom_heading source=&#8220;post_title&#8220; font_container=&#8220;tag:h1|text_align:center|color:%232e3a6e&#8220; use_theme_fonts=&#8220;yes&#8220; css=&#8220;.vc_custom_1650438688747{padding-top: 40px !important;padding-bottom: 40px !important;}&#8220;][\/vc_column][\/vc_row][vc_row css=&#8220;.vc_custom_1718005420545{padding-top: 30px !important;padding-bottom: 30px !important;}&#8220;][vc_column width=&#8220;1\/4&#8243;][vc_column_text] [&hellip;]<\/p>\n","protected":false},"author":1,"featured_media":0,"parent":6901,"menu_order":0,"comment_status":"closed","ping_status":"closed","template":"page-gen.php","meta":{"_acf_changed":false,"footnotes":""},"categories":[],"class_list":["post-24179","page","type-page","status-publish","hentry"],"acf":[],"yoast_head":"<!-- This site is optimized with the Yoast SEO plugin v25.5 - https:\/\/yoast.com\/wordpress\/plugins\/seo\/ -->\n<title>Webcams | Turismo de Formentera<\/title>\n<meta name=\"robots\" content=\"index, follow, max-snippet:-1, max-image-preview:large, max-video-preview:-1\" \/>\n<link rel=\"canonical\" href=\"https:\/\/www.formentera.es\/die-insel\/webcams\/\" \/>\n<meta property=\"og:locale\" content=\"de_DE\" \/>\n<meta property=\"og:type\" content=\"article\" \/>\n<meta property=\"og:title\" content=\"Webcams | Turismo de Formentera\" \/>\n<meta property=\"og:description\" content=\"[vc_row][vc_column][vc_custom_heading source=&#8220;post_title&#8220; font_container=&#8220;tag:h1|text_align:center|color:%232e3a6e&#8220; use_theme_fonts=&#8220;yes&#8220; css=&#8220;.vc_custom_1650438688747{padding-top: 40px !important;padding-bottom: 40px !important;}&#8220;][\/vc_column][\/vc_row][vc_row css=&#8220;.vc_custom_1718005420545{padding-top: 30px !important;padding-bottom: 30px !important;}&#8220;][vc_column width=&#8220;1\/4&#8243;][vc_column_text] [&hellip;]\" \/>\n<meta property=\"og:url\" content=\"https:\/\/www.formentera.es\/die-insel\/webcams\/\" \/>\n<meta property=\"og:site_name\" content=\"Turismo de Formentera\" \/>\n<meta property=\"article:publisher\" content=\"https:\/\/www.facebook.com\/turismoformentera\/\" \/>\n<meta property=\"article:modified_time\" content=\"2025-03-10T16:57:26+00:00\" \/>\n<meta name=\"twitter:card\" content=\"summary_large_image\" \/>\n<meta name=\"twitter:site\" content=\"@visitformentera\" \/>\n<meta name=\"twitter:label1\" content=\"Gesch\u00e4tzte Lesezeit\" \/>\n\t<meta name=\"twitter:data1\" content=\"2\u00a0Minuten\" \/>\n<script type=\"application\/ld+json\" class=\"yoast-schema-graph\">{\"@context\":\"https:\/\/schema.org\",\"@graph\":[{\"@type\":\"WebPage\",\"@id\":\"https:\/\/www.formentera.es\/die-insel\/webcams\/\",\"url\":\"https:\/\/www.formentera.es\/die-insel\/webcams\/\",\"name\":\"Webcams | Turismo de Formentera\",\"isPartOf\":{\"@id\":\"https:\/\/www.formentera.es\/#website\"},\"datePublished\":\"2024-06-10T07:22:50+00:00\",\"dateModified\":\"2025-03-10T16:57:26+00:00\",\"breadcrumb\":{\"@id\":\"https:\/\/www.formentera.es\/die-insel\/webcams\/#breadcrumb\"},\"inLanguage\":\"de\",\"potentialAction\":[{\"@type\":\"ReadAction\",\"target\":[\"https:\/\/www.formentera.es\/die-insel\/webcams\/\"]}]},{\"@type\":\"BreadcrumbList\",\"@id\":\"https:\/\/www.formentera.es\/die-insel\/webcams\/#breadcrumb\",\"itemListElement\":[{\"@type\":\"ListItem\",\"position\":1,\"name\":\"Portada\",\"item\":\"https:\/\/www.formentera.es\/de\/\"},{\"@type\":\"ListItem\",\"position\":2,\"name\":\"Die Insel\",\"item\":\"https:\/\/www.formentera.es\/die-insel\/\"},{\"@type\":\"ListItem\",\"position\":3,\"name\":\"Webcams\"}]},{\"@type\":\"WebSite\",\"@id\":\"https:\/\/www.formentera.es\/#website\",\"url\":\"https:\/\/www.formentera.es\/\",\"name\":\"Turismo de Formentera\",\"description\":\"Web oficial de Turismo de Formentera\",\"potentialAction\":[{\"@type\":\"SearchAction\",\"target\":{\"@type\":\"EntryPoint\",\"urlTemplate\":\"https:\/\/www.formentera.es\/?s={search_term_string}\"},\"query-input\":{\"@type\":\"PropertyValueSpecification\",\"valueRequired\":true,\"valueName\":\"search_term_string\"}}],\"inLanguage\":\"de\"}]}<\/script>\n<!-- \/ Yoast SEO plugin. -->","yoast_head_json":{"title":"Webcams | Turismo de Formentera","robots":{"index":"index","follow":"follow","max-snippet":"max-snippet:-1","max-image-preview":"max-image-preview:large","max-video-preview":"max-video-preview:-1"},"canonical":"https:\/\/www.formentera.es\/die-insel\/webcams\/","og_locale":"de_DE","og_type":"article","og_title":"Webcams | Turismo de Formentera","og_description":"[vc_row][vc_column][vc_custom_heading source=&#8220;post_title&#8220; font_container=&#8220;tag:h1|text_align:center|color:%232e3a6e&#8220; use_theme_fonts=&#8220;yes&#8220; css=&#8220;.vc_custom_1650438688747{padding-top: 40px !important;padding-bottom: 40px !important;}&#8220;][\/vc_column][\/vc_row][vc_row css=&#8220;.vc_custom_1718005420545{padding-top: 30px !important;padding-bottom: 30px !important;}&#8220;][vc_column width=&#8220;1\/4&#8243;][vc_column_text] [&hellip;]","og_url":"https:\/\/www.formentera.es\/die-insel\/webcams\/","og_site_name":"Turismo de Formentera","article_publisher":"https:\/\/www.facebook.com\/turismoformentera\/","article_modified_time":"2025-03-10T16:57:26+00:00","twitter_card":"summary_large_image","twitter_site":"@visitformentera","twitter_misc":{"Gesch\u00e4tzte Lesezeit":"2\u00a0Minuten"},"schema":{"@context":"https:\/\/schema.org","@graph":[{"@type":"WebPage","@id":"https:\/\/www.formentera.es\/die-insel\/webcams\/","url":"https:\/\/www.formentera.es\/die-insel\/webcams\/","name":"Webcams | Turismo de Formentera","isPartOf":{"@id":"https:\/\/www.formentera.es\/#website"},"datePublished":"2024-06-10T07:22:50+00:00","dateModified":"2025-03-10T16:57:26+00:00","breadcrumb":{"@id":"https:\/\/www.formentera.es\/die-insel\/webcams\/#breadcrumb"},"inLanguage":"de","potentialAction":[{"@type":"ReadAction","target":["https:\/\/www.formentera.es\/die-insel\/webcams\/"]}]},{"@type":"BreadcrumbList","@id":"https:\/\/www.formentera.es\/die-insel\/webcams\/#breadcrumb","itemListElement":[{"@type":"ListItem","position":1,"name":"Portada","item":"https:\/\/www.formentera.es\/de\/"},{"@type":"ListItem","position":2,"name":"Die Insel","item":"https:\/\/www.formentera.es\/die-insel\/"},{"@type":"ListItem","position":3,"name":"Webcams"}]},{"@type":"WebSite","@id":"https:\/\/www.formentera.es\/#website","url":"https:\/\/www.formentera.es\/","name":"Turismo de Formentera","description":"Web oficial de Turismo de Formentera","potentialAction":[{"@type":"SearchAction","target":{"@type":"EntryPoint","urlTemplate":"https:\/\/www.formentera.es\/?s={search_term_string}"},"query-input":{"@type":"PropertyValueSpecification","valueRequired":true,"valueName":"search_term_string"}}],"inLanguage":"de"}]}},"_links":{"self":[{"href":"https:\/\/www.formentera.es\/de\/wp-json\/wp\/v2\/pages\/24179","targetHints":{"allow":["GET"]}}],"collection":[{"href":"https:\/\/www.formentera.es\/de\/wp-json\/wp\/v2\/pages"}],"about":[{"href":"https:\/\/www.formentera.es\/de\/wp-json\/wp\/v2\/types\/page"}],"author":[{"embeddable":true,"href":"https:\/\/www.formentera.es\/de\/wp-json\/wp\/v2\/users\/1"}],"replies":[{"embeddable":true,"href":"https:\/\/www.formentera.es\/de\/wp-json\/wp\/v2\/comments?post=24179"}],"version-history":[{"count":0,"href":"https:\/\/www.formentera.es\/de\/wp-json\/wp\/v2\/pages\/24179\/revisions"}],"up":[{"embeddable":true,"href":"https:\/\/www.formentera.es\/de\/wp-json\/wp\/v2\/pages\/6901"}],"wp:attachment":[{"href":"https:\/\/www.formentera.es\/de\/wp-json\/wp\/v2\/media?parent=24179"}],"wp:term":[{"taxonomy":"category","embeddable":true,"href":"https:\/\/www.formentera.es\/de\/wp-json\/wp\/v2\/categories?post=24179"}],"curies":[{"name":"wp","href":"https:\/\/api.w.org\/{rel}","templated":true}]}}

<div class="wpb-content-wrapper"><p>[vc_row][vc_column][vc_custom_heading source=&#8220;post_title&#8220; font_container=&#8220;tag:h1|text_align:center|color:%232e3a6e&#8220; use_theme_fonts=&#8220;yes&#8220; css=&#8220;.vc_custom_1650438688747{padding-top: 40px !important;padding-bottom: 40px !important;}&#8220;][/vc_column][/vc_row][vc_row css=&#8220;.vc_custom_1718005420545{padding-top: 30px !important;padding-bottom: 30px !important;}&#8220;][vc_column width=&#8220;1/4&#8243;][vc_column_text]</p>
<h2>Es Caló</h2>
<p>Blick von den Fischerhütten im Dorf Es Caló. Von hier aus können Sie das türkisfarbene Wasser der Insel Formentera sehen.[/vc_column_text][/vc_column][vc_column width=&#8220;3/4&#8243;][vc_raw_html]JTNDaWZyYW1lJTIwd2lkdGglM0QlMjI2NDAlMjIlMjBoZWlnaHQlM0QlMjI0ODAlMjIlMjBzcmMlM0QlMjJodHRwcyUzQSUyRiUyRnJ0c3AubWUlMkZlbWJlZCUyRjNpckZLZDJoJTJGJTIyJTIwZnJhbWVib3JkZXIlM0QlMjIwJTIyJTIwdGl0bGUlM0QlMjJFcyUyMENhbCVDMyVCMyUyMiUyMGFsbG93ZnVsbHNjcmVlbiUzRSUzQyUyRmlmcmFtZSUzRQ==[/vc_raw_html][/vc_column][/vc_row][vc_row css=&#8220;.vc_custom_1718005420545{padding-top: 30px !important;padding-bottom: 30px !important;}&#8220;][vc_column width=&#8220;1/4&#8243;][vc_column_text]</p>
<h2>Sant Francesc</h2>
<p>Blick auf Sant Francesc Xavier, die Hauptstadt von Formentera und Hauptstadt der Insel. Hier sehen wir den Platz und die Pfarrkirche.[/vc_column_text][/vc_column][vc_column width=&#8220;3/4&#8243;][vc_raw_html]JTNDaWZyYW1lJTIwd2lkdGglM0QlMjI2NDAlMjIlMjBoZWlnaHQlM0QlMjI0ODAlMjIlMjBzcmMlM0QlMjJodHRwcyUzQSUyRiUyRnJ0c3AubWUlMkZlbWJlZCUyRmlTWlFCUlRyJTJGJTIyJTIwZnJhbWVib3JkZXIlM0QlMjIwJTIyJTIwdGl0bGUlM0QlMjJTYW50JTIwRnJhbmNlc2MlMjIlMjBhbGxvd2Z1bGxzY3JlZW4lM0UlM0MlMkZpZnJhbWUlM0UlMjA=[/vc_raw_html][/vc_column][/vc_row][vc_row css=&#8220;.vc_custom_1718005420545{padding-top: 30px !important;padding-bottom: 30px !important;}&#8220;][vc_column width=&#8220;1/4&#8243;][vc_column_text]</p>
<h2>Estany des Peix</h2>
<p>Blick von der Segelschule auf die Estany des Peix, eine kleine Lagune westlich des Hafens von La Savina[/vc_column_text][/vc_column][vc_column width=&#8220;3/4&#8243;][vc_raw_html]JTNDaWZyYW1lJTIwd2lkdGglM0QlMjI2NDAlMjIlMjBoZWlnaHQlM0QlMjI0ODAlMjIlMjBzcmMlM0QlMjJodHRwcyUzQSUyRiUyRnJ0c3AubWUlMkZlbWJlZCUyRnlSc3M0NTM3JTJGJTIyJTIwZnJhbWVib3JkZXIlM0QlMjIwJTIyJTIwdGl0bGUlM0QlMjJFc3RhbnklMjIlMjBhbGxvd2Z1bGxzY3JlZW4lM0UlM0MlMkZpZnJhbWUlM0U=[/vc_raw_html][/vc_column][/vc_row][vc_row disable_element=&#8220;yes&#8220; css=&#8220;.vc_custom_1729597768067{padding-top: 30px !important;padding-bottom: 30px !important;}&#8220;][vc_column width=&#8220;1/4&#8243;][vc_column_text]</p>
<h2>Leuchtturm la Mola</h2>
<p>Blick vom Leuchtturm la Mola am Rande der Felsküste, 120m über dem Meeresspiegel, von dort aus kann man dann die Aussicht auf dem Leuchtturm und die schönen Sonnenaufgänge genießen.[/vc_column_text][/vc_column][vc_column width=&#8220;3/4&#8243;][vc_raw_html]JTNDaWZyYW1lJTIwc3JjJTNEJTIyaHR0cHMlM0ElMkYlMkZ2LmFuZ2VsY2FtLmNvbSUyRmlmcmFtZSUzRnYlM0Qxbmw4NW9lbmwwJTI2YW1wJTNCYXV0b3BsYXklM0QwJTIyJTIwZnJhbWVib3JkZXIlM0QlMjIwJTIyJTIwd2Via2l0YWxsb3dmdWxsc2NyZWVuJTNEJTIydHJ1ZSUyMiUyMG1vemFsbG93ZnVsbHNjcmVlbiUzRCUyMnRydWUlMjIlMjBhbGxvd2Z1bGxzY3JlZW4lM0QlMjJ0cnVlJTIyJTNFJTNDJTJGaWZyYW1lJTNF[/vc_raw_html][/vc_column][/vc_row]</p>
</div>

<!-- This site is optimized with the Yoast SEO plugin v25.5 - https://yoast.com/wordpress/plugins/seo/ -->
<title>Webcams | Turismo de Formentera</title>
<meta name="robots" content="index, follow, max-snippet:-1, max-image-preview:large, max-video-preview:-1" />
<link rel="canonical" href="https://www.formentera.es/die-insel/webcams/" />
<meta property="og:locale" content="de_DE" />
<meta property="og:type" content="article" />
<meta property="og:title" content="Webcams | Turismo de Formentera" />
<meta property="og:description" content="[vc_row][vc_column][vc_custom_heading source=&#8220;post_title&#8220; font_container=&#8220;tag:h1|text_align:center|color:%232e3a6e&#8220; use_theme_fonts=&#8220;yes&#8220; css=&#8220;.vc_custom_1650438688747{padding-top: 40px !important;padding-bottom: 40px !important;}&#8220;][/vc_column][/vc_row][vc_row css=&#8220;.vc_custom_1718005420545{padding-top: 30px !important;padding-bottom: 30px !important;}&#8220;][vc_column width=&#8220;1/4&#8243;][vc_column_text] [&hellip;]" />
<meta property="og:url" content="https://www.formentera.es/die-insel/webcams/" />
<meta property="og:site_name" content="Turismo de Formentera" />
<meta property="article:publisher" content="https://www.facebook.com/turismoformentera/" />
<meta property="article:modified_time" content="2025-03-10T16:57:26+00:00" />
<meta name="twitter:card" content="summary_large_image" />
<meta name="twitter:site" content="@visitformentera" />
<meta name="twitter:label1" content="Geschätzte Lesezeit" />
	<meta name="twitter:data1" content="2 Minuten" />
<script type="application/ld+json" class="yoast-schema-graph">{"@context":"https://schema.org","@graph":[{"@type":"WebPage","@id":"https://www.formentera.es/die-insel/webcams/","url":"https://www.formentera.es/die-insel/webcams/","name":"Webcams | Turismo de Formentera","isPartOf":{"@id":"https://www.formentera.es/#website"},"datePublished":"2024-06-10T07:22:50+00:00","dateModified":"2025-03-10T16:57:26+00:00","breadcrumb":{"@id":"https://www.formentera.es/die-insel/webcams/#breadcrumb"},"inLanguage":"de","potentialAction":[{"@type":"ReadAction","target":["https://www.formentera.es/die-insel/webcams/"]}]},{"@type":"BreadcrumbList","@id":"https://www.formentera.es/die-insel/webcams/#breadcrumb","itemListElement":[{"@type":"ListItem","position":1,"name":"Portada","item":"https://www.formentera.es/de/"},{"@type":"ListItem","position":2,"name":"Die Insel","item":"https://www.formentera.es/die-insel/"},{"@type":"ListItem","position":3,"name":"Webcams"}]},{"@type":"WebSite","@id":"https://www.formentera.es/#website","url":"https://www.formentera.es/","name":"Turismo de Formentera","description":"Web oficial de Turismo de Formentera","potentialAction":[{"@type":"SearchAction","target":{"@type":"EntryPoint","urlTemplate":"https://www.formentera.es/?s={search_term_string}"},"query-input":{"@type":"PropertyValueSpecification","valueRequired":true,"valueName":"search_term_string"}}],"inLanguage":"de"}]}</script>
<!-- / Yoast SEO plugin. -->
