{"id":2651,"date":"2019-01-16T14:12:38","date_gmt":"2019-01-16T16:12:38","guid":{"rendered":"https:\/\/www.formentera.es\/aviso-legal\/"},"modified":"2022-04-20T12:38:39","modified_gmt":"2022-04-20T10:38:39","slug":"aviso-legal","status":"publish","type":"page","link":"https:\/\/www.formentera.es\/ca\/aviso-legal\/","title":{"rendered":"Av\u00eds legal"},"content":{"rendered":"<div class=\"wpb-content-wrapper\"><p>[vc_row css=&#8221;.vc_custom_1548245412470{padding-top: 40px !important;}&#8221;][vc_column][vc_custom_heading source=&#8221;post_title&#8221; font_container=&#8221;tag:h1|text_align:center|color:%232e3a6e&#8221; use_theme_fonts=&#8221;yes&#8221;][\/vc_column][\/vc_row][vc_row][vc_column][vc_column_text css=&#8221;.vc_custom_1548255173255{padding-top: 40px !important;padding-bottom: 40px !important;}&#8221;]<\/p>\n<div class=\"text-wrap tlid-copy-target\">\n<div class=\"result-shield-container tlid-copy-target\">\n<p><span class=\"tlid-translation translation\">Les p\u00e0gines d&#8217;Internet de www.formentera.es poden contenir enlla\u00e7os (links) a altres p\u00e0gines de terceres parts que www.formentera.es no pot controlar. Per tant, www.formentera.es no pot assumir responsabilitats pel contingut que pugui apar\u00e8ixer en p\u00e0gines de tercers.<\/span><\/p>\n<p>Els textos, imatges, sons, animacions, programari i la resta de continguts inclosos en aquest website s\u00f3n propietat exclusiva de www.formentera.es o els seus llicenciants. Qualsevol acte de transmissi\u00f3, distribuci\u00f3, cessi\u00f3, reproducci\u00f3, emmagatzematge o comunicaci\u00f3 p\u00fablica total o parcial, ha de comptar amb el consentiment expr\u00e9s de www.formentera.es<\/p>\n<p>Aix\u00ed mateix, per accedir a alguns dels serveis que www.formentera.es.com ofereix a trav\u00e9s del website haur\u00e0 de proporcionar algunes dades de car\u00e0cter personal. En compliment del que estableix el Reglament (UE) 2016\/679 del Parlament Europeu i del Consell, de 27 d&#8217;abril de 2016, relatiu a la protecci\u00f3 de les persones f\u00edsiques pel que fa al tractament de dades personals ia la lliure circulaci\u00f3 de aquestes dades li informem que, mitjan\u00e7ant la complementaci\u00f3 dels presents formularis, les seves dades personals quedaran incorporades i seran tractades als fitxers de www.formentera.es per tal de poder-li prestar i oferir els nostres serveis aix\u00ed com per informar de les millores del lloc web. Aix\u00ed mateix, l&#8217;informem de la possibilitat d&#8217;exercir els drets d&#8217;acc\u00e9s, rectificaci\u00f3, cancel\u00b7laci\u00f3 i oposici\u00f3 de les seves dades de car\u00e0cter personal, manera gratu\u00efta mitjan\u00e7ant correu electr\u00f2nic a turisme@formentera.es oa l&#8217;adre\u00e7a Pla\u00e7a de la Constituci\u00f3, 1, 07860 Sant Francesc Xavier, Illes Balears.<\/p>\n<\/div>\n<\/div>\n<div class=\"tlid-result-transliteration-container result-transliteration-container transliteration-container\">\n<div class=\"tlid-transliteration-content transliteration-content full\"><\/div>\n<\/div>\n<p>[\/vc_column_text][\/vc_column][\/vc_row]<\/p>\n<\/div>","protected":false},"excerpt":{"rendered":"<p>[vc_row css=&#8221;.vc_custom_1548245412470{padding-top: 40px !important;}&#8221;][vc_column][vc_custom_heading source=&#8221;post_title&#8221; font_container=&#8221;tag:h1|text_align:center|color:%232e3a6e&#8221; use_theme_fonts=&#8221;yes&#8221;][\/vc_column][\/vc_row][vc_row][vc_column][vc_column_text css=&#8221;.vc_custom_1548255173255{padding-top: 40px !important;padding-bottom: 40px !important;}&#8221;] Les p\u00e0gines d&#8217;Internet [&hellip;]<\/p>\n","protected":false},"author":1,"featured_media":0,"parent":0,"menu_order":0,"comment_status":"closed","ping_status":"closed","template":"page-gen.php","meta":{"_acf_changed":false,"footnotes":""},"categories":[],"class_list":["post-2651","page","type-page","status-publish","hentry"],"acf":[],"yoast_head":"<!-- This site is optimized with the Yoast SEO plugin v25.5 - https:\/\/yoast.com\/wordpress\/plugins\/seo\/ -->\n<title>Av\u00eds legal | Turismo de Formentera<\/title>\n<meta name=\"robots\" content=\"index, follow, max-snippet:-1, max-image-preview:large, max-video-preview:-1\" \/>\n<link rel=\"canonical\" href=\"https:\/\/www.formentera.es\/ca\/aviso-legal\/\" \/>\n<meta property=\"og:locale\" content=\"ca_ES\" \/>\n<meta property=\"og:type\" content=\"article\" \/>\n<meta property=\"og:title\" content=\"Av\u00eds legal | Turismo de Formentera\" \/>\n<meta property=\"og:description\" content=\"[vc_row css=&#8221;.vc_custom_1548245412470{padding-top: 40px !important;}&#8221;][vc_column][vc_custom_heading source=&#8221;post_title&#8221; font_container=&#8221;tag:h1|text_align:center|color:%232e3a6e&#8221; use_theme_fonts=&#8221;yes&#8221;][\/vc_column][\/vc_row][vc_row][vc_column][vc_column_text css=&#8221;.vc_custom_1548255173255{padding-top: 40px !important;padding-bottom: 40px !important;}&#8221;] Les p\u00e0gines d&#8217;Internet [&hellip;]\" \/>\n<meta property=\"og:url\" content=\"https:\/\/www.formentera.es\/ca\/aviso-legal\/\" \/>\n<meta property=\"og:site_name\" content=\"Turismo de Formentera\" \/>\n<meta property=\"article:publisher\" content=\"https:\/\/www.facebook.com\/turismoformentera\/\" \/>\n<meta property=\"article:modified_time\" content=\"2022-04-20T10:38:39+00:00\" \/>\n<meta name=\"twitter:card\" content=\"summary_large_image\" \/>\n<meta name=\"twitter:site\" content=\"@visitformentera\" \/>\n<meta name=\"twitter:label1\" content=\"Temps estimat de lectura\" \/>\n\t<meta name=\"twitter:data1\" content=\"2 minuts\" \/>\n<script type=\"application\/ld+json\" class=\"yoast-schema-graph\">{\"@context\":\"https:\/\/schema.org\",\"@graph\":[{\"@type\":\"WebPage\",\"@id\":\"https:\/\/www.formentera.es\/ca\/aviso-legal\/\",\"url\":\"https:\/\/www.formentera.es\/ca\/aviso-legal\/\",\"name\":\"Av\u00eds legal | Turismo de Formentera\",\"isPartOf\":{\"@id\":\"https:\/\/www.formentera.es\/#website\"},\"datePublished\":\"2019-01-16T16:12:38+00:00\",\"dateModified\":\"2022-04-20T10:38:39+00:00\",\"breadcrumb\":{\"@id\":\"https:\/\/www.formentera.es\/ca\/aviso-legal\/#breadcrumb\"},\"inLanguage\":\"ca\",\"potentialAction\":[{\"@type\":\"ReadAction\",\"target\":[\"https:\/\/www.formentera.es\/ca\/aviso-legal\/\"]}]},{\"@type\":\"BreadcrumbList\",\"@id\":\"https:\/\/www.formentera.es\/ca\/aviso-legal\/#breadcrumb\",\"itemListElement\":[{\"@type\":\"ListItem\",\"position\":1,\"name\":\"Portada\",\"item\":\"https:\/\/www.formentera.es\/ca\/\"},{\"@type\":\"ListItem\",\"position\":2,\"name\":\"Av\u00eds legal\"}]},{\"@type\":\"WebSite\",\"@id\":\"https:\/\/www.formentera.es\/#website\",\"url\":\"https:\/\/www.formentera.es\/\",\"name\":\"Turismo de Formentera\",\"description\":\"Web oficial de Turismo de Formentera\",\"potentialAction\":[{\"@type\":\"SearchAction\",\"target\":{\"@type\":\"EntryPoint\",\"urlTemplate\":\"https:\/\/www.formentera.es\/?s={search_term_string}\"},\"query-input\":{\"@type\":\"PropertyValueSpecification\",\"valueRequired\":true,\"valueName\":\"search_term_string\"}}],\"inLanguage\":\"ca\"}]}<\/script>\n<!-- \/ Yoast SEO plugin. -->","yoast_head_json":{"title":"Av\u00eds legal | Turismo de Formentera","robots":{"index":"index","follow":"follow","max-snippet":"max-snippet:-1","max-image-preview":"max-image-preview:large","max-video-preview":"max-video-preview:-1"},"canonical":"https:\/\/www.formentera.es\/ca\/aviso-legal\/","og_locale":"ca_ES","og_type":"article","og_title":"Av\u00eds legal | Turismo de Formentera","og_description":"[vc_row css=&#8221;.vc_custom_1548245412470{padding-top: 40px !important;}&#8221;][vc_column][vc_custom_heading source=&#8221;post_title&#8221; font_container=&#8221;tag:h1|text_align:center|color:%232e3a6e&#8221; use_theme_fonts=&#8221;yes&#8221;][\/vc_column][\/vc_row][vc_row][vc_column][vc_column_text css=&#8221;.vc_custom_1548255173255{padding-top: 40px !important;padding-bottom: 40px !important;}&#8221;] Les p\u00e0gines d&#8217;Internet [&hellip;]","og_url":"https:\/\/www.formentera.es\/ca\/aviso-legal\/","og_site_name":"Turismo de Formentera","article_publisher":"https:\/\/www.facebook.com\/turismoformentera\/","article_modified_time":"2022-04-20T10:38:39+00:00","twitter_card":"summary_large_image","twitter_site":"@visitformentera","twitter_misc":{"Temps estimat de lectura":"2 minuts"},"schema":{"@context":"https:\/\/schema.org","@graph":[{"@type":"WebPage","@id":"https:\/\/www.formentera.es\/ca\/aviso-legal\/","url":"https:\/\/www.formentera.es\/ca\/aviso-legal\/","name":"Av\u00eds legal | Turismo de Formentera","isPartOf":{"@id":"https:\/\/www.formentera.es\/#website"},"datePublished":"2019-01-16T16:12:38+00:00","dateModified":"2022-04-20T10:38:39+00:00","breadcrumb":{"@id":"https:\/\/www.formentera.es\/ca\/aviso-legal\/#breadcrumb"},"inLanguage":"ca","potentialAction":[{"@type":"ReadAction","target":["https:\/\/www.formentera.es\/ca\/aviso-legal\/"]}]},{"@type":"BreadcrumbList","@id":"https:\/\/www.formentera.es\/ca\/aviso-legal\/#breadcrumb","itemListElement":[{"@type":"ListItem","position":1,"name":"Portada","item":"https:\/\/www.formentera.es\/ca\/"},{"@type":"ListItem","position":2,"name":"Av\u00eds legal"}]},{"@type":"WebSite","@id":"https:\/\/www.formentera.es\/#website","url":"https:\/\/www.formentera.es\/","name":"Turismo de Formentera","description":"Web oficial de Turismo de Formentera","potentialAction":[{"@type":"SearchAction","target":{"@type":"EntryPoint","urlTemplate":"https:\/\/www.formentera.es\/?s={search_term_string}"},"query-input":{"@type":"PropertyValueSpecification","valueRequired":true,"valueName":"search_term_string"}}],"inLanguage":"ca"}]}},"_links":{"self":[{"href":"https:\/\/www.formentera.es\/ca\/wp-json\/wp\/v2\/pages\/2651","targetHints":{"allow":["GET"]}}],"collection":[{"href":"https:\/\/www.formentera.es\/ca\/wp-json\/wp\/v2\/pages"}],"about":[{"href":"https:\/\/www.formentera.es\/ca\/wp-json\/wp\/v2\/types\/page"}],"author":[{"embeddable":true,"href":"https:\/\/www.formentera.es\/ca\/wp-json\/wp\/v2\/users\/1"}],"replies":[{"embeddable":true,"href":"https:\/\/www.formentera.es\/ca\/wp-json\/wp\/v2\/comments?post=2651"}],"version-history":[{"count":0,"href":"https:\/\/www.formentera.es\/ca\/wp-json\/wp\/v2\/pages\/2651\/revisions"}],"wp:attachment":[{"href":"https:\/\/www.formentera.es\/ca\/wp-json\/wp\/v2\/media?parent=2651"}],"wp:term":[{"taxonomy":"category","embeddable":true,"href":"https:\/\/www.formentera.es\/ca\/wp-json\/wp\/v2\/categories?post=2651"}],"curies":[{"name":"wp","href":"https:\/\/api.w.org\/{rel}","templated":true}]}}

Avís legal

<div class="wpb-content-wrapper"><p>[vc_row css=&#8221;.vc_custom_1548245412470{padding-top: 40px !important;}&#8221;][vc_column][vc_custom_heading source=&#8221;post_title&#8221; font_container=&#8221;tag:h1|text_align:center|color:%232e3a6e&#8221; use_theme_fonts=&#8221;yes&#8221;][/vc_column][/vc_row][vc_row][vc_column][vc_column_text css=&#8221;.vc_custom_1548255173255{padding-top: 40px !important;padding-bottom: 40px !important;}&#8221;]</p>
<div class="text-wrap tlid-copy-target">
<div class="result-shield-container tlid-copy-target">
<p><span class="tlid-translation translation">Les pàgines d&#8217;Internet de www.formentera.es poden contenir enllaços (links) a altres pàgines de terceres parts que www.formentera.es no pot controlar. Per tant, www.formentera.es no pot assumir responsabilitats pel contingut que pugui aparèixer en pàgines de tercers.</span></p>
<p>Els textos, imatges, sons, animacions, programari i la resta de continguts inclosos en aquest website són propietat exclusiva de www.formentera.es o els seus llicenciants. Qualsevol acte de transmissió, distribució, cessió, reproducció, emmagatzematge o comunicació pública total o parcial, ha de comptar amb el consentiment exprés de www.formentera.es</p>
<p>Així mateix, per accedir a alguns dels serveis que www.formentera.es.com ofereix a través del website haurà de proporcionar algunes dades de caràcter personal. En compliment del que estableix el Reglament (UE) 2016/679 del Parlament Europeu i del Consell, de 27 d&#8217;abril de 2016, relatiu a la protecció de les persones físiques pel que fa al tractament de dades personals ia la lliure circulació de aquestes dades li informem que, mitjançant la complementació dels presents formularis, les seves dades personals quedaran incorporades i seran tractades als fitxers de www.formentera.es per tal de poder-li prestar i oferir els nostres serveis així com per informar de les millores del lloc web. Així mateix, l&#8217;informem de la possibilitat d&#8217;exercir els drets d&#8217;accés, rectificació, cancel·lació i oposició de les seves dades de caràcter personal, manera gratuïta mitjançant correu electrònic a turisme@formentera.es oa l&#8217;adreça Plaça de la Constitució, 1, 07860 Sant Francesc Xavier, Illes Balears.</p>
</div>
</div>
<div class="tlid-result-transliteration-container result-transliteration-container transliteration-container">
<div class="tlid-transliteration-content transliteration-content full"></div>
</div>
<p>[/vc_column_text][/vc_column][/vc_row]</p>
</div>

<p>[vc_row css=&#8221;.vc_custom_1548245412470{padding-top: 40px !important;}&#8221;][vc_column][vc_custom_heading source=&#8221;post_title&#8221; font_container=&#8221;tag:h1|text_align:center|color:%232e3a6e&#8221; use_theme_fonts=&#8221;yes&#8221;][/vc_column][/vc_row][vc_row][vc_column][vc_column_text css=&#8221;.vc_custom_1548255173255{padding-top: 40px !important;padding-bottom: 40px !important;}&#8221;] Les pàgines d&#8217;Internet [&hellip;]</p>

<!-- This site is optimized with the Yoast SEO plugin v25.5 - https://yoast.com/wordpress/plugins/seo/ -->
<title>Avís legal | Turismo de Formentera</title>
<meta name="robots" content="index, follow, max-snippet:-1, max-image-preview:large, max-video-preview:-1" />
<link rel="canonical" href="https://www.formentera.es/ca/aviso-legal/" />
<meta property="og:locale" content="ca_ES" />
<meta property="og:type" content="article" />
<meta property="og:title" content="Avís legal | Turismo de Formentera" />
<meta property="og:description" content="[vc_row css=&#8221;.vc_custom_1548245412470{padding-top: 40px !important;}&#8221;][vc_column][vc_custom_heading source=&#8221;post_title&#8221; font_container=&#8221;tag:h1|text_align:center|color:%232e3a6e&#8221; use_theme_fonts=&#8221;yes&#8221;][/vc_column][/vc_row][vc_row][vc_column][vc_column_text css=&#8221;.vc_custom_1548255173255{padding-top: 40px !important;padding-bottom: 40px !important;}&#8221;] Les pàgines d&#8217;Internet [&hellip;]" />
<meta property="og:url" content="https://www.formentera.es/ca/aviso-legal/" />
<meta property="og:site_name" content="Turismo de Formentera" />
<meta property="article:publisher" content="https://www.facebook.com/turismoformentera/" />
<meta property="article:modified_time" content="2022-04-20T10:38:39+00:00" />
<meta name="twitter:card" content="summary_large_image" />
<meta name="twitter:site" content="@visitformentera" />
<meta name="twitter:label1" content="Temps estimat de lectura" />
	<meta name="twitter:data1" content="2 minuts" />
<script type="application/ld+json" class="yoast-schema-graph">{"@context":"https://schema.org","@graph":[{"@type":"WebPage","@id":"https://www.formentera.es/ca/aviso-legal/","url":"https://www.formentera.es/ca/aviso-legal/","name":"Avís legal | Turismo de Formentera","isPartOf":{"@id":"https://www.formentera.es/#website"},"datePublished":"2019-01-16T16:12:38+00:00","dateModified":"2022-04-20T10:38:39+00:00","breadcrumb":{"@id":"https://www.formentera.es/ca/aviso-legal/#breadcrumb"},"inLanguage":"ca","potentialAction":[{"@type":"ReadAction","target":["https://www.formentera.es/ca/aviso-legal/"]}]},{"@type":"BreadcrumbList","@id":"https://www.formentera.es/ca/aviso-legal/#breadcrumb","itemListElement":[{"@type":"ListItem","position":1,"name":"Portada","item":"https://www.formentera.es/ca/"},{"@type":"ListItem","position":2,"name":"Avís legal"}]},{"@type":"WebSite","@id":"https://www.formentera.es/#website","url":"https://www.formentera.es/","name":"Turismo de Formentera","description":"Web oficial de Turismo de Formentera","potentialAction":[{"@type":"SearchAction","target":{"@type":"EntryPoint","urlTemplate":"https://www.formentera.es/?s={search_term_string}"},"query-input":{"@type":"PropertyValueSpecification","valueRequired":true,"valueName":"search_term_string"}}],"inLanguage":"ca"}]}</script>
<!-- / Yoast SEO plugin. -->

Avís legal | Turismo de Formentera

[vc_row css=&#8221;.vc_custom_1548245412470{padding-top: 40px !important;}&#8221;][vc_column][vc_custom_heading source=&#8221;post_title&#8221; font_container=&#8221;tag:h1|text_align:center|color:%232e3a6e&#8221; use_theme_fonts=&#8221;yes&#8221;][/vc_column][/vc_row][vc_row][vc_column][vc_column_text css=&#8221;.vc_custom_1548255173255{padding-top: 40px !important;padding-bottom: 40px !important;}&#8221;] Les pàgines d&#8217;Internet [&hellip;]
